02-08 13:00:56.355 D/TetherController( 4150): Setting IP forward enable = 0
02-08 13:00:56.359 D/FirewallController( 4150): Could not read /proc/self/uid_map,
max uid defaulting to 4294967294
02-08 13:00:56.371 D/IptablesRestoreController( 4150): [iptables debug]iptables-
restore execute *filter
02-08 13:00:56.371 D/IptablesRestoreController( 4150): :INPUT -
02-08 13:00:56.371 D/IptablesRestoreController( 4150): -F INPUT
02-08 13:00:56.371 D/IptablesRestoreController( 4150): :bw_INPUT -
02-08 13:00:56.371 D/IptablesRestoreController( 4150): -A INPUT -j bw_INPUT
02-08 13:00:56.371 D/IptablesRestoreController( 4150): :fw_INPUT -
02-08 13:00:56.371 D/IptablesRestoreController( 4150): -A INPUT -j fw_INPUT
02-08 13:00:56.371 D/IptablesRestoreController( 4150): COMMIT
02-08 13:00:56.373 I/HidlServiceManagement( 4157): Registered
[email protected]::IAllocator/ashmem
02-08 13:00:56.373 I/HidlServiceManagement( 4157): Removing namespace from process
name [email protected] to [email protected].
02-08 13:00:56.394 D/IptablesRestoreController( 4150): [iptables debug]iptables-
restore execute done, res : 0
02-08 13:00:56.394 D/IptablesRestoreController( 4150): [iptables debug]iptables-
restore execute *filter
02-08 13:00:56.394 D/IptablesRestoreController( 4150): :FORWARD -
02-08 13:00:56.394 D/IptablesRestoreController( 4150): -F FORWARD
02-08 13:00:56.394 D/IptablesRestoreController( 4150): :oem_fwd -
02-08 13:00:56.394 D/IptablesRestoreController( 4150): -A FORWARD -j oem_fwd
02-08 13:00:56.394 D/IptablesRestoreController( 4150): :fw_FORWARD -
02-08 13:00:56.394 D/IptablesRestoreController( 4150): -A FORWARD -j fw_FORWARD
02-08 13:00:56.394 D/IptablesRestoreController( 4150): :bw_FORWARD -
02-08 13:00:56.394 D/IptablesRestoreController( 4150): -A FORWARD -j bw_FORWARD
02-08 13:00:56.394 D/IptablesRestoreController( 4150): :tetherctrl_FORWARD -
02-08 13:00:56.394 D/IptablesRestoreController( 4150): -A FORWARD -j
tetherctrl_FORWARD
02-08 13:00:56.394 D/IptablesRestoreController( 4150): COMMIT
02-08 13:00:56.396 D/IptablesRestoreController( 4150): [iptables debug]iptables-
restore execute done, res : 0
02-08 13:00:56.396 D/IptablesRestoreController( 4150): [iptables debug]iptables-
restore execute *raw
02-08 13:00:56.396 D/IptablesRestoreController( 4150): :PREROUTING -
02-08 13:00:56.396 D/IptablesRestoreController( 4150): -F PREROUTING
02-08 13:00:56.396 D/IptablesRestoreController( 4150): :clat_raw_PREROUTING -
02-08 13:00:56.396 D/IptablesRestoreController( 4150): -A PREROUTING -j
clat_raw_PREROUTING
02-08 13:00:56.396 D/IptablesRestoreController( 4150): :bw_raw_PREROUTING -
02-08 13:00:56.396 D/IptablesRestoreController( 4150): -A PREROUTING -j
bw_raw_PREROUTING
02-08 13:00:56.396 D/IptablesRestoreController( 4150): :idletimer_raw_PREROUTING -
02-08 13:00:56.396 D/IptablesRestoreController( 4150): -A PREROUTING -j
idletimer_raw_PREROUTING
02-08 13:00:56.396 D/IptablesRestoreController( 4150): :tetherctrl_raw_PREROUTING -
02-08 13:00:56.396 D/IptablesRestoreController( 4150): -A PREROUTING -j
tetherctrl_raw_PREROUTING
02-08 13:00:56.396 D/IptablesRestoreController( 4150): COMMIT
02-08 13:00:56.397 D/IptablesRestoreController( 4150): [iptables debug]iptables-
restore execute done, res : 0
02-08 13:00:56.398 D/IptablesRestoreController( 4150): [iptables debug]iptables-
restore execute *mangle
02-08 13:00:56.398 D/IptablesRestoreController( 4150): :FORWARD -
02-08 13:00:56.398 D/IptablesRestoreController( 4150): -F FORWARD
02-08 13:00:56.398 D/IptablesRestoreController( 4150): :tetherctrl_mangle_FORWARD -
02-08 13:00:56.398 D/IptablesRestoreController( 4150): -A FORWARD -j
tetherctrl_mangle_FORWARD
02-08 13:00:56.398 D/IptablesRestoreController( 4150): COMMIT
02-08 13:00:56.400 D/IptablesRestoreController( 4150): [iptables debug]iptables-
restore execute done, res : 0
02-08 13:00:56.400 D/IptablesRestoreController( 4150): [iptables debug]iptables-
restore execute *mangle
02-08 13:00:56.400 D/IptablesRestoreController( 4150): :INPUT -
02-08 13:00:56.400 D/IptablesRestoreController( 4150): -F INPUT
02-08 13:00:56.400 D/IptablesRestoreController( 4150): :wakeupctrl_mangle_INPUT -
02-08 13:00:56.400 D/IptablesRestoreController( 4150): -A INPUT -j
wakeupctrl_mangle_INPUT
02-08 13:00:56.400 D/IptablesRestoreController( 4150): :routectrl_mangle_INPUT -
02-08 13:00:56.400 D/IptablesRestoreController( 4150): -A INPUT -j
routectrl_mangle_INPUT
02-08 13:00:56.400 D/IptablesRestoreController( 4150): COMMIT
02-08 13:00:56.402 D/IptablesRestoreController( 4150): [iptables debug]iptables-
restore execute done, res : 0
02-08 13:00:56.402 D/IptablesRestoreController( 4150): [iptables debug]iptables-
restore execute *nat
02-08 13:00:56.402 D/IptablesRestoreController( 4150): :PREROUTING -
02-08 13:00:56.402 D/IptablesRestoreController( 4150): -F PREROUTING
02-08 13:00:56.402 D/IptablesRestoreController( 4150): :oem_nat_pre -
02-08 13:00:56.402 D/IptablesRestoreController( 4150): -A PREROUTING -j oem_nat_pre
02-08 13:00:56.402 D/IptablesRestoreController( 4150): :tetherctrl_nat_PREROUTING -
02-08 13:00:56.402 D/IptablesRestoreController( 4150): -A PREROUTING -j
tetherctrl_nat_PREROUTING
02-08 13:00:56.402 D/IptablesRestoreController( 4150): COMMIT
02-08 13:00:56.403 D/IptablesRestoreController( 4150): [iptables debug]iptables-
restore execute done, res : 0
02-08 13:00:56.403 D/IptablesRestoreController( 4150): [iptables debug]iptables-
restore execute *nat
02-08 13:00:56.403 D/IptablesRestoreController( 4150): :POSTROUTING -
02-08 13:00:56.403 D/IptablesRestoreController( 4150): -F POSTROUTING
02-08 13:00:56.403 D/IptablesRestoreController( 4150): :tetherctrl_nat_POSTROUTING
-
02-08 13:00:56.403 D/IptablesRestoreController( 4150): -A POSTROUTING -j
tetherctrl_nat_POSTROUTING
02-08 13:00:56.403 D/IptablesRestoreController( 4150): COMMIT
02-08 13:00:56.404 I/[email protected]( 4159): registering
IBluetoothHCI services
02-08 13:00:56.406 D/IptablesRestoreController( 4150): [iptables debug]iptables-
restore execute done, res : 0
02-08 13:00:56.406 D/IptablesRestoreController( 4150): [iptables debug]iptables-
restore execute *filter
02-08 13:00:56.406 D/IptablesRestoreController( 4150): -S OUTPUT
02-08 13:00:56.406 D/IptablesRestoreController( 4150): COMMIT
02-08 13:00:56.408 D/IptablesRestoreController( 4150): [iptables debug]iptables-
restore execute done, res : 0
02-08 13:00:56.408 D/IptablesRestoreController( 4150): [iptables debug]iptables-
restore execute *filter
02-08 13:00:56.408 D/IptablesRestoreController( 4150): :oem_out -
02-08 13:00:56.408 D/IptablesRestoreController( 4150): -A OUTPUT -j oem_out
02-08 13:00:56.408 D/IptablesRestoreController( 4150): :fw_OUTPUT -
02-08 13:00:56.408 D/IptablesRestoreController( 4150): -A OUTPUT -j fw_OUTPUT
02-08 13:00:56.408 D/IptablesRestoreController( 4150): :st_OUTPUT -
02-08 13:00:56.408 D/IptablesRestoreController( 4150): -A OUTPUT -j st_OUTPUT
02-08 13:00:56.408 D/IptablesRestoreController( 4150): :bw_OUTPUT -
02-08 13:00:56.408 D/IptablesRestoreController( 4150): -A OUTPUT -j bw_OUTPUT
02-08 13:00:56.408 D/IptablesRestoreController( 4150): COMMIT
02-08 13:00:56.409 D/IptablesRestoreController( 4150): [iptables debug]iptables-
restore execute done, res : 0
02-08 13:00:56.409 D/IptablesRestoreController( 4150): [iptables debug]iptables-
restore execute *filter
02-08 13:00:56.409 D/IptablesRestoreController( 4150): -S OUTPUT
02-08 13:00:56.409 D/IptablesRestoreController( 4150): COMMIT
02-08 13:00:56.409 I/ServiceManager( 4149): Waiting for service 'statscompanion' on
'/dev/binder'...
02-08 13:00:56.410 D/IptablesRestoreController( 4150): [iptables debug]iptables-
restore execute done, res : 0
02-08 13:00:56.410 D/IptablesRestoreController( 4150): [iptables debug]iptables-
restore execute *filter
02-08 13:00:56.410 D/IptablesRestoreController( 4150): :oem_out -
02-08 13:00:56.410 D/IptablesRestoreController( 4150): -A OUTPUT -j oem_out
02-08 13:00:56.410 D/IptablesRestoreController( 4150): :fw_OUTPUT -
02-08 13:00:56.410 D/IptablesRestoreController( 4150): -A OUTPUT -j fw_OUTPUT
02-08 13:00:56.410 D/IptablesRestoreController( 4150): :st_OUTPUT -
02-08 13:00:56.410 D/IptablesRestoreController( 4150): -A OUTPUT -j st_OUTPUT
02-08 13:00:56.410 D/IptablesRestoreController( 4150): :bw_OUTPUT -
02-08 13:00:56.410 D/IptablesRestoreController( 4150): -A OUTPUT -j bw_OUTPUT
02-08 13:00:56.410 D/IptablesRestoreController( 4150): COMMIT
02-08 13:00:56.412 D/IptablesRestoreController( 4150): [iptables debug]iptables-
restore execute done, res : 0
02-08 13:00:56.412 D/IptablesRestoreController( 4150): [iptables debug]iptables-
restore execute *mangle
02-08 13:00:56.412 D/IptablesRestoreController( 4150): -S POSTROUTING
02-08 13:00:56.412 D/IptablesRestoreController( 4150): COMMIT
02-08 13:00:56.412 D/IptablesRestoreController( 4150): [iptables debug]iptables-
restore execute done, res : 0
02-08 13:00:56.413 D/IptablesRestoreController( 4150): [iptables debug]iptables-
restore execute *mangle
02-08 13:00:56.413 D/IptablesRestoreController( 4150): :oem_mangle_post -
02-08 13:00:56.413 D/IptablesRestoreController( 4150): -A POSTROUTING -j
oem_mangle_post
02-08 13:00:56.413 D/IptablesRestoreController( 4150): :bw_mangle_POSTROUTING -
02-08 13:00:56.413 D/IptablesRestoreController( 4150): -A POSTROUTING -j
bw_mangle_POSTROUTING
02-08 13:00:56.413
D/IptablesRestoreController( 4150): :idletimer_mangle_POSTROUTING -
02-08 13:00:56.413 D/IptablesRestoreController( 4150): -A POSTROUTING -j
idletimer_mangle_POSTROUTING
02-08 13:00:56.413 D/IptablesRestoreController( 4150): COMMIT
02-08 13:00:56.413 D/IptablesRestoreController( 4150): [iptables debug]iptables-
restore execute done, res : 0
02-08 13:00:56.414 D/IptablesRestoreController( 4150): [iptables debug]iptables-
restore execute *mangle
02-08 13:00:56.414 D/IptablesRestoreController( 4150): -S POSTROUTING
02-08 13:00:56.414 D/IptablesRestoreController( 4150): COMMIT
02-08 13:00:56.415 I/HidlServiceManagement( 4159): Registered
[email protected]::IBluetoothHci/default
02-08 13:00:56.415 I/HidlServiceManagement( 4159): Removing namespace from process
name [email protected] to [email protected].
02-08 13:00:56.415 I/LegacySupport( 4159): Registration complete for
[email protected]::IBluetoothHci/default.
02-08 13:00:56.416 I/[email protected]( 4159): First OS
version = 28
02-08 13:00:56.416 I/[email protected]( 4159): registering
Bluetooth Vendor HIDL services
02-08 13:00:56.417 D/IptablesRestoreController( 4150): [iptables debug]iptables-
restore execute done, res : 0
02-08 13:00:56.417 D/IptablesRestoreController( 4150): [iptables debug]iptables-
restore execute *mangle
02-08 13:00:56.417 D/IptablesRestoreController( 4150): :oem_mangle_post -
02-08 13:00:56.417 D/IptablesRestoreController( 4150): -A POSTROUTING -j
oem_mangle_post
02-08 13:00:56.417 D/IptablesRestoreController( 4150): :bw_mangle_POSTROUTING -
02-08 13:00:56.417 D/IptablesRestoreController( 4150): -A POSTROUTING -j
bw_mangle_POSTROUTING
02-08 13:00:56.417
D/IptablesRestoreController( 4150): :idletimer_mangle_POSTROUTING -
02-08 13:00:56.417 D/IptablesRestoreController( 4150): -A POSTROUTING -j
idletimer_mangle_POSTROUTING
02-08 13:00:56.417 D/IptablesRestoreController( 4150): COMMIT
02-08 13:00:56.418 D/IptablesRestoreController( 4150): [iptables debug]iptables-
restore execute done, res : 0
02-08 13:00:56.418 I/HidlServiceManagement( 4159): Registered
[email protected]::ISehBluetooth/default
02-08 13:00:56.418 I/netd ( 4150): Creating child chains: 47446us
02-08 13:00:56.419 I/netd ( 4150): Setting up OEM hooks: 128us
02-08 13:00:56.419 D/IptablesRestoreController( 4150): [iptables debug]iptables-
restore execute *filter
02-08 13:00:56.419 D/IptablesRestoreController( 4150): :input_dos -
02-08 13:00:56.419 D/IptablesRestoreController( 4150): -A INPUT -j input_dos
02-08 13:00:56.419 D/IptablesRestoreController( 4150): COMMIT
02-08 13:00:56.421 W/[email protected]( 4164):
libminijail[4164]: allowing syscall: connect
02-08 13:00:56.421 W/[email protected]( 4164):
libminijail[4164]: allowing syscall: fcntl
02-08 13:00:56.421 W/[email protected]( 4164):
libminijail[4164]: allowing syscall: sendto
02-08 13:00:56.421 W/[email protected]( 4164):
libminijail[4164]: allowing syscall: socket
02-08 13:00:56.421 W/[email protected]( 4164):
libminijail[4164]: allowing syscall: writev
02-08 13:00:56.428 W/[email protected]( 4164):
libminijail[4164]: logging seccomp filter failures
02-08 13:00:56.430 D/IptablesRestoreController( 4150): [iptables debug]iptables-
restore execute done, res : 0
02-08 13:00:56.430 D/IptablesRestoreController( 4150): [iptables debug]iptables-
restore execute *filter
02-08 13:00:56.430 D/IptablesRestoreController( 4150): :input_dos -
02-08 13:00:56.430 D/IptablesRestoreController( 4150): -A input_dos -p tcp -m
conntrack --ctstate NEW -m limit --limit 50/sec --limit-burst 50 -j ACCEPT
02-08 13:00:56.430 D/IptablesRestoreController( 4150): -A input_dos -p tcp -m
conntrack --ctstate NEW -j DROP
02-08 13:00:56.430 D/IptablesRestoreController( 4150): COMMIT
02-08 13:00:56.429 I/teecl ( 4167): NW> Starting log for teecl
02-08 13:00:56.430 D/gatekeeper( 4167): GATEKEEPER gk_device_open
02-08 13:00:56.430 D/gatekeeper( 4167): Gatekeeper checked vendor.tzts_daemon :
Ready property
02-08 13:00:56.437 I/audiohalservice( 4158): Start audio hidl service
02-08 13:00:56.437 I/HidlServiceManagement( 4164): Registered
[email protected]::ISurfaceFlingerConfigs/default
02-08 13:00:56.438 I/HidlServiceManagement( 4164): Removing namespace from process
name [email protected] to [email protected].
02-08 13:00:56.440 D/gatekeeper( 4167): GATEKEEPER OpenSession is success
02-08 13:00:56.441 I/hwservicemanager( 3935): getTransport: Cannot find entry
[email protected]::IDevicesFactory/default in either framework or device
manifest.
02-08 13:00:56.441 D/gatekeeper( 4167): GATEKEEPER open success
02-08 13:00:56.443 E/LegacySupport( 4158): Could not get passthrough implementation
for [email protected]::IDevicesFactory/default.
02-08 13:00:56.446 I/HidlServiceManagement( 4167): Registered
[email protected]::IGatekeeper/default
02-08 13:00:56.446 I/HidlServiceManagement( 4163): Registered
[email protected]::IMediaCasService/default
02-08 13:00:56.447 I/HidlServiceManagement( 4163): Removing namespace from process
name [email protected] to [email protected].
02-08 13:00:56.448 I/HidlServiceManagement( 4167): Removing namespace from process
name [email protected] to [email protected].
02-08 13:00:56.483 I/HidlServiceManagement( 4165): Registered
[email protected]::IDrmFactory/clearkey
02-08 13:00:56.483 I/HidlServiceManagement( 4165): Removing namespace from process
name [email protected] to [email protected].
02-08 13:00:56.484 I/HidlServiceManagement( 4165): Registered
[email protected]::ICryptoFactory/clearkey
02-08 13:00:56.485 I/HidlServiceManagement( 4165): Removing namespace from process
name [email protected] to [email protected].
02-08 13:00:56.496 I/HidlServiceManagement( 4173): Registered
[email protected]::IMemtrack/default
02-08 13:00:56.497 I/HidlServiceManagement( 4173): Removing namespace from process
name [email protected] to [email protected].
02-08 13:00:56.498 I/LegacySupport( 4173): Registration complete for
[email protected]::IMemtrack/default.
02-08 13:00:56.505 I/HidlServiceManagement( 4181): Registered
[email protected]::IUsb/default
02-08 13:00:56.505 I/HidlServiceManagement( 4181): Removing namespace from process
name [email protected] to [email protected].
02-08 13:00:56.505 I/[email protected]( 4181): USB HAL Ready.
02-08 13:00:56.507 I/vaultkeeper( 4109): There is no
property(ro.factory.factory_binary)
02-08 13:00:56.507 I/VaultKeeper_COMMON( 4109): VK 4.2.3 [Client]
/vendor/bin/vaultkeeperd. => [Vault] VK. [CMD NO.] 1724
02-08 13:00:56.507 I/VaultKeeper_COMMON( 4109): [CMD:INITIALIZE]
02-08 13:00:56.508 W/[email protected]( 4172): main
02-08 13:00:56.511 I/ServiceManager( 4149): Waiting for service 'statscompanion' on
'/dev/binder'...
02-08 13:00:56.524 I/SensorsHub( 4177): SensorList size 968 num 22 unitsize 44
02-08 13:00:56.524 I/SensorsHub( 4177): handle 1
02-08 13:00:56.524 I/SensorsHub( 4177): name ICM42605M
02-08 13:00:56.524 I/SensorsHub( 4177): vendor TDK Invensense
02-08 13:00:56.524 I/SensorsHub( 4177): version 1
02-08 13:00:56.525 I/SensorsHub( 4177): maxRage 78.453201
02-08 13:00:56.525 I/SensorsHub( 4177): resolution 0.002394
02-08 13:00:56.525 I/SensorsHub( 4177): Delay min 2000 Max 160000
02-08 13:00:56.525 I/SensorsHub( 4177): fifo 0 0
02-08 13:00:56.525 I/HidlServiceManagement( 4158): Registered
[email protected]::IDevicesFactory/default
02-08 13:00:56.525 I/SensorsHub( 4177): wakeup 0 flags b
02-08 13:00:56.525 I/HidlServiceManagement( 4158): Removing namespace from process
name android.hardware.audio.service to audio.service.
02-08 13:00:56.525 I/LegacySupport( 4158): Registration complete for
[email protected]::IDevicesFactory/default.
02-08 13:00:56.526 I/hwservicemanager( 3935): getTransport: Cannot find entry
[email protected]::IEffectsFactory/default in either framework or
device manifest.
02-08 13:00:56.526 I/SensorsHub( 4177): AccSensor
02-08 13:00:56.527 I/SensorsHub( 4177): sensor_name ICM42605M Accelerometer
mSensorInfo.name ICM42605M Accelerometer
02-08 13:00:56.527 I/SensorsHub( 4177): injection path /dev/ssp_data_injection
02-08 13:00:56.527 E/LegacySupport( 4158): Could not get passthrough implementation
for [email protected]::IEffectsFactory/default.
02-08 13:00:56.527 I/SensorsHub( 4177): index 0, ICM42605M
02-08 13:00:56.527 I/SensorsHub( 4177): handle 2
02-08 13:00:56.527 I/SensorsHub( 4177): name AK09918C
02-08 13:00:56.527 I/SensorsHub( 4177): vendor Asahi Kasei Microdevices
02-08 13:00:56.527 I/SensorsHub( 4177): version 1
02-08 13:00:56.527 I/SensorsHub( 4177): maxRage 4900.000000
02-08 13:00:56.527 I/SensorsHub( 4177): resolution 0.060000
02-08 13:00:56.527 I/SensorsHub( 4177): Delay min 8000 Max 160000
02-08 13:00:56.527 I/SensorsHub( 4177): fifo 0 0
02-08 13:00:56.527 I/SensorsHub( 4177): wakeup 0 flags b
02-08 13:00:56.531 W/[email protected]( 4172):
HIDL_FETCH_IHealth: default
02-08 13:00:56.533 I/SensorsHub( 4177): MagneticSensor
02-08 13:00:56.533 I/SensorsHub( 4177): sensor_name AK09918C Magnetometer
mSensorInfo.name AK09918C Magnetometer
02-08 13:00:56.533 I/SensorsHub( 4177): injection path /dev/ssp_data_injection
02-08 13:00:56.533 I/SensorsHub( 4177): index 1, AK09918C
02-08 13:00:56.533 I/SensorsHub( 4177): handle 4
02-08 13:00:56.533 I/SensorsHub( 4177): name ICM42605M
02-08 13:00:56.533 I/SensorsHub( 4177): vendor TDK Invensense
02-08 13:00:56.533 I/SensorsHub( 4177): version 1
02-08 13:00:56.533 I/SensorsHub( 4177): maxRage 17.453293
02-08 13:00:56.533 I/SensorsHub( 4177): resolution 0.000533
02-08 13:00:56.533 I/SensorsHub( 4177): Delay min 2000 Max 160000
02-08 13:00:56.533 I/SensorsHub( 4177): fifo 0 0
02-08 13:00:56.533 I/SensorsHub( 4177): wakeup 0 flags b
02-08 13:00:56.534 I/SensorsHub( 4177): GyroSensor
02-08 13:00:56.534 I/SensorsHub( 4177): sensor_name ICM42605M Gyroscope
mSensorInfo.name ICM42605M Gyroscope
02-08 13:00:56.534 I/SensorsHub( 4177): injection path /dev/ssp_data_injection
02-08 13:00:56.534 I/SensorsHub( 4177): index 2, ICM42605M
02-08 13:00:56.534 I/SensorsHub( 4177): handle 5
02-08 13:00:56.534 I/SensorsHub( 4177): name TCS3701
02-08 13:00:56.534 I/SensorsHub( 4177): vendor AMS, Inc.
02-08 13:00:56.534 I/SensorsHub( 4177): version 1000
02-08 13:00:56.534 I/SensorsHub( 4177): maxRage 60000.000000
02-08 13:00:56.534 I/SensorsHub( 4177): resolution 1.000000
02-08 13:00:56.534 I/SensorsHub( 4177): Delay min 200000 Max 200000
02-08 13:00:56.534 I/SensorsHub( 4177): fifo 0 0
02-08 13:00:56.534 I/SensorsHub( 4177): wakeup 0 flags b
02-08 13:00:56.535 I/SensorsHub( 4177): LightSensor
02-08 13:00:56.535 I/SensorsHub( 4177): sensor_name TCS3701 Light mSensorInfo.name
TCS3701 Light
02-08 13:00:56.535 I/SensorsHub( 4177): injection path /dev/ssp_data_injection
02-08 13:00:56.535 I/SensorsHub( 4177): Support camera light
02-08 13:00:56.539 D/HYPER-HAL( 4184): sec-hyper-aidl start!
02-08 13:00:56.547 I/SensorsHub( 4177): index 3, TCS3701
02-08 13:00:56.547 I/SensorsHub( 4177): handle 8
02-08 13:00:56.547 I/SensorsHub( 4177): name STK3031
02-08 13:00:56.547 I/SensorsHub( 4177): vendor Sitronix
02-08 13:00:56.547 I/SensorsHub( 4177): version 1
02-08 13:00:56.547 I/SensorsHub( 4177): maxRage 8.000000
02-08 13:00:56.547 I/SensorsHub( 4177): resolution 1.000000
02-08 13:00:56.547 I/SensorsHub( 4177): Delay min 0 Max 0
02-08 13:00:56.547 I/SensorsHub( 4177): fifo 0 0
02-08 13:00:56.547 I/SensorsHub( 4177): wakeup 1 flags b
02-08 13:00:56.548 I/servicemanager( 3934): getDeviceHalManifest: Reading VINTF
information.
02-08 13:00:56.548 I/SensorsHub( 4177): ProximitySensor
02-08 13:00:56.548 I/SensorsHub( 4177): sensor_name STK3031 Proximity
mSensorInfo.name STK3031 Proximity
02-08 13:00:56.548 I/SensorsHub( 4177): injection path /dev/ssp_data_injection
02-08 13:00:56.548 I/SensorsHub( 4177): index 4, STK3031
02-08 13:00:56.548 I/SensorsHub( 4177): handle 14
02-08 13:00:56.548 I/SensorsHub( 4177): name AK09918C
02-08 13:00:56.548 I/SensorsHub( 4177): vendor Asahi Kasei Microdevices
02-08 13:00:56.548 I/SensorsHub( 4177): version 1
02-08 13:00:56.548 I/SensorsHub( 4177): maxRage 4900.000000
02-08 13:00:56.548 I/SensorsHub( 4177): resolution 0.060000
02-08 13:00:56.548 I/SensorsHub( 4177): Delay min 8000 Max 160000
02-08 13:00:56.548 I/SensorsHub( 4177): fifo 0 0
02-08 13:00:56.548 I/SensorsHub( 4177): wakeup 0 flags b
02-08 13:00:56.549 I/SensorsHub( 4177): UncalMagneticSensor
02-08 13:00:56.550 I/SensorsHub( 4177): sensor_name AK09918C Magnetometer
Uncalibrated mSensorInfo.name AK09918C Magnetometer Uncalibrated
02-08 13:00:56.550 I/SensorsHub( 4177): injection path /dev/ssp_data_injection
02-08 13:00:56.550 I/SensorsHub( 4177): index 5, AK09918C
02-08 13:00:56.550 I/SensorsHub( 4177): handle 16
02-08 13:00:56.550 I/SensorsHub( 4177): name ICM42605M
02-08 13:00:56.550 I/SensorsHub( 4177): vendor TDK Invensense
02-08 13:00:56.550 I/SensorsHub( 4177): version 1
02-08 13:00:56.550 I/SensorsHub( 4177): maxRage 17.453293
02-08 13:00:56.550 I/SensorsHub( 4177): resolution 0.000533
02-08 13:00:56.550 I/SensorsHub( 4177): Delay min 2000 Max 160000
02-08 13:00:56.550 I/SensorsHub( 4177): fifo 0 0
02-08 13:00:56.550 I/SensorsHub( 4177): wakeup 0 flags b
02-08 13:00:56.550 I/SensorsHub( 4177): UncalGyroSensor
02-08 13:00:56.552 I/SensorsHub( 4177): sensor_name ICM42605M Gyroscope
Uncalibrated mSensorInfo.name ICM42605M Gyroscope Uncalibrated
02-08 13:00:56.553 I/Ant Hidl( 4183): Starting ANT HIDL daemon
02-08 13:00:56.552 I/SensorsHub( 4177): injection path /dev/ssp_data_injection
02-08 13:00:56.554 I/SensorsHub( 4177): index 6, ICM42605M
02-08 13:00:56.554 I/SensorsHub( 4177): handle 17
02-08 13:00:56.554 I/SensorsHub( 4177): name
02-08 13:00:56.554 I/SensorsHub( 4177): vendor Samsung Inc.
02-08 13:00:56.554 I/SensorsHub( 4177): version 2
02-08 13:00:56.554 I/SensorsHub( 4177): maxRage 1.000000
02-08 13:00:56.554 I/SensorsHub( 4177): resolution 1.000000
02-08 13:00:56.554 I/SensorsHub( 4177): Delay min -1 Max 0
02-08 13:00:56.554 I/SensorsHub( 4177): fifo 0 0
02-08 13:00:56.554 I/SensorsHub( 4177): wakeup 1 flags b
02-08 13:00:56.555 E/HYPER-HAL( 4184): [JsonParser.cpp]ParseHints(): targetResource
of LPMBias is null
02-08 13:00:56.555 E/HYPER-HAL( 4184): [JsonParser.cpp]ParseHints(): targetResource
of LPMBias is null
02-08 13:00:56.555 I/HidlServiceManagement( 4166): Registered
[email protected]::IDrmFactory/widevine
02-08 13:00:56.555 E/HYPER-HAL( 4184): [JsonParser.cpp]ParseHints(): targetResource
of DDRMinFreq is null
02-08 13:00:56.556 I/HidlServiceManagement( 4166): Removing namespace from process
name [email protected] to [email protected].
02-08 13:00:56.557 I/[email protected]( 4172): default
instance initializing with healthd_config...
02-08 13:00:56.557 I/HidlServiceManagement( 4158): Registered
[email protected]::IEffectsFactory/default
02-08 13:00:56.557 I/LegacySupport( 4158): Registration complete for
[email protected]::IEffectsFactory/default.
02-08 13:00:56.558 I/SensorsHub( 4177): SigMotionSensor
02-08 13:00:56.558 I/SensorsHub( 4177): sensor_name Significant Motion
mSensorInfo.name Significant Motion
02-08 13:00:56.558 I/SensorsHub( 4177): injection path /dev/ssp_data_injection
02-08 13:00:56.558 I/SensorsHub( 4177): index 7,
02-08 13:00:56.558 I/SensorsHub( 4177): handle 18
02-08 13:00:56.559 I/SensorsHub( 4177): name
02-08 13:00:56.559 I/SensorsHub( 4177): vendor Samsung Inc.
02-08 13:00:56.559 I/SensorsHub( 4177): version 1
02-08 13:00:56.559 I/SensorsHub( 4177): maxRage 1.000000
02-08 13:00:56.559 I/SensorsHub( 4177): resolution 1.000000
02-08 13:00:56.559 I/SensorsHub( 4177): Delay min 0 Max 0
02-08 13:00:56.559 I/SensorsHub( 4177): fifo 0 0
02-08 13:00:56.559 I/SensorsHub( 4177): wakeup 0 flags b
02-08 13:00:56.559 I/servicemanager( 3934): getDeviceHalManifest: Successfully
processed VINTF information
02-08 13:00:56.559 I/servicemanager( 3934): getFrameworkHalManifest: Reading VINTF
information.
02-08 13:00:56.560 I/SensorsHub( 4177): StepDetectorSensor
02-08 13:00:56.561 I/SensorsHub( 4177): sensor_name Step Detector mSensorInfo.name
Step Detector
02-08 13:00:56.561 I/servicemanager( 3934): getFrameworkHalManifest: Successfully
processed VINTF information
02-08 13:00:56.561 I/servicemanager( 3934): Found
android.hardware.power.IPower/default in device VINTF manifest.
02-08 13:00:56.561 I/servicemanager( 3934): Adding 'u:r:hal_power_default:s0'
service (android.hardware.power.IPower/default:4186)
02-08 13:00:56.563 I/hwservicemanager( 3935): getTransport: Cannot find entry
[email protected]::ISoundTriggerHw/default in either framework or
device manifest.
02-08 13:00:56.564 I/HidlServiceManagement( 4172): Registered
[email protected]::ISehHealth/default
02-08 13:00:56.565 I/[email protected]( 4172): default:
Hal init done
02-08 13:00:56.565 I/HidlServiceManagement( 4166): Registered
[email protected]::ICryptoFactory/widevine
02-08 13:00:56.566 I/HidlServiceManagement( 4166): Removing namespace from process
name [email protected] to [email protected].
02-08 13:00:56.566 I/vendor.samsung.hardware.light-service( 4185): Start Lights
AIDL!
02-08 13:00:56.567 I/SehLight( 4185): Found sysfs :
/sys/class/backlight/panel/brightness
02-08 13:00:56.567 I/SehLight( 4185): updateSupportedLights : 0
02-08 13:00:56.567 E/LegacySupport( 4158): Could not get passthrough implementation
for [email protected]::ISoundTriggerHw/default.
02-08 13:00:56.567 D/[email protected]( 4192): sec-
miscpower-2-0 starts
02-08 13:00:56.568 I/SensorsHub( 4177): injection path /dev/ssp_data_injection
02-08 13:00:56.569 I/SensorsHub( 4177): index 8,
02-08 13:00:56.569 I/SensorsHub( 4177): handle 19
02-08 13:00:56.569 I/SensorsHub( 4177): name
02-08 13:00:56.569 I/SensorsHub( 4177): vendor Samsung Inc.
02-08 13:00:56.569 I/SensorsHub( 4177): version 1
02-08 13:00:56.569 E/HYPER-HAL( 4184): [JsonParser.cpp]parseConfigFile(): Json File
NO Exist : /vendor/etc/config_model.json
02-08 13:00:56.569 I/SensorsHub( 4177): maxRage 4294967296.000000
02-08 13:00:56.569 I/SensorsHub( 4177): resolution 1.000000
02-08 13:00:56.569 I/SensorsHub( 4177): Delay min 0 Max 0
02-08 13:00:56.569 E/HYPER-HAL( 4184): [JsonParser.cpp]JsonInit(): Skip Model
Config Parsing
02-08 13:00:56.570 I/SensorsHub( 4177): fifo 0 0
02-08 13:00:56.570 I/SensorsHub( 4177): wakeup 0 flags b
02-08 13:00:56.570 E/HYPER-HAL( 4184): [HandlerQC.cpp]HandlerQC(): unable to open
vendor/lib64/libqti-perfd-client.so: dlopen failed: library "libqti-perfd-
client.so" not found
02-08 13:00:56.571 E/HYPER-HAL( 4184): [HandlerMtk.cpp]HandlerMtk(): dlopen error:
dlopen failed: library "libmtkperf_client_vendor.so" not found
02-08 13:00:56.571 I/SensorsHub( 4177): StepCounterSensor
02-08 13:00:56.571 I/SensorsHub( 4177): sensor_name Step Counter mSensorInfo.name
Step Counter
02-08 13:00:56.571 I/SensorsHub( 4177): injection path /dev/ssp_data_injection
02-08 13:00:56.571 I/SensorsHub( 4177): index 9,
02-08 13:00:56.571 I/SensorsHub( 4177): handle 22
02-08 13:00:56.571 I/SensorsHub( 4177): name
02-08 13:00:56.572 I/SensorsHub( 4177): vendor Samsung Inc.
02-08 13:00:56.572 I/SensorsHub( 4177): version 1
02-08 13:00:56.572 I/SensorsHub( 4177): maxRage 1.000000
02-08 13:00:56.572 I/SensorsHub( 4177): resolution 1.000000
02-08 13:00:56.572 I/SensorsHub( 4177): Delay min 0 Max 0
02-08 13:00:56.572 I/SensorsHub( 4177): fifo 0 0
02-08 13:00:56.572 I/SensorsHub( 4177): wakeup 1 flags b
02-08 13:00:56.573 I/SensorsHub( 4177): TiltDetector
02-08 13:00:56.575 I/servicemanager( 3934): Found
android.hardware.light.ILights/default in device VINTF manifest.
02-08 13:00:56.576 I/servicemanager( 3934): Adding 'u:r:hal_light_default:s0'
service (android.hardware.light.ILights/default:4185)
02-08 13:00:56.576 I/SensorsHub( 4177): sensor_name Tilt Detector mSensorInfo.name
Tilt Detector
02-08 13:00:56.576 I/SensorsHub( 4177): injection path /dev/ssp_data_injection
02-08 13:00:56.576 I/SensorsHub( 4177): index 10,
02-08 13:00:56.576 I/SensorsHub( 4177): handle 25
02-08 13:00:56.576 I/SensorsHub( 4177): name
02-08 13:00:56.576 I/SensorsHub( 4177): vendor Samsung Inc.
02-08 13:00:56.576 I/SensorsHub( 4177): version 1
02-08 13:00:56.577 I/SensorsHub( 4177): maxRage 1.000000
02-08 13:00:56.577 I/SensorsHub( 4177): resolution 1.000000
02-08 13:00:56.577 I/SensorsHub( 4177): Delay min -1 Max 0
02-08 13:00:56.577 I/SensorsHub( 4177): fifo 0 0
02-08 13:00:56.577 I/SensorsHub( 4177): wakeup 1 flags b
02-08 13:00:56.577 I/SensorsHub( 4177): PickupGesture
02-08 13:00:56.577 I/SensorsHub( 4177): sensor_name Pick Up Gesture
mSensorInfo.name Pick Up Gesture
02-08 13:00:56.577 I/SensorsHub( 4177): injection path /dev/ssp_data_injection
02-08 13:00:56.577 I/SensorsHub( 4177): index 11,
02-08 13:00:56.577 I/SensorsHub( 4177): handle 29
02-08 13:00:56.577 I/SensorsHub( 4177): name STK3031
02-08 13:00:56.577 I/SensorsHub( 4177): vendor Sitronix
02-08 13:00:56.577 I/SensorsHub( 4177): version 1
02-08 13:00:56.577 I/SensorsHub( 4177): maxRage 8.000000
02-08 13:00:56.577 I/SensorsHub( 4177): resolution 1.000000
02-08 13:00:56.577 I/SensorsHub( 4177): Delay min 0 Max 0
02-08 13:00:56.577 I/SensorsHub( 4177): fifo 0 0
02-08 13:00:56.577 I/SensorsHub( 4177): wakeup 1 flags b
02-08 13:00:56.577 E/SensorsHub( 4177): pushSensorList invalid handle 29
02-08 13:00:56.577 I/SensorsHub( 4177): handle 31
02-08 13:00:56.578 I/SensorsHub( 4177): name
02-08 13:00:56.578 I/SensorsHub( 4177): vendor Samsung Inc.
02-08 13:00:56.578 I/SensorsHub( 4177): version 1
02-08 13:00:56.578 I/SensorsHub( 4177): maxRage 17.453293
02-08 13:00:56.578 I/SensorsHub( 4177): resolution 0.000533
02-08 13:00:56.578 I/SensorsHub( 4177): Delay min 20000 Max 20000
02-08 13:00:56.578 I/SensorsHub( 4177): fifo 0 0
02-08 13:00:56.578 I/SensorsHub( 4177): wakeup 0 flags b
02-08 13:00:56.580 I/SensorsHub( 4177): IntGyroSensor
02-08 13:00:56.580 I/SensorsHub( 4177): sensor_name Interrupt Gyroscope
mSensorInfo.name Interrupt Gyroscope
02-08 13:00:56.580 I/SensorsHub( 4177): injection path /dev/ssp_data_injection
02-08 13:00:56.580 I/SensorsHub( 4177): index 12,
02-08 13:00:56.580 I/SensorsHub( 4177): handle 34
02-08 13:00:56.580 I/SensorsHub( 4177): name TCS3701
02-08 13:00:56.580 I/SensorsHub( 4177): vendor AMS, Inc.
02-08 13:00:56.580 I/SensorsHub( 4177): version 1000
02-08 13:00:56.580 I/SensorsHub( 4177): maxRage 60000.000000
02-08 13:00:56.580 I/SensorsHub( 4177): resolution 1.000000
02-08 13:00:56.580 I/SensorsHub( 4177): Delay min 200000 Max 200000
02-08 13:00:56.580 I/SensorsHub( 4177): fifo 0 0
02-08 13:00:56.580 I/SensorsHub( 4177): wakeup 0 flags b
02-08 13:00:56.581 I/SensorsHub( 4177): LightCCT_Sensor
02-08 13:00:56.582 I/SensorsHub( 4177): sensor_name TCS3701 Light CCT
mSensorInfo.name TCS3701 Light CCT
02-08 13:00:56.582 E/HYPER-HAL( 4184): [ResourceManager.cpp]isValidResourceData():
resourceData basic data null or empty
02-08 13:00:56.582 I/SensorsHub( 4177): injection path /dev/ssp_data_injection
02-08 13:00:56.582 I/SensorsHub( 4177): index 13, TCS3701
02-08 13:00:56.582 E/HYPER-HAL( 4184): [ResourceManager.cpp]ResourceManager():
resourceData null
02-08 13:00:56.582 I/SensorsHub( 4177): handle 35
02-08 13:00:56.582 I/SensorsHub( 4177): name
02-08 13:00:56.582 E/HYPER-HAL( 4184): [ResourceManager.cpp]isValidResourceData():
resourceData basic data null or empty
02-08 13:00:56.582 I/SensorsHub( 4177): vendor Samsung Inc.
02-08 13:00:56.582 I/SensorsHub( 4177): version 1
02-08 13:00:56.582 E/HYPER-HAL( 4184): [ResourceManager.cpp]ResourceManager():
resourceData null
02-08 13:00:56.582 I/SensorsHub( 4177): maxRage 1.000000
02-08 13:00:56.582 I/SensorsHub( 4177): resolution 1.000000
02-08 13:00:56.582 I/SensorsHub( 4177): Delay min 0 Max 0
02-08 13:00:56.582 I/SensorsHub( 4177): fifo 0 0
02-08 13:00:56.582 I/SensorsHub( 4177): wakeup 1 flags b
02-08 13:00:56.582 E/HYPER-HAL( 4184): [HandlerSysfs.cpp]doResourceHandling():
Couldn't Open Sysfs - /sys/module/cpuidle/parameters/off
02-08 13:00:56.582 E/HYPER-HAL( 4184): [ResourceManager.cpp]isValidResourceData():
resourceData basic data null or empty
02-08 13:00:56.582 E/HYPER-HAL( 4184): [ResourceManager.cpp]ResourceManager():
resourceData null
02-08 13:00:56.583 I/SensorsHub( 4177): CallGesture
02-08 13:00:56.583 E/HYPER-HAL( 4184): [HandlerSysfs.cpp]doResourceHandling():
Couldn't Open Sysfs - /sys/kernel/mm/vmscan/am_app_launch
02-08 13:00:56.583 I/SensorsHub( 4177): sensor_name Call Gesture mSensorInfo.name
Call Gesture
02-08 13:00:56.583 I/SensorsHub( 4177): injection path /dev/ssp_data_injection
02-08 13:00:56.583 I/SensorsHub( 4177): index 14,
02-08 13:00:56.583 I/SensorsHub( 4177): handle 36
02-08 13:00:56.583 I/SensorsHub( 4177): name
02-08 13:00:56.583 I/SensorsHub( 4177): vendor Samsung Inc.
02-08 13:00:56.583 E/HYPER-HAL( 4184): [HandlerSysfs.cpp]doResourceHandling():
Couldn't Open Sysfs - /proc/sys/vm/kswapd_perftune_cpumask
02-08 13:00:56.583 I/SensorsHub( 4177): version 2
02-08 13:00:56.583 I/SensorsHub( 4177): maxRage 1.000000
02-08 13:00:56.583 I/SensorsHub( 4177): resolution 1.000000
02-08 13:00:56.583 I/SensorsHub( 4177): Delay min 0 Max 0
02-08 13:00:56.583 I/SensorsHub( 4177): fifo 0 0
02-08 13:00:56.583 I/SensorsHub( 4177): wakeup 1 flags b
02-08 13:00:56.583 E/HYPER-HAL( 4184): [ResourceManager.cpp]ResourceManager():
Cannot read path : /sys/devices/platform/exynos-ufcc/ufc/cpufreq_table
02-08 13:00:56.583 I/HYPER-HAL( 4184): [RequestManager.cpp]initHintData(): Hint ::
Start Hint Initializing - AMS_RESUME (1)
02-08 13:00:56.583 I/HYPER-HAL( 4184): [RequestManager.cpp]initHintData(): Hint ::
Resource Id : 0x12001001 Value : 1664000
02-08 13:00:56.584 I/HYPER-HAL( 4184): [RequestManager.cpp]initHintData(): Hint ::
Resource Id : 0x20001001 Value : 455000
02-08 13:00:56.584 I/HYPER-HAL( 4184): [RequestManager.cpp]initHintData(): Hint ::
Resource Id : 0x30001001 Value : 419000
02-08 13:00:56.584 I/HYPER-HAL( 4184): [ResourceManager.cpp]getResourceManager():
Resouce not supported on this device - resourceID : 0x10002001
02-08 13:00:56.584 E/HYPER-HAL( 4184): [RequestManager.cpp]initHintData(): [Error]
Couldn't find Resource ID : 0x10002001
02-08 13:00:56.584 I/SensorsHub( 4177): WakeUpMotion
02-08 13:00:56.584 I/SensorsHub( 4177): sensor_name Wake Up Motion mSensorInfo.name
Wake Up Motion
02-08 13:00:56.584 I/SensorsHub( 4177): injection path /dev/ssp_data_injection
02-08 13:00:56.584 I/SensorsHub( 4177): index 15,
02-08 13:00:56.584 I/SensorsHub( 4177): handle 37
02-08 13:00:56.584 I/SensorsHub( 4177): name TCS3701
02-08 13:00:56.584 I/SensorsHub( 4177): vendor AMS, Inc.
02-08 13:00:56.584 I/SensorsHub( 4177): version 1000
02-08 13:00:56.584 I/SensorsHub( 4177): maxRage 60000.000000
02-08 13:00:56.584 I/SensorsHub( 4177): resolution 1.000000
02-08 13:00:56.584 I/SensorsHub( 4177): Delay min 200000 Max 200000
02-08 13:00:56.584 I/HYPER-HAL( 4184): [RequestManager.cpp]initHintData(): Hint ::
Resource Id : 0x10003000 Value : 1
02-08 13:00:56.584 I/SensorsHub( 4177): fifo 0 0
02-08 13:00:56.584 I/SensorsHub( 4177): wakeup 0 flags b
02-08 13:00:56.584 I/HYPER-HAL( 4184): [RequestManager.cpp]initHintData(): Hint ::
Start Hint Initializing - AMS_RELAUNCH_RESUME (2)
02-08 13:00:56.584 I/HYPER-HAL( 4184): [RequestManager.cpp]initHintData(): Hint ::
Resource Id : 0x12001001 Value : 1768000
02-08 13:00:56.585 I/HYPER-HAL( 4184): [ResourceManager.cpp]getResourceManager():
Resouce not supported on this device - resourceID : 0x10002001
02-08 13:00:56.585 E/HYPER-HAL( 4184): [RequestManager.cpp]initHintData(): [Error]
Couldn't find Resource ID : 0x10002001
02-08 13:00:56.585 I/HYPER-HAL( 4184): [RequestManager.cpp]initHintData(): Hint ::
Resource Id : 0x10003000 Value : 1
02-08 13:00:56.585 I/HYPER-HAL( 4184): [RequestManager.cpp]initHintData(): Hint ::
Duration : 1000
02-08 13:00:56.585 I/HYPER-HAL( 4184): [RequestManager.cpp]initHintData(): Hint ::
Start Hint Initializing - AMS_ACT_RESUME (3)
02-08 13:00:56.585 I/HYPER-HAL( 4184): [RequestManager.cpp]initHintData(): Hint ::
Resource Id : 0x12001001 Value : 1664000
02-08 13:00:56.585 I/HYPER-HAL( 4184): [RequestManager.cpp]initHintData(): Hint ::
Resource Id : 0x20001001 Value : 455000
02-08 13:00:56.585 I/HYPER-HAL( 4184): [ResourceManager.cpp]getResourceManager():
Resouce not supported on this device - resourceID : 0x10002001
02-08 13:00:56.585 I/SensorsHub( 4177): AutoBrightnessSensor
02-08 13:00:56.585 E/HYPER-HAL( 4184): [RequestManager.cpp]initHintData(): [Error]
Couldn't find Resource ID : 0x10002001
02-08 13:00:56.585 I/HYPER-HAL( 4184): [RequestManager.cpp]initHintData(): Hint ::
Resource Id : 0x10003000 Value : 1
02-08 13:00:56.585 I/HYPER-HAL( 4184): [RequestManager.cpp]initHintData(): Hint ::
Start Hint Initializing - AMS_ACT_START (4)
02-08 13:00:56.585 I/SensorsHub( 4177): sensor_name TCS3701 Auto Brightness (Cam
Lux Support) mSensorInfo.name TCS3701 Auto Brightness (Cam Lux Support)
02-08 13:00:56.585 I/SensorsHub( 4177): injection path /dev/ssp_data_injection
02-08 13:00:56.585 I/HYPER-HAL( 4184): [RequestManager.cpp]initHintData(): Hint ::
Resource Id : 0x12001001 Value : 2314000
02-08 13:00:56.585 I/SensorsHub( 4177): index 16, TCS3701
02-08 13:00:56.585 I/SensorsHub( 4177): handle 38
02-08 13:00:56.585 I/HYPER-HAL( 4184): [RequestManager.cpp]initHintData(): Hint ::
Resource Id : 0x20001001 Value : 1053000
02-08 13:00:56.585 I/SensorsHub( 4177): name
02-08 13:00:56.585 I/SensorsHub( 4177): vendor Samsung Inc.
02-08 13:00:56.585 I/HYPER-HAL( 4184): [ResourceManager.cpp]getResourceManager():
Resouce not supported on this device - resourceID : 0x10002001
02-08 13:00:56.585 I/SensorsHub( 4177): version 1
02-08 13:00:56.586 I/SensorsHub( 4177): maxRage 17.453293
02-08 13:00:56.586 E/HYPER-HAL( 4184): [RequestManager.cpp]initHintData(): [Error]
Couldn't find Resource ID : 0x10002001
02-08 13:00:56.586 I/SensorsHub( 4177): resolution 0.000533
02-08 13:00:56.586 I/SensorsHub( 4177): Delay min 10000 Max 10000
02-08 13:00:56.586 I/SensorsHub( 4177): fifo 0 0
02-08 13:00:56.586 I/HYPER-HAL( 4184): [RequestManager.cpp]initHintData(): Hint ::
Resource Id : 0x10003000 Value : 1
02-08 13:00:56.586 I/SensorsHub( 4177): wakeup 0 flags b
02-08 13:00:56.586 I/HYPER-HAL( 4184): [RequestManager.cpp]initHintData(): Hint ::
Start Hint Initializing - AMS_RESUME_TAIL (5)
02-08 13:00:56.586 I/HYPER-HAL( 4184): [RequestManager.cpp]initHintData(): Hint ::
Resource Id : 0x12001001 Value : 1768000
02-08 13:00:56.586 I/HYPER-HAL( 4184): [ResourceManager.cpp]getResourceManager():
Resouce not supported on this device - resourceID : 0x10002001
02-08 13:00:56.586 E/HYPER-HAL( 4184): [RequestManager.cpp]initHintData(): [Error]
Couldn't find Resource ID : 0x10002001
02-08 13:00:56.586 I/HYPER-HAL( 4184): [RequestManager.cpp]initHintData(): Hint ::
Resource Id : 0x10003000 Value : 1
02-08 13:00:56.586 I/HYPER-HAL( 4184): [RequestManager.cpp]initHintData(): Hint ::
Duration : 800
02-08 13:00:56.586 I/HYPER-HAL( 4184): [RequestManager.cpp]initHintData(): Hint ::
Start Hint Initializing - AMS_APP_SWITCH (7)
02-08 13:00:56.586 I/HYPER-HAL( 4184): [RequestManager.cpp]initHintData(): Hint ::
Resource Id : 0x12001001 Value : 2314000
02-08 13:00:56.586 I/HYPER-HAL( 4184): [RequestManager.cpp]initHintData(): Hint ::
Resource Id : 0x20001001 Value : 1053000
02-08 13:00:56.586 I/HYPER-HAL( 4184): [ResourceManager.cpp]getResourceManager():
Resouce not supported on this device - resourceID : 0x10002001
02-08 13:00:56.586 E/HYPER-HAL( 4184): [RequestManager.cpp]initHintData(): [Error]
Couldn't find Resource ID : 0x10002001
02-08 13:00:56.587 I/SensorsHub( 4177): VdisGyroSensor
02-08 13:00:56.587 I/SensorsHub( 4177): sensor_name VDIS Gyroscope mSensorInfo.name
VDIS Gyroscope
02-08 13:00:56.587 I/SensorsHub( 4177): injection path /dev/ssp_data_injection
02-08 13:00:56.588 I/HYPER-HAL( 4184): [RequestManager.cpp]initHintData(): Hint ::
Resource Id : 0x10003000 Value : 1
02-08 13:00:56.588 I/HYPER-HAL( 4184): [RequestManager.cpp]initHintData(): Hint ::
Start Hint Initializing - AMS_APP_HOME (8)
02-08 13:00:56.588 I/HYPER-HAL( 4184): [RequestManager.cpp]initHintData(): Hint ::
Resource Id : 0x12001001 Value : 2314000
02-08 13:00:56.588 I/HYPER-HAL( 4184): [RequestManager.cpp]initHintData(): Hint ::
Resource Id : 0x20001001 Value : 1053000
02-08 13:00:56.588 I/HYPER-HAL( 4184): [ResourceManager.cpp]getResourceManager():
Resouce not supported on this device - resourceID : 0x10002001
02-08 13:00:56.588 E/HYPER-HAL( 4184): [RequestManager.cpp]initHintData(): [Error]
Couldn't find Resource ID : 0x10002001
02-08 13:00:56.588 I/HYPER-HAL( 4184): [RequestManager.cpp]initHintData(): Hint ::
Resource Id : 0x10003000 Value : 1
02-08 13:00:56.588 I/HYPER-HAL( 4184): [RequestManager.cpp]initHintData(): Hint ::
Duration : 700
02-08 13:00:56.587 I/SensorsHub( 4177): index 17,
02-08 13:00:56.588 I/SensorsHub( 4177): handle 39
02-08 13:00:56.588 I/SensorsHub( 4177): name
02-08 13:00:56.588 I/SensorsHub( 4177): vendor Samsung Inc.
02-08 13:00:56.588 I/SensorsHub( 4177): version 1
02-08 13:00:56.588 I/SensorsHub( 4177): maxRage 1.000000
02-08 13:00:56.588 I/SensorsHub( 4177): resolution 1.000000
02-08 13:00:56.588 I/SensorsHub( 4177): Delay min 0 Max 0
02-08 13:00:56.588 I/SensorsHub( 4177): fifo 0 0
02-08 13:00:56.588 I/SensorsHub( 4177): wakeup 0 flags b
02-08 13:00:56.589 I/HYPER-HAL( 4184): [RequestManager.cpp]initHintData(): Hint ::
Start Hint Initializing - GALLERY_TOUCH (9)
02-08 13:00:56.589 I/HYPER-HAL( 4184): [RequestManager.cpp]initHintData(): Hint ::
Resource Id : 0x12001001 Value : 1144000
02-08 13:00:56.589 I/HYPER-HAL( 4184): [ResourceManager.cpp]getResourceManager():
Resouce not supported on this device - resourceID : 0x10002001
02-08 13:00:56.589 E/HYPER-HAL( 4184): [RequestManager.cpp]initHintData(): [Error]
Couldn't find Resource ID : 0x10002001
02-08 13:00:56.589 I/HYPER-HAL( 4184): [RequestManager.cpp]initHintData(): Hint ::
Start Hint Initializing - GALLERY_TOUCH_TAIL (10)
02-08 13:00:56.589 I/SensorsHub( 4177): PocketModeLiteSensor
02-08 13:00:56.589 I/HYPER-HAL( 4184): [RequestManager.cpp]initHintData(): Hint ::
Resource Id : 0x12001001 Value : 1144000
02-08 13:00:56.589 I/HYPER-HAL( 4184): [ResourceManager.cpp]getResourceManager():
Resouce not supported on this device - resourceID : 0x10002001
02-08 13:00:56.589 E/HYPER-HAL( 4184): [RequestManager.cpp]initHintData(): [Error]
Couldn't find Resource ID : 0x10002001
02-08 13:00:56.589 I/SensorsHub( 4177): sensor_name Pocket Mode mSensorInfo.name
Pocket Mode
02-08 13:00:56.589 I/HYPER-HAL( 4184): [RequestManager.cpp]initHintData(): Hint ::
Duration : 500
02-08 13:00:56.589 I/SensorsHub( 4177): injection path /dev/ssp_data_injection
02-08 13:00:56.589 I/SensorsHub( 4177): index 18,
02-08 13:00:56.589 I/HYPER-HAL( 4184): [RequestManager.cpp]initHintData(): Hint ::
Start Hint Initializing - GALLERY_SCROLL (11)
02-08 13:00:56.589 I/SensorsHub( 4177): handle 40
02-08 13:00:56.589 I/SensorsHub( 4177): name STK3031
02-08 13:00:56.589 I/SensorsHub( 4177): vendor Sitronix
02-08 13:00:56.589 I/SensorsHub( 4177): version 1
02-08 13:00:56.589 I/HYPER-HAL( 4184): [RequestManager.cpp]initHintData(): Hint ::
Resource Id : 0x12001001 Value : 1144000
02-08 13:00:56.589 I/SensorsHub( 4177): maxRage 8.000000
02-08 13:00:56.589 I/SensorsHub( 4177): resolution 1.000000
02-08 13:00:56.589 I/HYPER-HAL( 4184): [ResourceManager.cpp]getResourceManager():
Resouce not supported on this device - resourceID : 0x10002001
02-08 13:00:56.589 I/SensorsHub( 4177): Delay min 0 Max 0
02-08 13:00:56.589 I/SensorsHub( 4177): fifo 0 0
02-08 13:00:56.589 E/HYPER-HAL( 4184): [RequestManager.cpp]initHintData(): [Error]
Couldn't find Resource ID : 0x10002001
02-08 13:00:56.589 I/SensorsHub( 4177): wakeup 1 flags b
02-08 13:00:56.589 E/SensorsHub( 4177): pushSensorList invalid handle 40
02-08 13:00:56.589 I/HYPER-HAL( 4184): [RequestManager.cpp]initHintData(): Hint ::
Start Hint Initializing - LAUNCHER_TOUCH (12)
02-08 13:00:56.589 I/HYPER-HAL( 4184): [RequestManager.cpp]initHintData(): Hint ::
Resource Id : 0x20001001 Value : 683000
02-08 13:00:56.589 I/HYPER-HAL( 4184): [ResourceManager.cpp]getResourceManager():
Resouce not supported on this device - resourceID : 0x10002001
02-08 13:00:56.589 E/HYPER-HAL( 4184): [RequestManager.cpp]initHintData(): [Error]
Couldn't find Resource ID : 0x10002001
02-08 13:00:56.589 I/HYPER-HAL( 4184): [RequestManager.cpp]initHintData(): Hint ::
Duration : 1000
02-08 13:00:56.590 I/HYPER-HAL( 4184): [RequestManager.cpp]initHintData(): Hint ::
Start Hint Initializing - BROWSER_TOUCH (13)
02-08 13:00:56.590 I/HYPER-HAL( 4184): [ResourceManager.cpp]getResourceManager():
Resouce not supported on this device - resourceID : 0x10002001
02-08 13:00:56.590 E/HYPER-HAL( 4184): [RequestManager.cpp]initHintData(): [Error]
Couldn't find Resource ID : 0x10002001
02-08 13:00:56.590 I/HYPER-HAL( 4184): [RequestManager.cpp]initHintData(): Hint ::
Start Hint Initializing - HOME_KEY_TOUCH (14)
02-08 13:00:56.590 I/HYPER-HAL( 4184): [RequestManager.cpp]initHintData(): Hint ::
Resource Id : 0x12001001 Value : 936000
02-08 13:00:56.590 I/HYPER-HAL( 4184): [ResourceManager.cpp]getResourceManager():
Resouce not supported on this device - resourceID : 0x10002001
02-08 13:00:56.590 E/HYPER-HAL( 4184): [RequestManager.cpp]initHintData(): [Error]
Couldn't find Resource ID : 0x10002001
02-08 13:00:56.590 I/HYPER-HAL( 4184): [RequestManager.cpp]initHintData(): Hint ::
Duration : 1000
02-08 13:00:56.590 I/HYPER-HAL( 4184): [RequestManager.cpp]initHintData(): Hint ::
Start Hint Initializing - PWM_ROTATION (15)
02-08 13:00:56.590 I/HYPER-HAL( 4184): [RequestManager.cpp]initHintData(): Hint ::
Resource Id : 0x12001001 Value : 2314000
02-08 13:00:56.590 I/SensorsHub( 4177): SContextSensor
02-08 13:00:56.590 I/HYPER-HAL( 4184): [RequestManager.cpp]initHintData(): Hint ::
Resource Id : 0x20001001 Value : 455000
02-08 13:00:56.590 I/HYPER-HAL( 4184): [ResourceManager.cpp]getResourceManager():
Resouce not supported on this device - resourceID : 0x10002001
02-08 13:00:56.590 E/HYPER-HAL( 4184): [RequestManager.cpp]initHintData(): [Error]
Couldn't find Resource ID : 0x10002001
02-08 13:00:56.590 I/SensorsHub( 4177): sensor_name Scontext mSensorInfo.name
Scontext
02-08 13:00:56.590 I/HYPER-HAL( 4184): [RequestManager.cpp]initHintData(): Hint ::
Duration : 2000
02-08 13:00:56.590 I/SensorsHub( 4177): injection path /dev/ssp_data_injection
02-08 13:00:56.590 I/HYPER-HAL( 4184): [RequestManager.cpp]initHintData(): Hint ::
Start Hint Initializing - LISTVIEW_SCROLL (16)
02-08 13:00:56.590 I/SensorsHub( 4177): SensorHubDataWriter::SensorHubDataWriter()
02-08 13:00:56.590 I/HYPER-HAL( 4184): [RequestManager.cpp]initHintData(): Hint ::
Resource Id : 0x12001001 Value : 1144000
02-08 13:00:56.590 E/SensorsHub( 4177): SensorHubDataWriter: open sensorhub device
success(27)
02-08 13:00:56.590 I/HYPER-HAL( 4184): [ResourceManager.cpp]getResourceManager():
Resouce not supported on this device - resourceID : 0x10002001
02-08 13:00:56.590 E/HYPER-HAL( 4184): [RequestManager.cpp]initHintData(): [Error]
Couldn't find Resource ID : 0x10002001
02-08 13:00:56.590 I/vaultkeeper( 4109): runCommand Success.(TA ret = 0)
02-08 13:00:56.590 I/HYPER-HAL( 4184): [RequestManager.cpp]initHintData(): Hint ::
Duration : 10000
02-08 13:00:56.591 I/HYPER-HAL( 4184): [RequestManager.cpp]initHintData(): Hint ::
Start Hint Initializing - BROWSER_FLING (17)
02-08 13:00:56.591 I/HYPER-HAL( 4184): [ResourceManager.cpp]getResourceManager():
Resouce not supported on this device - resourceID : 0x10002001
02-08 13:00:56.591 E/HYPER-HAL( 4184): [RequestManager.cpp]initHintData(): [Error]
Couldn't find Resource ID : 0x10002001
02-08 13:00:56.591 I/HYPER-HAL( 4184): [RequestManager.cpp]initHintData(): Hint ::
Start Hint Initializing - APP_LAUNCH (18)
02-08 13:00:56.591 I/HYPER-HAL( 4184): [RequestManager.cpp]initHintData(): Hint ::
Resource Id : 0x12001001 Value : 2314000
02-08 13:00:56.591 I/HYPER-HAL( 4184): [ResourceManager.cpp]getResourceManager():
Resouce not supported on this device - resourceID : 0x10002001
02-08 13:00:56.591 E/HYPER-HAL( 4184): [RequestManager.cpp]initHintData(): [Error]
Couldn't find Resource ID : 0x10002001
02-08 13:00:56.591 I/HYPER-HAL( 4184): [RequestManager.cpp]initHintData(): Hint ::
Resource Id : 0x10003000 Value : 1
02-08 13:00:56.591 I/HYPER-HAL( 4184): [RequestManager.cpp]initHintData(): Hint ::
Duration : 1500
02-08 13:00:56.591 I/HYPER-HAL( 4184): [RequestManager.cpp]initHintData(): Hint ::
Start Hint Initializing - DEVICE_WAKEUP (19)
02-08 13:00:56.591 I/HYPER-HAL( 4184): [RequestManager.cpp]initHintData(): Hint ::
Resource Id : 0x12001001 Value : 1664000
02-08 13:00:56.591 I/HYPER-HAL( 4184): [ResourceManager.cpp]getResourceManager():
Resouce not supported on this device - resourceID : 0x10002001
02-08 13:00:56.591 E/HYPER-HAL( 4184): [RequestManager.cpp]initHintData(): [Error]
Couldn't find Resource ID : 0x10002001
