offset: 32, insn offset 4 , insn 118
08-15 21:21:09.266 D/LibBpfLoader( 686): applying relo to instruction at byte
offset: 32, insn offset 4 , insn 118
08-15 21:21:09.266 D/LibBpfLoader( 686): applying relo to instruction at byte
offset: 32, insn offset 4 , insn 118
08-15 21:21:09.266 D/LibBpfLoader( 686): applying relo to instruction at byte
offset: 32, insn offset 4 , insn 118
08-15 21:21:09.266 D/LibBpfLoader( 686): applying relo to instruction at byte
offset: 32, insn offset 4 , insn 118
08-15 21:21:09.266 D/LibBpfLoader( 686): applying relo to instruction at byte
offset: 32, insn offset 4 , insn 118
08-15 21:21:09.266 D/LibBpfLoader( 686): applying relo to instruction at byte
offset: 80, insn offset 10 , insn 118
08-15 21:21:09.268 D/LibBpfLoader( 686): bpf_prog_load lib call for
/system/etc/bpf/netd.o (cgroupskb_ingress_stats) returned fd: 20 (no error)
08-15 21:21:09.270 D/LibBpfLoader( 686): bpf_prog_load lib call for
/system/etc/bpf/netd.o (cgroupskb_egress_stats) returned fd: 21 (no error)
08-15 21:21:09.270 D/LibBpfLoader( 686): cs[2].name:skfilter_egress_xtbpf
min_kver:0 .max_kver:ffffffff (kvers:40ebe)
08-15 21:21:09.270 D/LibBpfLoader( 686): bpf_prog_load lib call for
/system/etc/bpf/netd.o (skfilter_egress_xtbpf) returned fd: 22 (no error)
08-15 21:21:09.270 D/LibBpfLoader( 686): cs[3].name:skfilter_ingress_xtbpf
min_kver:0 .max_kver:ffffffff (kvers:40ebe)
08-15 21:21:09.271 D/LibBpfLoader( 686): bpf_prog_load lib call for
/system/etc/bpf/netd.o (skfilter_ingress_xtbpf) returned fd: 23 (no error)
08-15 21:21:09.271 D/LibBpfLoader( 686): cs[4].name:skfilter_whitelist_xtbpf
min_kver:0 .max_kver:ffffffff (kvers:40ebe)
08-15 21:21:09.271 D/LibBpfLoader( 686): bpf_prog_load lib call for
/system/etc/bpf/netd.o (skfilter_whitelist_xtbpf) returned fd: 24 (no error)
08-15 21:21:09.271 D/LibBpfLoader( 686): cs[5].name:skfilter_blacklist_xtbpf
min_kver:0 .max_kver:ffffffff (kvers:40ebe)
08-15 21:21:09.271 D/LibBpfLoader( 686): bpf_prog_load lib call for
/system/etc/bpf/netd.o (skfilter_blacklist_xtbpf) returned fd: 25 (no error)
08-15 21:21:09.271 D/LibBpfLoader( 686): cs[6].name:skfilter_limitlist_xtbpf
min_kver:0 .max_kver:ffffffff (kvers:40ebe)
08-15 21:21:09.271 D/LibBpfLoader( 686): bpf_prog_load lib call for
/system/etc/bpf/netd.o (skfilter_limitlist_xtbpf) returned fd: 26 (no error)
08-15 21:21:09.271 D/LibBpfLoader( 686): cs[7].name:skfilter_mobilefw_xtbpf
min_kver:0 .max_kver:ffffffff (kvers:40ebe)
08-15 21:21:09.271 D/LibBpfLoader( 686): bpf_prog_load lib call for
/system/etc/bpf/netd.o (skfilter_mobilefw_xtbpf) returned fd: 27 (no error)
08-15 21:21:09.271 D/LibBpfLoader( 686): cs[8].name:skfilter_wlanfw_xtbpf
min_kver:0 .max_kver:ffffffff (kvers:40ebe)
08-15 21:21:09.271 D/LibBpfLoader( 686): bpf_prog_load lib call for
/system/etc/bpf/netd.o (skfilter_wlanfw_xtbpf) returned fd: 28 (no error)
08-15 21:21:09.271 D/LibBpfLoader( 686): cs[9].name:skfilter_mecwl_xtbpf
min_kver:0 .max_kver:ffffffff (kvers:40ebe)
08-15 21:21:09.271 D/LibBpfLoader( 686): bpf_prog_load lib call for
/system/etc/bpf/netd.o (skfilter_mecwl_xtbpf) returned fd: 29 (no error)
08-15 21:21:09.271 D/LibBpfLoader( 686): cs[10].name:skfilter_mecbl_xtbpf
min_kver:0 .max_kver:ffffffff (kvers:40ebe)
08-15 21:21:09.272 D/LibBpfLoader( 686): bpf_prog_load lib call for
/system/etc/bpf/netd.o (skfilter_mecbl_xtbpf) returned fd: 30 (no error)
08-15 21:21:09.272 D/LibBpfLoader( 686): cs[11].name:skfilter_mmswhitelist_xtbpf
min_kver:0 .max_kver:ffffffff (kvers:40ebe)
08-15 21:21:09.272 D/LibBpfLoader( 686): bpf_prog_load lib call for
/system/etc/bpf/netd.o (skfilter_mmswhitelist_xtbpf) returned fd: 31 (no error)
08-15 21:21:09.272 D/LibBpfLoader( 686): cs[12].name:cgroupsock_inet_create
min_kver:40e00 .max_kver:ffffffff (kvers:40ebe)
08-15 21:21:09.272 D/LibBpfLoader( 686): bpf_prog_load lib call for
/system/etc/bpf/netd.o (cgroupsock_inet_create) returned fd: 32 (no error)
08-15 21:21:09.272 I/bpfloader( 686): Loaded object: /system/etc/bpf/netd.o
08-15 21:21:09.276 D/LibBpfLoader( 686): Loading critical for netd ELF object
/system/etc/bpf/clatd.o with license Apache 2.0
08-15 21:21:09.276 E/LibBpfLoader( 686): No progs section could be found in elf
object
08-15 21:21:09.276 D/LibBpfLoader( 686): Loaded code section 3
(schedcls_ingress_clat_ether)
08-15 21:21:09.277 D/LibBpfLoader( 686): Loaded relo section 3
(.relschedcls/ingress/clat_ether)
08-15 21:21:09.277 D/LibBpfLoader( 686): Adding section 3 to cs list
08-15 21:21:09.277 D/LibBpfLoader( 686): Loaded code section 5
(schedcls_ingress_clat_rawip)
08-15 21:21:09.277 D/LibBpfLoader( 686): Loaded relo section 5
(.relschedcls/ingress/clat_rawip)
08-15 21:21:09.277 D/LibBpfLoader( 686): Adding section 5 to cs list
08-15 21:21:09.277 D/QSEECOMAPI( 675): App is not loaded in QSEE
08-15 21:21:09.278 D/LibBpfLoader( 686): Loaded code section 7
(schedcls_egress_clat_ether)
08-15 21:21:09.278 D/QSEECOMAPI( 675): app_arch = 1, total_files = 9
08-15 21:21:09.278 D/LibBpfLoader( 686): Adding section 7 to cs list
08-15 21:21:09.278 D/LibBpfLoader( 686): Loaded code section 8
(schedcls_egress_clat_rawip)
08-15 21:21:09.279 D/LibBpfLoader( 686): Loaded relo section 8
(.relschedcls/egress/clat_rawip)
08-15 21:21:09.279 D/LibBpfLoader( 686): Adding section 8 to cs list
08-15 21:21:09.280 D/LibBpfLoader( 686): bpf_create_map name clat_ingress_map,
ret: 7
08-15 21:21:09.280 D/LibBpfLoader( 686): bpf_create_map name clat_egress_map, ret:
8
08-15 21:21:09.280 D/LibBpfLoader( 686): map_fd found at 0 is 7 in
/system/etc/bpf/clatd.o
08-15 21:21:09.281 D/LibBpfLoader( 686): map_fd found at 1 is 8 in
/system/etc/bpf/clatd.o
08-15 21:21:09.281 D/LibBpfLoader( 686): applying relo to instruction at byte
offset: 392, insn offset 49 , insn 118
08-15 21:21:09.281 D/LibBpfLoader( 686): applying relo to instruction at byte
offset: 352, insn offset 44 , insn 118
08-15 21:21:09.281 D/LibBpfLoader( 686): applying relo to instruction at byte
offset: 520, insn offset 65 , insn 118
08-15 21:21:09.282 D/LibBpfLoader( 686): bpf_prog_load lib call for
/system/etc/bpf/clatd.o (schedcls_ingress_clat_ether) returned fd: 9 (no error)
08-15 21:21:09.283 D/LibBpfLoader( 686): bpf_prog_load lib call for
/system/etc/bpf/clatd.o (schedcls_ingress_clat_rawip) returned fd: 10 (no error)
08-15 21:21:09.284 D/LibBpfLoader( 686): bpf_prog_load lib call for
/system/etc/bpf/clatd.o (schedcls_egress_clat_ether) returned fd: 11 (no error)
08-15 21:21:09.284 D/LibBpfLoader( 686): bpf_prog_load lib call for
/system/etc/bpf/clatd.o (schedcls_egress_clat_rawip) returned fd: 12 (no error)
08-15 21:21:09.285 I/bpfloader( 686): Loaded object: /system/etc/bpf/clatd.o
08-15 21:21:09.302 I/netdClient( 688): Skipping libnetd_client init since *we* are
netd
08-15 21:21:09.307 I/engmode_tlc( 675): Wait for ta response(50/3000)
08-15 21:21:09.310 I/netd ( 688): netd 1.0 starting
08-15 21:21:09.318 D/TetherController( 688): Setting IP forward enable = 0
08-15 21:21:09.319 D/FirewallController( 688): Could not read /proc/self/uid_map,
max uid defaulting to 4294967294
08-15 21:21:09.328 D/IptablesRestoreController( 688): [iptables debug]iptables-
restore execute *filter
08-15 21:21:09.328 D/IptablesRestoreController( 688): :INPUT -
08-15 21:21:09.328 D/IptablesRestoreController( 688): -F INPUT
08-15 21:21:09.328 D/IptablesRestoreController( 688): :bw_INPUT -
08-15 21:21:09.328 D/IptablesRestoreController( 688): -A INPUT -j bw_INPUT
08-15 21:21:09.328 D/IptablesRestoreController( 688): :fw_INPUT -
08-15 21:21:09.328 D/IptablesRestoreController( 688): -A INPUT -j fw_INPUT
08-15 21:21:09.328 D/IptablesRestoreController( 688): COMMIT
08-15 21:21:09.340 D/IptablesRestoreController( 688): [iptables debug]iptables-
restore execute done, res : 0
08-15 21:21:09.340 D/IptablesRestoreController( 688): [iptables debug]iptables-
restore execute *filter
08-15 21:21:09.340 D/IptablesRestoreController( 688): :FORWARD -
08-15 21:21:09.340 D/IptablesRestoreController( 688): -F FORWARD
08-15 21:21:09.340 D/IptablesRestoreController( 688): :oem_fwd -
08-15 21:21:09.340 D/IptablesRestoreController( 688): -A FORWARD -j oem_fwd
08-15 21:21:09.340 D/IptablesRestoreController( 688): :fw_FORWARD -
08-15 21:21:09.340 D/IptablesRestoreController( 688): -A FORWARD -j fw_FORWARD
08-15 21:21:09.340 D/IptablesRestoreController( 688): :bw_FORWARD -
08-15 21:21:09.340 D/IptablesRestoreController( 688): -A FORWARD -j bw_FORWARD
08-15 21:21:09.340 D/IptablesRestoreController( 688): :tetherctrl_FORWARD -
08-15 21:21:09.340 D/IptablesRestoreController( 688): -A FORWARD -j
tetherctrl_FORWARD
08-15 21:21:09.340 D/IptablesRestoreController( 688): COMMIT
08-15 21:21:09.341 D/QSEECOMAPI( 675): Loaded image: APP id = 9
08-15 21:21:09.342 I/engmode_tlc( 675): em_tlc_send_qsee : Loading app is done
08-15 21:21:09.342 I/engmode_tlc( 675): em_tlc_send_qsee : send command
08-15 21:21:09.342 D/IptablesRestoreController( 688): [iptables debug]iptables-
restore execute done, res : 0
08-15 21:21:09.342 D/IptablesRestoreController( 688): [iptables debug]iptables-
restore execute *raw
08-15 21:21:09.342 D/IptablesRestoreController( 688): :PREROUTING -
08-15 21:21:09.342 D/IptablesRestoreController( 688): -F PREROUTING
08-15 21:21:09.342 D/IptablesRestoreController( 688): :clat_raw_PREROUTING -
08-15 21:21:09.342 D/IptablesRestoreController( 688): -A PREROUTING -j
clat_raw_PREROUTING
08-15 21:21:09.342 D/IptablesRestoreController( 688): :bw_raw_PREROUTING -
08-15 21:21:09.342 D/IptablesRestoreController( 688): -A PREROUTING -j
bw_raw_PREROUTING
08-15 21:21:09.342 D/IptablesRestoreController( 688): :idletimer_raw_PREROUTING -
08-15 21:21:09.342 D/IptablesRestoreController( 688): -A PREROUTING -j
idletimer_raw_PREROUTING
08-15 21:21:09.342 D/IptablesRestoreController( 688): :tetherctrl_raw_PREROUTING -
08-15 21:21:09.342 D/IptablesRestoreController( 688): -A PREROUTING -j
tetherctrl_raw_PREROUTING
08-15 21:21:09.342 D/IptablesRestoreController( 688): COMMIT
08-15 21:21:09.343 D/IptablesRestoreController( 688): [iptables debug]iptables-
restore execute done, res : 0
08-15 21:21:09.343 D/IptablesRestoreController( 688): [iptables debug]iptables-
restore execute *mangle
08-15 21:21:09.343 D/IptablesRestoreController( 688): :FORWARD -
08-15 21:21:09.343 D/IptablesRestoreController( 688): -F FORWARD
08-15 21:21:09.343 D/IptablesRestoreController( 688): :tetherctrl_mangle_FORWARD -
08-15 21:21:09.343 D/IptablesRestoreController( 688): -A FORWARD -j
tetherctrl_mangle_FORWARD
08-15 21:21:09.343 D/IptablesRestoreController( 688): COMMIT
08-15 21:21:09.345 D/IptablesRestoreController( 688): [iptables debug]iptables-
restore execute done, res : 0
08-15 21:21:09.345 D/IptablesRestoreController( 688): [iptables debug]iptables-
restore execute *mangle
08-15 21:21:09.345 D/IptablesRestoreController( 688): :INPUT -
08-15 21:21:09.345 D/IptablesRestoreController( 688): -F INPUT
08-15 21:21:09.345 D/IptablesRestoreController( 688): :wakeupctrl_mangle_INPUT -
08-15 21:21:09.345 D/IptablesRestoreController( 688): -A INPUT -j
wakeupctrl_mangle_INPUT
08-15 21:21:09.345 D/IptablesRestoreController( 688): :routectrl_mangle_INPUT -
08-15 21:21:09.345 D/IptablesRestoreController( 688): -A INPUT -j
routectrl_mangle_INPUT
08-15 21:21:09.345 D/IptablesRestoreController( 688): COMMIT
08-15 21:21:09.346 D/IptablesRestoreController( 688): [iptables debug]iptables-
restore execute done, res : 0
08-15 21:21:09.346 D/IptablesRestoreController( 688): [iptables debug]iptables-
restore execute *nat
08-15 21:21:09.346 D/IptablesRestoreController( 688): :PREROUTING -
08-15 21:21:09.346 D/IptablesRestoreController( 688): -F PREROUTING
08-15 21:21:09.346 D/IptablesRestoreController( 688): :oem_nat_pre -
08-15 21:21:09.346 D/IptablesRestoreController( 688): -A PREROUTING -j oem_nat_pre
08-15 21:21:09.346 D/IptablesRestoreController( 688): :tetherctrl_nat_PREROUTING -
08-15 21:21:09.346 D/IptablesRestoreController( 688): -A PREROUTING -j
tetherctrl_nat_PREROUTING
08-15 21:21:09.346 D/IptablesRestoreController( 688): COMMIT
08-15 21:21:09.347 D/IptablesRestoreController( 688): [iptables debug]iptables-
restore execute done, res : 0
08-15 21:21:09.347 D/IptablesRestoreController( 688): [iptables debug]iptables-
restore execute *nat
08-15 21:21:09.347 D/IptablesRestoreController( 688): :POSTROUTING -
08-15 21:21:09.347 D/IptablesRestoreController( 688): -F POSTROUTING
08-15 21:21:09.347 D/IptablesRestoreController( 688): :tetherctrl_nat_POSTROUTING
-
08-15 21:21:09.347 D/IptablesRestoreController( 688): -A POSTROUTING -j
tetherctrl_nat_POSTROUTING
08-15 21:21:09.347 D/IptablesRestoreController( 688): COMMIT
08-15 21:21:09.348 D/IptablesRestoreController( 688): [iptables debug]iptables-
restore execute done, res : 0
08-15 21:21:09.348 D/IptablesRestoreController( 688): [iptables debug]iptables-
restore execute *filter
08-15 21:21:09.348 D/IptablesRestoreController( 688): -S OUTPUT
08-15 21:21:09.348 D/IptablesRestoreController( 688): COMMIT
08-15 21:21:09.348 D/IptablesRestoreController( 688): [iptables debug]iptables-
restore execute done, res : 0
08-15 21:21:09.349 D/IptablesRestoreController( 688): [iptables debug]iptables-
restore execute *filter
08-15 21:21:09.349 D/IptablesRestoreController( 688): :oem_out -
08-15 21:21:09.349 D/IptablesRestoreController( 688): -A OUTPUT -j oem_out
08-15 21:21:09.349 D/IptablesRestoreController( 688): :fw_OUTPUT -
08-15 21:21:09.349 D/IptablesRestoreController( 688): -A OUTPUT -j fw_OUTPUT
08-15 21:21:09.349 D/IptablesRestoreController( 688): :st_OUTPUT -
08-15 21:21:09.349 D/IptablesRestoreController( 688): -A OUTPUT -j st_OUTPUT
08-15 21:21:09.349 D/IptablesRestoreController( 688): :bw_OUTPUT -
08-15 21:21:09.349 D/IptablesRestoreController( 688): -A OUTPUT -j bw_OUTPUT
08-15 21:21:09.349 D/IptablesRestoreController( 688): COMMIT
08-15 21:21:09.349 D/IptablesRestoreController( 688): [iptables debug]iptables-
restore execute done, res : 0
08-15 21:21:09.349 D/IptablesRestoreController( 688): [iptables debug]iptables-
restore execute *filter
08-15 21:21:09.349 D/IptablesRestoreController( 688): -S OUTPUT
08-15 21:21:09.349 D/IptablesRestoreController( 688): COMMIT
08-15 21:21:09.350 D/IptablesRestoreController( 688): [iptables debug]iptables-
restore execute done, res : 0
08-15 21:21:09.350 D/IptablesRestoreController( 688): [iptables debug]iptables-
restore execute *filter
08-15 21:21:09.350 D/IptablesRestoreController( 688): :oem_out -
08-15 21:21:09.350 D/IptablesRestoreController( 688): -A OUTPUT -j oem_out
08-15 21:21:09.350 D/IptablesRestoreController( 688): :fw_OUTPUT -
08-15 21:21:09.350 D/IptablesRestoreController( 688): -A OUTPUT -j fw_OUTPUT
08-15 21:21:09.350 D/IptablesRestoreController( 688): :st_OUTPUT -
08-15 21:21:09.350 D/IptablesRestoreController( 688): -A OUTPUT -j st_OUTPUT
08-15 21:21:09.350 D/IptablesRestoreController( 688): :bw_OUTPUT -
08-15 21:21:09.350 D/IptablesRestoreController( 688): -A OUTPUT -j bw_OUTPUT
08-15 21:21:09.350 D/IptablesRestoreController( 688): COMMIT
08-15 21:21:09.351 D/IptablesRestoreController( 688): [iptables debug]iptables-
restore execute done, res : 0
08-15 21:21:09.351 D/IptablesRestoreController( 688): [iptables debug]iptables-
restore execute *mangle
08-15 21:21:09.351 D/IptablesRestoreController( 688): -S POSTROUTING
08-15 21:21:09.351 D/IptablesRestoreController( 688): COMMIT
08-15 21:21:09.352 D/IptablesRestoreController( 688): [iptables debug]iptables-
restore execute done, res : 0
08-15 21:21:09.352 D/IptablesRestoreController( 688): [iptables debug]iptables-
restore execute *mangle
08-15 21:21:09.352 D/IptablesRestoreController( 688): :oem_mangle_post -
08-15 21:21:09.352 D/IptablesRestoreController( 688): -A POSTROUTING -j
oem_mangle_post
08-15 21:21:09.352 D/IptablesRestoreController( 688): :bw_mangle_POSTROUTING -
08-15 21:21:09.352 D/IptablesRestoreController( 688): -A POSTROUTING -j
bw_mangle_POSTROUTING
08-15 21:21:09.352
D/IptablesRestoreController( 688): :idletimer_mangle_POSTROUTING -
08-15 21:21:09.352 D/IptablesRestoreController( 688): -A POSTROUTING -j
idletimer_mangle_POSTROUTING
08-15 21:21:09.352 D/IptablesRestoreController( 688): COMMIT
08-15 21:21:09.353 D/IptablesRestoreController( 688): [iptables debug]iptables-
restore execute done, res : 0
08-15 21:21:09.353 D/IptablesRestoreController( 688): [iptables debug]iptables-
restore execute *mangle
08-15 21:21:09.353 D/IptablesRestoreController( 688): -S POSTROUTING
08-15 21:21:09.353 D/IptablesRestoreController( 688): COMMIT
08-15 21:21:09.353 D/IptablesRestoreController( 688): [iptables debug]iptables-
restore execute done, res : 0
08-15 21:21:09.353 D/IptablesRestoreController( 688): [iptables debug]iptables-
restore execute *mangle
08-15 21:21:09.353 D/IptablesRestoreController( 688): :oem_mangle_post -
08-15 21:21:09.353 D/IptablesRestoreController( 688): -A POSTROUTING -j
oem_mangle_post
08-15 21:21:09.353 D/IptablesRestoreController( 688): :bw_mangle_POSTROUTING -
08-15 21:21:09.353 D/IptablesRestoreController( 688): -A POSTROUTING -j
bw_mangle_POSTROUTING
08-15 21:21:09.353
D/IptablesRestoreController( 688): :idletimer_mangle_POSTROUTING -
08-15 21:21:09.353 D/IptablesRestoreController( 688): -A POSTROUTING -j
idletimer_mangle_POSTROUTING
08-15 21:21:09.353 D/IptablesRestoreController( 688): COMMIT
08-15 21:21:09.353 D/IptablesRestoreController( 688): [iptables debug]iptables-
restore execute done, res : 0
08-15 21:21:09.353 I/netd ( 688): Creating child chains: 25670us
08-15 21:21:09.353 I/netd ( 688): Setting up OEM hooks: 100us
08-15 21:21:09.353 D/IptablesRestoreController( 688): [iptables debug]iptables-
restore execute *filter
08-15 21:21:09.353 D/IptablesRestoreController( 688): :input_dos -
08-15 21:21:09.353 D/IptablesRestoreController( 688): -A INPUT -j input_dos
08-15 21:21:09.353 D/IptablesRestoreController( 688): COMMIT
08-15 21:21:09.355 D/IptablesRestoreController( 688): [iptables debug]iptables-
restore execute done, res : 0
08-15 21:21:09.355 D/IptablesRestoreController( 688): [iptables debug]iptables-
restore execute *filter
08-15 21:21:09.355 D/IptablesRestoreController( 688): :input_dos -
08-15 21:21:09.355 D/IptablesRestoreController( 688): -A input_dos -p tcp -m
conntrack --ctstate NEW -m limit --limit 50/sec --limit-burst 50 -j ACCEPT
08-15 21:21:09.355 D/IptablesRestoreController( 688): -A input_dos -p tcp -m
conntrack --ctstate NEW -j DROP
08-15 21:21:09.355 D/IptablesRestoreController( 688): COMMIT
08-15 21:21:09.356 I/ServiceManager( 687): Waiting for service 'statscompanion' on
'/dev/binder'...
08-15 21:21:09.357 I/engmode_tlc( 675): Wait for ta response(100/3000)
08-15 21:21:09.370 D/IptablesRestoreController( 688): [iptables debug]iptables-
restore execute done, res : 0
08-15 21:21:09.370 I/netd ( 688): Setting up FirewallController hooks: 16752us
08-15 21:21:09.370 D/IptablesRestoreController( 688): [iptables debug]iptables-
restore execute *filter
08-15 21:21:09.370 D/IptablesRestoreController( 688): :tetherctrl_FORWARD -
08-15 21:21:09.370 D/IptablesRestoreController( 688): -A tetherctrl_FORWARD -j
DROP
08-15 21:21:09.370 D/IptablesRestoreController( 688): COMMIT
08-15 21:21:09.370 D/IptablesRestoreController( 688): *nat
08-15 21:21:09.370 D/IptablesRestoreController( 688): :tetherctrl_nat_POSTROUTING
-
08-15 21:21:09.370 D/IptablesRestoreController( 688): :tetherctrl_nat_PREROUTING -
08-15 21:21:09.370 D/IptablesRestoreController( 688): COMMIT
08-15 21:21:09.371 D/IptablesRestoreController( 688): [iptables debug]iptables-
restore execute done, res : 0
08-15 21:21:09.371 D/IptablesRestoreController( 688): [iptables debug]iptables-
restore execute *filter
08-15 21:21:09.371 D/IptablesRestoreController( 688): :tetherctrl_FORWARD -
08-15 21:21:09.371 D/IptablesRestoreController( 688): COMMIT
08-15 21:21:09.371 D/IptablesRestoreController( 688): *raw
08-15 21:21:09.371 D/IptablesRestoreController( 688): :tetherctrl_raw_PREROUTING -
08-15 21:21:09.371 D/IptablesRestoreController( 688): COMMIT
08-15 21:21:09.372 D/IptablesRestoreController( 688): [iptables debug]iptables-
restore execute done, res : 0
08-15 21:21:09.372 D/IptablesRestoreController( 688): [iptables debug]iptables-
restore execute *mangle
08-15 21:21:09.372 D/IptablesRestoreController( 688): -A tetherctrl_mangle_FORWARD
-p tcp --tcp-flags SYN SYN -j TCPMSS --clamp-mss-to-pmtu
08-15 21:21:09.372 D/IptablesRestoreController( 688): COMMIT
08-15 21:21:09.372 D/IptablesRestoreController( 688): [iptables debug]iptables-
restore execute done, res : 0
08-15 21:21:09.372 D/IptablesRestoreController( 688): [iptables debug]iptables-
restore execute *filter
08-15 21:21:09.372 D/IptablesRestoreController( 688): :tetherctrl_counters -
08-15 21:21:09.372 D/IptablesRestoreController( 688): COMMIT
08-15 21:21:09.375 D/IptablesRestoreController( 688): [iptables debug]iptables-
restore execute done, res : 0
08-15 21:21:09.375 I/netd ( 688): Setting up TetherController hooks: 4785us
08-15 21:21:09.375 D/IptablesRestoreController( 688): [iptables debug]iptables-
restore execute *filter
08-15 21:21:09.375 D/IptablesRestoreController( 688): -S
08-15 21:21:09.375 D/IptablesRestoreController( 688): COMMIT
08-15 21:21:09.375 D/IptablesRestoreController( 688): [iptables debug]iptables-
restore execute done, res : 0
08-15 21:21:09.375 D/IptablesRestoreController( 688): [iptables debug]iptables-
restore execute *filter
08-15 21:21:09.375 D/IptablesRestoreController( 688): :bw_INPUT -
08-15 21:21:09.375 D/IptablesRestoreController( 688): :bw_OUTPUT -
08-15 21:21:09.375 D/IptablesRestoreController( 688): :bw_FORWARD -
08-15 21:21:09.375 D/IptablesRestoreController( 688): :bw_happy_box -
08-15 21:21:09.375 D/IptablesRestoreController( 688): :bw_penalty_box -
08-15 21:21:09.375 D/IptablesRestoreController( 688): :bw_data_saver -
08-15 21:21:09.375 D/IptablesRestoreController( 688): :bw_costly_shared -
08-15 21:21:09.375 D/IptablesRestoreController( 688): :bw_global_alert -
08-15 21:21:09.375 D/IptablesRestoreController( 688): :bw_foc_box -
08-15 21:21:09.375 D/IptablesRestoreController( 688): COMMIT
08-15 21:21:09.375 D/IptablesRestoreController( 688): *raw
08-15 21:21:09.375 D/IptablesRestoreController( 688): :bw_raw_PREROUTING -
08-15 21:21:09.375 D/IptablesRestoreController( 688): COMMIT
08-15 21:21:09.375 D/IptablesRestoreController( 688): *mangle
08-15 21:21:09.375 D/IptablesRestoreController( 688): :bw_mangle_POSTROUTING -
08-15 21:21:09.375 D/IptablesRestoreController( 688): COMMIT
08-15 21:21:09.379 D/IptablesRestoreController( 688): [iptables debug]iptables-
restore execute done, res : 0
08-15 21:21:09.380 I/netd ( 688): Setting up BandwidthController hooks: 4590us
08-15 21:21:09.380 I/netd ( 688): Setting up IdletimerController hooks: 422us
08-15 21:21:09.380 D/IptablesRestoreController( 688): [iptables debug]iptables-
restore execute *filter
08-15 21:21:09.380 D/IptablesRestoreController( 688): :st_OUTPUT -
08-15 21:21:09.380 D/IptablesRestoreController( 688): :st_penalty_log -
08-15 21:21:09.380 D/IptablesRestoreController( 688): :st_penalty_reject -
08-15 21:21:09.380 D/IptablesRestoreController( 688): :st_clear_caught -
08-15 21:21:09.380 D/IptablesRestoreController( 688): :st_clear_detect -
08-15 21:21:09.380 D/IptablesRestoreController( 688): COMMIT
08-15 21:21:09.382 D/IptablesRestoreController( 688): [iptables debug]iptables-
restore execute done, res : 0
08-15 21:21:09.382 D/IptablesRestoreController( 688): [iptables debug]iptables-
restore execute *filter
08-15 21:21:09.382 D/IptablesRestoreController( 688): -A st_penalty_log -j
CONNMARK --or-mark 0x1000000
08-15 21:21:09.382 D/IptablesRestoreController( 688): -A st_penalty_log -j NFLOG
--nflog-group 0
08-15 21:21:09.382 D/IptablesRestoreController( 688): -A st_penalty_reject -j
CONNMARK --or-mark 0x2000000
08-15 21:21:09.382 D/IptablesRestoreController( 688): -A st_penalty_reject -j
NFLOG --nflog-group 0
08-15 21:21:09.382 D/IptablesRestoreController( 688): -A st_penalty_reject -j
REJECT
08-15 21:21:09.382 D/IptablesRestoreController( 688): -A st_clear_detect -m
connmark --mark 0x2000000/0x2000000 -j REJECT
08-15 21:21:09.382 D/IptablesRestoreController( 688): -A st_clear_detect -m
connmark --mark 0x1000000/0x1000000 -j RETURN
08-15 21:21:09.382 D/IptablesRestoreController( 688): -A st_clear_detect -p tcp -m
u32 --u32 "0>>22&0x3C@ 12>>26&0x3C@ 0&0xFFFF0000=0x16030000 &&0>>22&0x3C@
12>>26&0x3C@ 4&0x00FF0000=0x00010000" -j CONNMARK --or-mark 0x1000000
08-15 21:21:09.382 D/IptablesRestoreController( 688): -A st_clear_detect -p udp -m
u32 --u32 "0>>22&0x3C@ 8&0xFFFF0000=0x16FE0000 &&0>>22&0x3C@
20&0x00FF0000=0x00010000" -j CONNMARK --or-mark 0x1000000
08-15 21:21:09.382 D/IptablesRestoreController( 688): -A st_clear_detect -m
connmark --mark 0x1000000/0x1000000 -j RETURN
08-15 21:21:09.382 D/IptablesRestoreController( 688): -A st_clear_detect -p tcp -m
state --state ESTABLISHED -m u32 --u32 "0>>22&0x3C@ 12>>26&0x3C@ 0&0x0=0x0" -j
st_clear_caught
08-15 21:21:09.382 D/IptablesRestoreController( 688): -A st_clear_detect -p udp -j
st_clear_caught
08-15 21:21:09.382 D/IptablesRestoreController( 688): COMMIT
08-15 21:21:09.384 D/IptablesRestoreController( 688): [iptables debug]iptables-
restore execute done, res : 0
08-15 21:21:09.384 D/IptablesRestoreController( 688): [iptables debug]iptables-
restore execute *filter
08-15 21:21:09.384 D/IptablesRestoreController( 688): -A st_penalty_log -j
CONNMARK --or-mark 0x1000000
08-15 21:21:09.384 D/IptablesRestoreController( 688): -A st_penalty_log -j NFLOG
--nflog-group 0
08-15 21:21:09.384 D/IptablesRestoreController( 688): -A st_penalty_reject -j
CONNMARK --or-mark 0x2000000
08-15 21:21:09.384 D/IptablesRestoreController( 688): -A st_penalty_reject -j
NFLOG --nflog-group 0
08-15 21:21:09.384 D/IptablesRestoreController( 688): -A st_penalty_reject -j
REJECT
08-15 21:21:09.384 D/IptablesRestoreController( 688): -A st_clear_detect -m
connmark --mark 0x2000000/0x2000000 -j REJECT
08-15 21:21:09.384 D/IptablesRestoreController( 688): -A st_clear_detect -m
connmark --mark 0x1000000/0x1000000 -j RETURN
08-15 21:21:09.384 D/IptablesRestoreController( 688): -A st_clear_detect -p tcp -m
u32 --u32 "52>>26&0x3C@ 40&0xFFFF0000=0x16030000 &&52>>26&0x3C@
44&0x00FF0000=0x00010000" -j CONNMARK --or-mark 0x1000000
08-15 21:21:09.384 D/IptablesRestoreController( 688): -A st_clear_detect -p udp -m
u32 --u32 "48&0xFFFF0000=0x16FE0000 &&60&0x00FF0000=0x00010000" -j CONNMARK --or-
mark 0x1000000
08-15 21:21:09.384 D/IptablesRestoreController( 688): -A st_clear_detect -m
connmark --mark 0x1000000/0x1000000 -j RETURN
08-15 21:21:09.384 D/IptablesRestoreController( 688): -A st_clear_detect -p tcp -m
state --state ESTABLISHED -m u32 --u32 "52>>26&0x3C@ 40&0x0=0x0" -j st_clear_caught
08-15 21:21:09.384 D/IptablesRestoreController( 688): -A st_clear_detect -p udp -j
st_clear_caught
08-15 21:21:09.384 D/IptablesRestoreController( 688): COMMIT
08-15 21:21:09.386 D/IptablesRestoreController( 688): [iptables debug]iptables-
restore execute done, res : 0
08-15 21:21:09.386 I/netd ( 688): Setting up StrictController hooks: 6381us
08-15 21:21:09.386 D/IptablesRestoreController( 688): [iptables debug]iptables-
restore execute *nat
08-15 21:21:09.386 D/IptablesRestoreController( 688): :mec_nat_OUTPUT -
08-15 21:21:09.386 D/IptablesRestoreController( 688): COMMIT
08-15 21:21:09.388 D/IptablesRestoreController( 688): [iptables debug]iptables-
restore execute done, res : 0
08-15 21:21:09.388 I/netd ( 688): Setting up MecController::makeMecChain()
hooks: 2052us
08-15 21:21:09.388 D/IptablesRestoreController( 688): [iptables debug]iptables-
restore execute *filter
08-15 21:21:09.388 D/IptablesRestoreController( 688): :limit -
08-15 21:21:09.388 D/IptablesRestoreController( 688): -A limit -p tcp ! --tcp-
flags FIN,SYN,RST NONE -j RETURN
08-15 21:21:09.388 D/IptablesRestoreController( 688): -A limit -p tcp --tcp-flags
ACK ACK -m length --length 0:53 -j RETURN
08-15 21:21:09.388 D/IptablesRestoreController( 688): -A limit -p tcp --dport 53 -
j RETURN
08-15 21:21:09.388 D/IptablesRestoreController( 688): -A limit -p udp --dport 53 -
j RETURN
08-15 21:21:09.388 D/IptablesRestoreController( 688): -A INPUT -p all -j limit
08-15 21:21:09.388 D/IptablesRestoreController( 688): COMMIT
08-15 21:21:09.391 D/IptablesRestoreController( 688): [iptables debug]iptables-
restore execute done, res : 0
08-15 21:21:09.391 I/netd ( 688): Setting up NetlimitControl hooks: 2745us
08-15 21:21:09.391 I/ClatdController( 688): 4.9+ kernel and device shipped with P
clat ebpf might work.
08-15 21:21:09.391 I/netd ( 688): Initializing ClatdController: 161us
08-15 21:21:09.392 I/netd ( 688): Initializing traffic control: 672us
08-15 21:21:09.392 D/IptablesRestoreController( 688): [iptables debug]iptables-
restore execute *filter
08-15 21:21:09.392 D/IptablesRestoreController( 688): -S
08-15 21:21:09.392 D/IptablesRestoreController( 688): COMMIT
08-15 21:21:09.393 D/IptablesRestoreController( 688): [iptables debug]iptables-
restore execute done, res : 0
08-15 21:21:09.393 D/IptablesRestoreController( 688): [iptables debug]iptables-
restore execute *filter
08-15 21:21:09.393 D/IptablesRestoreController( 688): :bw_INPUT -
08-15 21:21:09.393 D/IptablesRestoreController( 688): :bw_OUTPUT -
08-15 21:21:09.393 D/IptablesRestoreController( 688): :bw_FORWARD -
08-15 21:21:09.393 D/IptablesRestoreController( 688): :bw_happy_box -
08-15 21:21:09.393 D/IptablesRestoreController( 688): :bw_penalty_box -
08-15 21:21:09.393 D/IptablesRestoreController( 688): :bw_data_saver -
08-15 21:21:09.393 D/IptablesRestoreController( 688): :bw_costly_shared -
08-15 21:21:09.393 D/IptablesRestoreController( 688): :bw_global_alert -
08-15 21:21:09.393 D/IptablesRestoreController( 688): :bw_foc_box -
08-15 21:21:09.393 D/IptablesRestoreController( 688): COMMIT
08-15 21:21:09.393 D/IptablesRestoreController( 688): *raw
08-15 21:21:09.393 D/IptablesRestoreController( 688): :bw_raw_PREROUTING -
08-15 21:21:09.393 D/IptablesRestoreController( 688): COMMIT
08-15 21:21:09.393 D/IptablesRestoreController( 688): *mangle
08-15 21:21:09.393 D/IptablesRestoreController( 688): :bw_mangle_POSTROUTING -
08-15 21:21:09.393 D/IptablesRestoreController( 688): COMMIT
08-15 21:21:09.396 D/IptablesRestoreController( 688): [iptables debug]iptables-
restore execute done, res : 0
08-15 21:21:09.396 D/IptablesRestoreController( 688): [iptables debug]iptables-
restore execute *filter
08-15 21:21:09.396 D/IptablesRestoreController( 688): -A bw_INPUT -j
bw_global_alert
08-15 21:21:09.396 D/IptablesRestoreController( 688): -A bw_INPUT -p esp -j RETURN
08-15 21:21:09.396 D/IptablesRestoreController( 688): -A bw_INPUT -m mark --mark
0x100000/0x100000 -j RETURN
08-15 21:21:09.396 D/IptablesRestoreController( 688):
08-15 21:21:09.396 D/IptablesRestoreController( 688): -A bw_INPUT -j MARK --or-
mark 0x100000
08-15 21:21:09.396 D/IptablesRestoreController( 688): -A bw_OUTPUT -j
bw_global_alert
08-15 21:21:09.396 D/IptablesRestoreController( 688):
08-15 21:21:09.396 D/IptablesRestoreController( 688):
08-15 21:21:09.396 D/IptablesRestoreController( 688):
08-15 21:21:09.396 D/IptablesRestoreController( 688):
08-15 21:21:09.396 D/IptablesRestoreController( 688): -A bw_costly_shared -j
bw_penalty_box
08-15 21:21:09.396 D/IptablesRestoreController( 688): -I bw_penalty_box -m bpf --
object-pinned /sys/fs/bpf/prog_netd_skfilter_blacklist_xtbpf -j REJECT
08-15 21:21:09.396 D/IptablesRestoreController( 688): -A bw_penalty_box -j
bw_happy_box
08-15 21:21:09.396 D/IptablesRestoreController( 688): -A bw_happy_box -j
bw_data_saver
08-15 21:21:09.396 D/IptablesRestoreController( 688): -A bw_data_saver -j RETURN
08-15 21:21:09.396 D/IptablesRestoreController( 688): -I bw_happy_box -m bpf --
object-pinned /sys/fs/bpf/prog_netd_skfilter_whitelist_xtbpf -j RETURN
08-15 21:21:09.396 D/IptablesRestoreController( 688): COMMIT
08-15 21:21:09.396 D/IptablesRestoreController( 688): *raw
08-15 21:21:09.396 D/IptablesRestoreController( 688): -A bw_raw_PREROUTING -i
ipsec+ -j RETURN
08-15 21:21:09.396 D/IptablesRestoreController( 688): -A bw_raw_PREROUTING -m
policy --pol ipsec --dir in -j RETURN
08-15 21:21:09.396 D/IptablesRestoreController( 688): -A bw_raw_PREROUTING -m bpf
--object-pinned /sys/fs/bpf/prog_netd_skfilter_ingress_xtbpf
08-15 21:21:09.396 D/IptablesRestoreController( 688): COMMIT
08-15 21:21:09.396 D/IptablesRestoreController( 688): *mangle
08-15 21:21:09.396 D/IptablesRestoreController( 688): -A bw_mangle_POSTROUTING -o
ipsec+ -j RETURN
08-15 21:21:09.396 D/IptablesRestoreController( 688): -A bw_mangle_POSTROUTING -m
policy --pol ipsec --dir out -j RETURN
08-15 21:21:09.396 D/IptablesRestoreController( 688): -A bw_mangle_POSTROUTING -j
MARK --set-mark 0x0/0x100000
08-15 21:21:09.396 D/IptablesRestoreController( 688): -A bw_mangle_POSTROUTING -m
owner --uid-owner clat -j RETURN
08-15 21:21:09.396 D/IptablesRestoreController( 688): -A bw_ma
08-15 21:21:09.403 D/IptablesRestoreController( 688): [iptables debug]iptables-
restore execute done, res : 0
08-15 21:21:09.403 I/netd ( 688): Enabling bandwidth control: 10824us
08-15 21:21:09.404 I/netd ( 688): Initializing RouteController: 1088us
08-15 21:21:09.404 D/XfrmController( 688): XfrmController::ipSecAddXfrmInterface,
line=1377
08-15 21:21:09.405 D/XfrmController( 688):
XfrmController::ipSecRemoveTunnelInterface, line=1590
08-15 21:21:09.405 D/XfrmController( 688): deviceName=ipsec_test
08-15 21:21:09.408 I/engmode_tlc( 675): Wait for ta response(150/3000)
08-15 21:21:09.457 I/ServiceManager( 687): Waiting for service 'statscompanion' on
'/dev/binder'...
08-15 21:21:09.458 I/engmode_tlc( 675): Wait for ta response(200/3000)
08-15 21:21:09.498 D/XfrmController( 688): Sending Netlink XFRM Message:
XFRM_MSG_FLUSHSA
08-15 21:21:09.498 D/XfrmController( 688): Sending Netlink XFRM Message:
XFRM_MSG_FLUSHPOLICY
08-15 21:21:09.498 I/netd ( 688): Initializing XfrmController: 94503us
08-15 21:21:09.502 I/libnetd_resolv( 688): resolv_init: Initializing resolver
08-15 21:21:09.508 I/engmode_tlc( 675): Wait for ta response(250/3000)
08-15 21:21:09.509 I/BOOT ( 720): MSM target '', SoC 'IDP', HwID '355', SoC ver
'65536'
08-15 21:21:09.513 I/servicemanager( 554): Adding 'u:r:netd:s0' service
(dnsresolver:688)
08-15 21:21:09.515 I/servicemanager( 554): Adding 'u:r:netd:s0' service (netd:688)
08-15 21:21:09.520 I/engmode_tlc( 675): em_tlc_send_qsee : cmd is done(0x00000000)
08-15 21:21:09.521 I/engmode_tlc( 675): em_tlc_qsee_clear : Shutdown app
08-15 21:21:09.521 D/QSEECOMAPI( 675): QSEECom_dealloc_memory
08-15 21:21:09.521 D/QSEECOMAPI( 675): QSEECom_shutdown_app, app_id = 9
08-15 21:21:09.522 I/engmode_tlc( 675): em_tlc_qsee_clear : Shutdown is done
08-15 21:21:09.522 I/engmode_tlc( 675): Nwd api = 0x00000000, Swd internal =
0x00000000
08-15 21:21:09.522 I/engmode_tlc( 675): Wait kill signal
08-15 21:21:09.557 I/ServiceManager( 687): Waiting for service 'statscompanion' on
'/dev/binder'...
08-15 21:21:09.558 I/engmode_tlc( 675): TA reply response, pass waiting
08-15 21:21:09.558 I/engmode_tlc( 675): Done waiting thread(isTimeOut:FALSE)
08-15 21:21:09.558 I/engmode_tlc( 675): em tlc send result 0x00000000
08-15 21:21:09.558 I/engmode_tlc( 675): kill thread (518105009344)
08-15 21:21:09.559 I/engmode_tlc( 675): Got signal 10, tid: 518105009344
08-15 21:21:09.559 I/engmode_tlc( 675): tlc thr cleanup
08-15 21:21:09.561 I/engmode_steady( 675): read from steady(11264)
08-15 21:21:09.566 I/engmode_steady( 675): read from steady(69632)
08-15 21:21:09.567 I/engmode_world( 675): No server time
08-15 21:21:09.567 I/engmode_tlc( 675): EM version = 30.5.00
08-15 21:21:09.567 I/engmode_tlc( 675): EM C/C : 00000003/00000002
08-15 21:21:09.567 I/engmode_tlc( 675): TA Thread is running(518105009344/0)
08-15 21:21:09.567 I/engmode_tlc( 675): em_tlc_send_qsee : Try load app
08-15 21:21:09.567 D/QSEECOMAPI( 675): QSEECom_get_handle sb_length = 0x425c0
08-15 21:21:09.567 D/QSEECOMAPI( 675): App is not loaded in QSEE
08-15 21:21:09.567 D/QSEECOMAPI( 675): app_arch = 1, total_files = 9
08-15 21:21:09.617 I/engmode_tlc( 675): Wait for ta response(50/3000)
08-15 21:21:09.618 I/vaultkeeper( 653): There is no
property(ro.factory.factory_binary)
08-15 21:21:09.618 I/VaultKeeper_COMMON( 653): VK 4.2.3 [Client]
/vendor/bin/vaultkeeperd. => [Vault] VK. [CMD NO.] 5928
08-15 21:21:09.618 I/VaultKeeper_COMMON( 653): [CMD:INITIALIZE]
08-15 21:21:09.626 D/QSEECOMAPI( 653): QSEECom_get_handle sb_length = 0x1ae40
08-15 21:21:09.644 D/QSEECOMAPI( 675): Loaded image: APP id = 10
08-15 21:21:09.644 D/QSEECOMAPI( 653): App is not loaded in QSEE
08-15 21:21:09.645 D/QSEECOMAPI( 653): app_arch = 1, total_files = 9
08-15 21:21:09.645 I/engmode_tlc( 675): em_tlc_send_qsee : Loading app is done
08-15 21:21:09.645 I/engmode_tlc( 675): em_tlc_send_qsee : send command
08-15 21:21:09.646 E/ion ( 653): ioctl c0044901 failed with code -1:
Inappropriate ioctl for device
08-15 21:21:09.660 I/ServiceManager( 687): Waiting for service 'statscompanion' on
'/dev/binder'...
08-15 21:21:09.667 I/engmode_tlc( 675): Wait for ta response(100/3000)
08-15 21:21:09.701 I/appproc ( 689): !@Boot_EBS_F: start zygote from appmain
08-15 21:21:09.702 D/AndroidRuntime( 689): >>>>>> START
com.android.internal.os.ZygoteInit uid 0 <<<<<<
08-15 21:21:09.717 I/engmode_tlc( 675): Wait for ta response(150/3000)
08-15 21:21:09.727 D/AndroidRuntime( 690): >>>>>> START
com.android.internal.os.ZygoteInit uid 0 <<<<<<
08-15 21:21:09.736 I/engmode_tlc( 675): em_tlc_send_qsee : cmd is done(0x00000000)
08-15 21:21:09.737 I/engmode_tlc( 675): em_tlc_qsee_clear : Shutdown app
08-15 21:21:09.737 D/QSEECOMAPI( 675): QSEECom_dealloc_memory
08-15 21:21:09.737 D/QSEECOMAPI( 675): QSEECom_shutdown_app, app_id = 10
08-15 21:21:09.742 I/AndroidRuntime( 689): Using default boot image
08-15 21:21:09.742 I/AndroidRuntime( 689): Leaving lock profiling enabled
08-15 21:21:09.743 D/SecNativeFeatureCppIf( 689): encoded
08-15 21:21:09.743 D/SecNativeFeatureCppIf( 689): decoding and unzip finish
08-15 21:21:09.743 D/SecNativeFeatureCppIf( 689): use unCompDataBuff. encoded
08-15 21:21:09.743 D/SecNativeFeatureCppIf( 689): Free unCompDataBuff
08-15 21:21:09.743 D/SecNativeFeatureCppIf( 689): encoded
08-15 21:21:09.743 D/SecNativeFeatureCppIf( 689): decoding and unzip finish
08-15 21:21:09.743 D/SecNativeFeatureCppIf( 689): use unCompDataBuff. encoded
08-15 21:21:09.743 D/SecNativeFeatureCppIf( 689): Free unCompDataBuff
08-15 21:21:09.743 D/SecNativeFeatureCppIf( 689): encoded
08-15 21:21:09.743 D/SecNativeFeatureCppIf( 689): decoding and unzip finish
08-15 21:21:09.743 D/SecNativeFeatureCppIf( 689): use unCompDataBuff. encoded
08-15 21:21:09.743 D/SecNativeFeatureCppIf( 689): Free unCompDataBuff
08-15 21:21:09.743 D/SecNativeFeatureCppIf( 689): encoded
08-15 21:21:09.743 D/SecNativeFeatureCppIf( 689): decoding and unzip finish
08-15 21:21:09.743 D/SecNativeFeatureCppIf( 689): use unCompDataBuff. encoded
08-15 21:21:09.743 D/SecNativeFeatureCppIf( 689): Free unCompDataBuff
08-15 21:21:09.743 D/AndroidRuntime( 689): addProductProperty: pBrand1 is not null
08-15 21:21:09.743 D/AndroidRuntime( 689): addProductProperty: not brand or 7
08-15 21:21:09.749 I/zygote64( 689): option[0]=-Xzygote
08-15 21:21:09.749 I/zygote64( 689): option[1]=exit
08-15 21:21:09.749 I/zygote64( 689): option[2]=vfprintf
08-15 21:21:09.749 I/zygote64( 689): option[3]=sensitiveThread
08-15 21:21:09.749 I/zygote64( 689): option[4]=-verbose:gc
08-15 21:21:09.749 I/zygote64( 689): option[5]=-XX:PerfettoHprof=true
08-15 21:21:09.749 I/zygote64( 689): option[6]=-Xprimaryzygote
08-15 21:21:09.749 I/zygote64( 689): option[7]=-Xms8m
08-15 21:21:09.749 I/zygote64( 689): option[8]=-Xmx512m
08-15 21:21:09.749 I/zygote64( 689): option[9]=-XX:HeapMinFree=2m
08-15 21:21:09.749 I/zygote64( 689): option[10]=-XX:HeapMaxFree=8m
08-15 21:21:09.749 I/zygote64( 689): option[11]=-XX:HeapTargetUtilization=0.75
08-15 21:21:09.749 I/zygote64( 689): option[12]=-Xusejit:true
08-15 21:21:09.749 I/zygote64( 689): option[13]=-Xjitsaveprofilinginfo
08-15 21:21:09.749 I/zygote64( 689): option[14]=-XjdwpOptions:suspend=n,server=y
08-15 21:21:09.749 I/zygote64( 689): option[15]=-XjdwpProvider:default
08-15 21:21:09.749 I/zygote64( 689): option[16]=-Xopaque-jni-ids:swapable
08-15 21:21:09.749 I/zygote64( 689): option[17]=-Xlockprofthreshold:500
08-15 21:21:09.749 I/zygote64( 689): option[18]=-Xcompiler-option
08-15 21:21:09.749 I/zygote64( 689): option[19]=--instruction-set-variant=generic
08-15 21:21:09.749 I/zygote64( 689): option[20]=-Xcompiler-option
08-15 21:21:09.749 I/zygote64( 689): option[21]=--instruction-set-features=default
08-15 21:21:09.749 I/zygote64( 689): option[22]=-Xcompiler-option
08-15 21:21:09.749 I/zygote64( 689): option[23]=--generate-mini-debug-info
08-15 21:21:09.749 I/zygote64( 689): option[24]=-Ximage-compiler-option
08-15 21:21:09.749 I/zygote64( 689): option[25]=--runtime-arg
08-15 21:21:09.749 I/zygote64( 689): option[26]=-Ximage-compiler-option
08-15 21:21:09.749 I/zygote64( 689): option[27]=-Xms64m
08-15 21:21:09.749 I/zygote64( 689): option[28]=-Ximage-compiler-option
08-15 21:21:09.749 I/zygote64( 689): option[29]=--runtime-arg
08-15 21:21:09.749 I/zygote64( 689): option[30]=-Ximage-compiler-option
08-15 21:21:09.749 I/zygote64( 689): option[31]=-Xmx64m
08-15 21:21:09.749 I/zygote64( 689): option[32]=-Ximage-compiler-option
08-15 21:21:09.749 I/zygote64( 689):
option[33]=--dirty-image-objects=/system/etc/dirty-image-objects
08-15 21:21:09.749 I/zygote64( 689): option[34]=-Ximage-compiler-option
08-15 21:21:09.749 I/zygote64( 689): option[35]=--instruction-set-variant=generic
08-15 21:21:09.749 I/zygote64( 689): option[36]=-Ximage-compiler-option
08-15 21:21:09.749 I/zygote64( 689): option[37]=--instruction-set-features=default
08-15 21:21:09.749 I/zygote64( 689): option[38]=-Ximage-compiler-option
08-15 21:21:09.749 I/zygote64( 689): option[39]=--generate-mini-debug-info
08-15 21:21:09.749 I/zygote64( 689): option[40]=-Duser.locale=pt-BR
08-15 21:21:09.749 I/zygote64( 689): option[41]=--cpu-abilist=arm64-v8a
08-15 21:21:09.749 I/zygote64( 689):
option[42]=-Xfingerprint:samsung/a70qxtc/a70q:11/RP1A.200720.012/A705MNXXS5DWD1:use
r/release-keys
08-15 21:21:09.761 I/ServiceManager( 687): Waiting for service 'statscompanion' on
'/dev/binder'...
08-15 21:21:09.762 W/zygote64( 689): Failed to open pruning marker:
/efs/recovery/pruning_arm64: No such file or directory
08-15 21:21:09.764 I/AndroidRuntime( 690): Using default boot image
08-15 21:21:09.764 I/AndroidRuntime( 690): Leaving lock profiling enabled
08-15 21:21:09.765 D/SecNativeFeatureCppIf( 690): encoded
08-15 21:21:09.765 D/SecNativeFeatureCppIf( 690): decoding and unzip finish
08-15 21:21:09.765 D/SecNativeFeatureCppIf( 690): use unCompDataBuff. encoded
08-15 21:21:09.765 D/SecNativeFeatureCppIf( 690): Free unCompDataBuff
08-15 21:21:09.766 D/SecNativeFeatureCppIf( 690): encoded
08-15 21:21:09.766 D/SecNativeFeatureCppIf( 690): decoding and unzip finish
08-15 21:21:09.766 D/SecNativeFeatureCppIf( 690): use unCompDataBuff. encoded
08-15 21:21:09.766 D/SecNativeFeatureCppIf( 690): Free unCompDataBuff
08-15 21:21:09.766 D/SecNativeFeatureCppIf( 690): encoded
08-15 21:21:09.766 D/SecNativeFeatureCppIf( 690): decoding and unzip finish
08-15 21:21:09.766 D/SecNativeFeatureCppIf( 690): use unCompDataBuff. encoded
08-15 21:21:09.767 D/SecNativeFeatureCppIf( 690): Free unCompDataBuff
08-15 21:21:09.767 D/SecNativeFeatureCppIf( 690): encoded
08-15 21:21:09.767 D/SecNativeFeatureCppIf( 690): decoding and unzip finish
08-15 21:21:09.767 D/SecNativeFeatureCppIf( 690): use unCompDataBuff. encoded
08-15 21:21:09.767 D/SecNativeFeatureCppIf( 690): Free unCompDataBuff
08-15 21:21:09.767 I/engmode_tlc( 675): Wait for ta response(200/3000)
08-15 21:21:09.768 D/AndroidRuntime( 690): addProductProperty: pBrand1 is not null
08-15 21:21:09.768 D/AndroidRuntime( 690): addProductProperty: not brand or 7
08-15 21:21:09.775 I/zygote ( 690): option[0]=-Xzygote
08-15 21:21:09.775 I/zygote ( 690): option[1]=exit
08-15 21:21:09.775 I/zygote ( 690): option[2]=vfprintf
08-15 21:21:09.775 I/zygote ( 690): option[3]=sensitiveThread
08-15 21:21:09.775 I/zygote ( 690): option[4]=-verbose:gc
08-15 21:21:09.775 I/zygote ( 690): option[5]=-XX:PerfettoHprof=true
08-15 21:21:09.775 I/zygote ( 690): option[6]=-Xms8m
08-15 21:21:09.775 I/zygote ( 690): option[7]=-Xmx512m
08-15 21:21:09.775 I/zygote ( 690): option[8]=-XX:HeapMinFree=2m
08-15 21:21:09.775 I/zygote ( 690): option[9]=-XX:HeapMaxFree=8m
08-15 21:21:09.775 I/zygote ( 690): option[10]=-XX:HeapTargetUtilization=0.75
08-15 21:21:09.775 I/zygote ( 690): option[11]=-Xusejit:true
08-15 21:21:09.775 I/zygote ( 690): option[12]=-Xjitsaveprofilinginfo
08-15 21:21:09.775 I/zygote ( 690): option[13]=-XjdwpOptions:suspend=n,server=y
08-15 21:21:09.775 I/zygote ( 690): option[14]=-XjdwpProvider:default
08-15 21:21:09.775 I/zygote ( 690): option[15]=-Xopaque-jni-ids:swapable
08-15 21:21:09.775 I/zygote ( 690): option[16]=-Xlockprofthreshold:500
08-15 21:21:09.775 I/zygote ( 690): option[17]=-Xcompiler-option
08-15 21:21:09.775 I/zygote ( 690): option[18]=--instruction-set-variant=cortex-
a9
08-15 21:21:09.775 I/zygote ( 690): option[19]=-Xcompiler-option
08-15 21:21:09.775 I/zygote ( 690): option[20]=--instruction-set-features=default
08-15 21:21:09.775 I/zygote ( 690): option[21]=-Xcompiler-option
08-15 21:21:09.775 I/zygote ( 690): option[22]=--generate-mini-debug-info
08-15 21:21:09.775 I/zygote ( 690): option[23]=-Ximage-compiler-option
08-15 21:21:09.775 I/zygote ( 690): option[24]=--runtime-arg
08-15 21:21:09.775 I/zygote ( 690): option[25]=-Ximage-compiler-option
08-15 21:21:09.775 I/zygote ( 690): option[26]=-Xms64m
08-15 21:21:09.775 I/zygote ( 690): option[27]=-Ximage-compiler-option
08-15 21:21:09.775 I/zygote ( 690): option[28]=--runtime-arg
08-15 21:21:09.775 I/zygote ( 690): option[29]=-Ximage-compiler-option
08-15 21:21:09.775 I/zygote ( 690): option[30]=-Xmx64m
08-15 21:21:09.775 I/zygote ( 690): option[31]=-Ximage-compiler-option
08-15 21:21:09.776 I/zygote ( 690):
option[32]=--dirty-image-objects=/system/etc/dirty-image-objects
08-15 21:21:09.776 I/zygote ( 690): option[33]=-Ximage-compiler-option
08-15 21:21:09.776 I/zygote ( 690): option[34]=--instruction-set-variant=cortex-
a9
08-15 21:21:09.776 I/zygote ( 690): option[35]=-Ximage-compiler-option
08-15 21:21:09.776 I/zygote ( 690): option[36]=--instruction-set-features=default
08-15 21:21:09.776 I/zygote ( 690): option[37]=-Ximage-compiler-option
08-15 21:21:09.776 I/zygote ( 690): option[38]=--generate-mini-debug-info
08-15 21:21:09.776 I/zygote ( 690): option[39]=-Duser.locale=pt-BR
08-15 21:21:09.776 I/zygote ( 690): option[40]=--cpu-abilist=armeabi-v7a,armeabi
08-15 21:21:09.776 I/zygote ( 690):
option[41]=-Xfingerprint:samsung/a70qxtc/a70q:11/RP1A.200720.012/A705MNXXS5DWD1:use
r/release-keys
08-15 21:21:09.784 D/QSEECOMAPI( 653): Loaded image: APP id = 11
08-15 21:21:09.785 W/zygote ( 690): Could not reserve sentinel fault page
08-15 21:21:09.785 I/engmode_tlc( 675): em_tlc_qsee_clear : Shutdown is done
08-15 21:21:09.785 I/engmode_tlc( 675): Nwd api = 0x00000000, Swd internal =
0xf02d0010
08-15 21:21:09.785 I/engmode_tlc( 675): Wait kill signal
08-15 21:21:09.789 W/zygote ( 690): Failed to open pruning marker:
/efs/recovery/pruning_arm: No such file or directory
08-15 21:21:09.818 I/engmode_tlc( 675): TA reply response, pass waiting
08-15 21:21:09.818 I/engmode_tlc( 675): Done waiting thread(isTimeOut:FALSE)
08-15 21:21:09.818 I/engmode_tlc( 675): em tlc send result 0x00000000
08-15 21:21:09.818 I/engmode_tlc( 675): kill thread (518105009344)
08-15 21:21:09.818 I/engmode_tlc( 675): Got signal 10, tid: 518105009344
08-15 21:21:09.818 I/engmode_tlc( 675): tlc thr cleanup
08-15 21:21:09.818 E/engmode_world( 675): Failed emIsTokenInstalled(0xf02d0010)
08-15 21:21:09.818 I/engmode_binder_server( 675): VERSION = 20/0xf02d0010
08-15 21:21:09.818 I/engmode_cache_list( 675): clist created(20)
08-15 21:21:09.818 I/engmode_binder_server( 675): Notify To Cp count (0)
08-15 21:21:09.818 E/engmode_ril_command( 675): Failed to Connect_RILD, ret : 4
08-15 21:21:09.818 E/engmode_ril_command( 675): Connect to fail(-803209197).
08-15 21:21:09.818 I/engmode_binder_server( 675): Notify To Cp count (1)
08-15 21:21:09.818 E/engmode_ril_command( 675): Failed to Connect_RILD, ret : 4
08-15 21:21:09.818 E/engmode_ril_command( 675): Connect to fail(-803209197).
08-15 21:21:09.818 I/engmode_binder_server( 675): Notify To Cp count (2)
08-15 21:21:09.818 E/engmode_ril_command( 675): Failed to Connect_RILD, ret : 4
08-15 21:21:09.818 E/engmode_ril_command( 675): Connect to fail(-803209197).
08-15 21:21:09.818 I/engmode_binder_server( 675): Notify To Cp count (3)
08-15 21:21:09.818 E/engmode_ril_command( 675): Failed to Connect_RILD, ret : 4
08-15 21:21:09.818 E/engmode_ril_command( 675): Connect to fail(-803209197).
08-15 21:21:09.818 I/engmode_binder_server( 675): Notify To Cp count (4)
08-15 21:21:09.818 E/engmode_ril_command( 675): Failed to Connect_RILD, ret : 4
08-15 21:21:09.818 E/engmode_ril_command( 675): Connect to fail(-803209197).
08-15 21:21:09.818 I/engmode_binder_server( 675): Notify To Cp count (5)
08-15 21:21:09.818 E/engmode_ril_command( 675): Failed to Connect_RILD, ret : 4
08-15 21:21:09.818 E/engmode_ril_command( 675): Connect to fail(-803209197).
08-15 21:21:09.818 I/engmode_binder_server( 675): Notify To Cp count (6)
08-15 21:21:09.818 E/engmode_ril_command( 675): Failed to Connect_RILD, ret : 4
08-15 21:21:09.818 E/engmode_ril_command( 675): Connect to fail(-803209197).
08-15 21:21:09.818 I/engmode_binder_server( 675): Notify To Cp count (7)
08-15 21:21:09.818 E/engmode_ril_command( 675): Failed to Connect_RILD, ret : 4
08-15 21:21:09.818 E/engmode_ril_command( 675): Connect to fail(-803209197).
08-15 21:21:09.818 I/engmode_binder_server( 675): Notify To Cp count (8)
08-15 21:21:09.819 E/engmode_ril_command( 675): Failed to Connect_RILD, ret : 4
08-15 21:21:09.819 E/engmode_ril_command( 675): Connect to fail(-803209197).
