01-22 21:50:43.474 10960 10960 E ArmVmp : Match on catch block at 0xc3 in for 0x99
01-22 21:50:43.484 10960 10960 E ArmVmp : Match on catch block at 0xc3 in for 0x91
01-22 21:50:43.489 10960 10960 E ArmVmp : Match on catch block at 0xc3 in for 0x95
01-22 21:50:43.494 10960 10960 E ArmVmp : Match on catch block at 0xc3 in for 0x95
01-22 21:50:43.507 10960 10960 E ArmVmp : Match on catch block at 0xc3 in for 0x99
01-22 21:50:43.512 10960 10960 E ArmVmp : Match on catch block at 0xc3 in for 0x91
01-22 21:50:43.515 10960 10960 E ArmVmp : Match on catch block at 0xc3 in for 0x91
01-22 21:50:43.573 10960 10960 E ArmVmp : Match on catch block at 0xc3 in for 0x95
01-22 21:50:43.583 10960 10960 E ArmVmp : Match on catch block at 0xc3 in for 0x99
01-22 21:50:43.586 10960 10960 E ArmVmp : Match on catch block at 0xc3 in for 0x99
01-22 21:50:43.922 10960 10960 E ArmVmp : Match on catch block at 0xc3 in for 0x91
01-22 21:50:43.928 10960 10960 E ArmVmp : Match on catch block at 0xc3 in for 0x95
01-22 21:50:43.931 10960 10960 E ArmVmp : Match on catch block at 0xc3 in for 0x95
01-22 21:50:44.422 10960 10960 E ArmVmp : Match on catch block at 0xc3 in for 0x99
01-22 21:50:44.429 10960 10960 E ArmVmp : Match on catch block at 0xc3 in for 0x91
01-22 21:50:44.432 10960 10960 E ArmVmp : Match on catch block at 0xc3 in for 0x91
01-22 21:50:44.920 10960 10960 E ArmVmp : Match on catch block at 0xc3 in for 0x95
01-22 21:50:44.927 10960 10960 E ArmVmp : Match on catch block at 0xc3 in for 0x99
01-22 21:50:44.932 10960 10960 E ArmVmp : Match on catch block at 0xc3 in for 0x99
01-22 21:50:45.203 10960 10960 E ArmVmp : Match on catch block at 0xc3 in for 0x91
01-22 21:50:45.209 10960 10960 E ArmVmp : Match on catch block at 0xc3 in for 0x95
01-22 21:50:45.212 10960 10960 E ArmVmp : Match on catch block at 0xc3 in for 0x95
01-22 21:50:45.702 10960 10960 E ArmVmp : Match on catch block at 0xc3 in for 0x99
01-22 21:50:45.710 10960 10960 E ArmVmp : Match on catch block at 0xc3 in for 0x91
01-22 21:50:45.713 10960 10960 E ArmVmp : Match on catch block at 0xc3 in for 0x91
01-22 21:50:46.201 10960 10960 E ArmVmp : Match on catch block at 0xc3 in for 0x95
01-22 21:50:46.207 10960 10960 E ArmVmp : Match on catch block at 0xc3 in for 0x99
01-22 21:50:46.211 10960 10960 E ArmVmp : Match on catch block at 0xc3 in for 0x99
01-22 21:50:46.600 10960 10960 E ArmVmp : Match on catch block at 0xc3 in for 0x91
01-22 21:50:46.605 10960 10960 E ArmVmp : Match on catch block at 0xc3 in for 0x95
01-22 21:50:46.609 10960 10960 E ArmVmp : Match on catch block at 0xc3 in for 0x95
01-22 21:50:46.899 10960 10960 E ArmVmp : Match on catch block at 0xc3 in for 0x99
01-22 21:50:46.905 10960 10960 E ArmVmp : Match on catch block at 0xc3 in for 0x91
01-22 21:50:46.909 10960 10960 E ArmVmp : Match on catch block at 0xc3 in for 0x91
01-22 21:50:47.148 10960 10960 E ArmVmp : Match on catch block at 0xc3 in for 0x95
01-22 21:50:47.155 10960 10960 E ArmVmp : Match on catch block at 0xc3 in for 0x99
01-22 21:50:47.158 10960 10960 E ArmVmp : Match on catch block at 0xc3 in for 0x99
01-22 21:50:47.548 10960 10960 E ArmVmp : Match on catch block at 0xc3 in for 0x91
01-22 21:50:47.552 10960 10960 E ArmVmp : Match on catch block at 0xc3 in for 0x95
01-22 21:50:47.556 10960 10960 E ArmVmp : Match on catch block at 0xc3 in for 0x95
01-22 21:50:47.814 10960 10960 E ArmVmp : Match on catch block at 0xc3 in for 0x99
01-22 21:50:47.819 10960 10960 E ArmVmp : Match on catch block at 0xc3 in for 0x91
01-22 21:50:47.822 10960 10960 E ArmVmp : Match on catch block at 0xc3 in for 0x91
01-22 21:50:48.080 10960 10960 E ArmVmp : Match on catch block at 0xc3 in for 0x95
01-22 21:50:48.086 10960 10960 E ArmVmp : Match on catch block at 0xc3 in for 0x99
01-22 21:50:48.089 10960 10960 E ArmVmp : Match on catch block at 0xc3 in for 0x99
01-22 21:50:48.579 10960 10960 E ArmVmp : Match on catch block at 0xc3 in for 0x91
01-22 21:50:48.585 10960 10960 E ArmVmp : Match on catch block at 0xc3 in for 0x95
01-22 21:50:48.589 10960 10960 E ArmVmp : Match on catch block at 0xc3 in for 0x95
01-22 21:50:48.845 10960 10960 E ArmVmp : Match on catch block at 0xc3 in for 0x99
01-22 21:50:48.853 10960 10960 E ArmVmp : Match on catch block at 0xc3 in for 0x91
01-22 21:50:48.857 10960 10960 E ArmVmp : Match on catch block at 0xc3 in for 0x91
01-22 21:50:49.028 10960 10960 E ArmVmp : Match on catch block at 0xc3 in for 0x95
01-22 21:50:49.033 10960 10960 E ArmVmp : Match on catch block at 0xc3 in for 0x99
01-22 21:50:49.037 10960 10960 E ArmVmp : Match on catch block at 0xc3 in for 0x99
01-22 21:50:49.527 10960 10960 E ArmVmp : Match on catch block at 0xc3 in for 0x91
01-22 21:50:49.533 10960 10960 E ArmVmp : Match on catch block at 0xc3 in for 0x95
01-22 21:50:49.536 10960 10960 E ArmVmp : Match on catch block at 0xc3 in for 0x95
01-22 21:50:50.026 10960 10960 E ArmVmp : Match on catch block at 0xc3 in for 0x99
01-22 21:50:50.031 10960 10960 E ArmVmp : Match on catch block at 0xc3 in for 0x91
01-22 21:50:50.035 10960 10960 E ArmVmp : Match on catch block at 0xc3 in for 0x91
01-22 21:50:50.526 10960 10960 E ArmVmp : Match on catch block at 0xc3 in for 0x95
01-22 21:50:50.531 10960 10960 E ArmVmp : Match on catch block at 0xc3 in for 0x99
01-22 21:50:50.535 10960 10960 E ArmVmp : Match on catch block at 0xc3 in for 0x99
01-22 21:50:50.875 10960 10960 E ArmVmp : Match on catch block at 0xc3 in for 0x91
01-22 21:50:50.880 10960 10960 E ArmVmp : Match on catch block at 0xc3 in for 0x95
01-22 21:50:50.884 10960 10960 E ArmVmp : Match on catch block at 0xc3 in for 0x95
01-22 21:50:50.936 10960 10960 E ArmVmp : Match on catch block at 0xc3 in for 0x91
01-22 21:50:50.940 10960 10960 E ArmVmp : Match on catch block at 0xc3 in for 0x95
01-22 21:50:50.943 10960 10960 E ArmVmp : Match on catch block at 0xc3 in for 0x95
01-22 21:50:50.950 10960 10960 W IInputConnectionWrapper: getTextBeforeCursor on
inactive InputConnection
01-22 21:50:50.976 10960 10960 E ArmVmp : Match on catch block at 0xc3 in for 0x91
01-22 21:50:50.980 10960 10960 E ArmVmp : Match on catch block at 0xc3 in for 0x95
01-22 21:50:50.987 10960 10960 W IInputConnectionWrapper: getTextAfterCursor on
inactive InputConnection
01-22 21:50:51.049 10960 10960 E ArmVmp : Match on catch block at 0xc3 in for 0x95
01-22 21:50:51.054 10960 10960 E ArmVmp : Match on catch block at 0xc3 in for 0x99
01-22 21:50:51.062 10960 10960 W IInputConnectionWrapper: getSelectedText on
inactive InputConnection
01-22 21:50:51.083 10960 10960 E ArmVmp : Match on catch block at 0xc3 in for 0x99
01-22 21:50:51.088 10960 10960 E ArmVmp : Match on catch block at 0xc3 in for 0x91
01-22 21:50:51.101 10960 10960 W IInputConnectionWrapper: getTextBeforeCursor on
inactive InputConnection
01-22 21:50:51.105 10960 10960 E ArmVmp : Match on catch block at 0xc3 in for 0x91
01-22 21:50:51.111 10960 10960 E ArmVmp : Match on catch block at 0xc3 in for 0x95
01-22 21:50:51.118 10960 10960 E ArmVmp : Match on catch block at 0xc3 in for 0x91
01-22 21:50:51.125 10960 10960 E ArmVmp : Match on catch block at 0xc3 in for 0x95
01-22 21:50:51.129 10960 10960 W IInputConnectionWrapper: getTextBeforeCursor on
inactive InputConnection
01-22 21:50:51.140 10960 10960 E ArmVmp : Match on catch block at 0xc3 in for 0x91
01-22 21:50:51.146 10960 10960 E ArmVmp : Match on catch block at 0xc3 in for 0x95
01-22 21:50:51.344 10960 10960 E ArmVmp : Match on catch block at 0xc3 in for 0x91
01-22 21:50:51.348 10960 10960 E ArmVmp : Match on catch block at 0xc3 in for 0x95
01-22 21:50:51.356 10960 11870 W MediaPlayer: Use of stream types is deprecated for
operations other than volume control
01-22 21:50:51.356 10960 11870 W MediaPlayer: See the documentation of
setAudioStreamType() for what to use instead with android.media.AudioAttributes to
qualify your playback use case
01-22 21:50:51.358 10960 10960 E ArmVmp : Match on catch block at 0xc3 in for 0x91
01-22 21:50:51.364 10960 10960 E ArmVmp : Match on catch block at 0xc3 in for 0x95
01-22 21:50:51.439 10960 10960 E ArmVmp : Match on catch block at 0xc3 in for 0x91
01-22 21:50:51.445 10960 10960 E ArmVmp : Match on catch block at 0xc3 in for 0x95
01-22 21:50:51.938 10960 10960 E ArmVmp : Match on catch block at 0xc3 in for 0x91
01-22 21:50:51.943 10960 10960 E ArmVmp : Match on catch block at 0xc3 in for 0x95
01-22 21:50:52.195 10960 10960 E ArmVmp : Match on catch block at 0xc3 in for 0x91
01-22 21:50:52.200 10960 10960 E ArmVmp : Match on catch block at 0xc3 in for 0x95
01-22 21:50:52.220 10960 10960 E ArmVmp : Match on catch block at 0xc3 in for 0x91
01-22 21:50:52.225 10960 10960 E ArmVmp : Match on catch block at 0xc3 in for 0x95
01-22 21:50:52.242 10960 10960 E ArmVmp : Match on catch block at 0xc3 in for 0x95
01-22 21:50:52.247 10960 10960 E ArmVmp : Match on catch block at 0xc3 in for 0x99
01-22 21:50:52.413 10960 10960 E ArmVmp : Match on catch block at 0xc3 in for 0x91
01-22 21:50:52.417 10960 10960 E ArmVmp : Match on catch block at 0xc3 in for 0x95
01-22 21:50:52.445 10960 10960 E ArmVmp : Match on catch block at 0xc3 in for 0x91
01-22 21:50:52.450 10960 10960 E ArmVmp : Match on catch block at 0xc3 in for 0x95
01-22 21:50:52.468 10960 10960 E ArmVmp : Match on catch block at 0xc3 in for 0x91
01-22 21:50:52.475 10960 10960 E ArmVmp : Match on catch block at 0xc3 in for 0x95
01-22 21:50:52.512 10960 10960 E ArmVmp : Match on catch block at 0xc3 in for 0x91
01-22 21:50:52.517 10960 10960 E ArmVmp : Match on catch block at 0xc3 in for 0x95
01-22 21:50:52.760 10960 10960 E ArmVmp : Match on catch block at 0xc3 in for 0x95
01-22 21:50:52.766 10960 10960 E ArmVmp : Match on catch block at 0xc3 in for 0x99
01-22 21:51:10.130 10960 10960 E ArmVmp : Match on catch block at 0x0a in for 0xb1
01-22 21:51:10.141 10960 10960 E ArmVmp : Match on catch block at 0x0a in for 0xb9
01-22 21:51:10.588 10960 10960 E ArmVmp : Match on catch block at 0xc3 in for 0xa1
01-22 21:51:10.597 10960 10960 E ArmVmp : Match on catch block at 0xc3 in for 0xa1
01-22 21:51:10.683 10960 10960 E ArmVmp : Match on catch block at 0xc3 in for 0x99
01-22 21:51:10.688 10960 10960 E ArmVmp : Match on catch block at 0xc3 in for 0x91
01-22 21:51:10.694 10960 10960 E ArmVmp : Match on catch block at 0xc3 in for 0x91
01-22 21:51:10.734 10960 10960 E ArmVmp : Match on catch block at 0xc3 in for 0x99
01-22 21:51:10.738 10960 10960 E ArmVmp : Match on catch block at 0xc3 in for 0x91
01-22 21:51:10.741 10960 10960 E ArmVmp : Match on catch block at 0xc3 in for 0x91
01-22 21:51:10.834 10960 10960 E ArmVmp : Match on catch block at 0xc3 in for 0x91
01-22 21:51:10.838 10960 10960 E ArmVmp : Match on catch block at 0xc3 in for 0x95
01-22 21:51:10.841 10960 10960 E ArmVmp : Match on catch block at 0xc3 in for 0x95
01-22 21:51:10.889 10960 10960 E ArmVmp : Match on catch block at 0xc3 in for 0x99
01-22 21:51:10.894 10960 10960 E ArmVmp : Match on catch block at 0xc3 in for 0x91
01-22 21:51:10.904 10960 10960 E ArmVmp : Match on catch block at 0xc3 in for 0x91
01-22 21:51:11.012 10960 10960 E ArmVmp : Match on catch block at 0xc3 in for 0x99
01-22 21:51:11.017 10960 10960 E ArmVmp : Match on catch block at 0xc3 in for 0x91
01-22 21:51:11.020 10960 10960 E ArmVmp : Match on catch block at 0xc3 in for 0x91
01-22 21:51:11.028 10960 10960 E ArmVmp : Match on catch block at 0xc3 in for 0x95
01-22 21:51:11.034 10960 10960 E ArmVmp : Match on catch block at 0xc3 in for 0x99
01-22 21:51:11.038 10960 10960 E ArmVmp : Match on catch block at 0xc3 in for 0x99
01-22 21:51:11.045 10960 10960 E ArmVmp : Match on catch block at 0xc3 in for 0x91
01-22 21:51:11.051 10960 10960 E ArmVmp : Match on catch block at 0xc3 in for 0x95
01-22 21:51:11.054 10960 10960 E ArmVmp : Match on catch block at 0xc3 in for 0x95
01-22 21:51:11.062 10960 10960 E ArmVmp : Match on catch block at 0xc3 in for 0x99
01-22 21:51:11.068 10960 10960 E ArmVmp : Match on catch block at 0xc3 in for 0x91
01-22 21:51:11.072 10960 10960 E ArmVmp : Match on catch block at 0xc3 in for 0x91
01-22 21:51:11.080 10960 10960 E ArmVmp : Match on catch block at 0xc3 in for 0x99
01-22 21:51:11.085 10960 10960 E ArmVmp : Match on catch block at 0xc3 in for 0x91
01-22 21:51:11.088 10960 10960 E ArmVmp : Match on catch block at 0xc3 in for 0x91
01-22 21:51:11.106 10960 10960 E ArmVmp : Match on catch block at 0xc3 in for 0x95
01-22 21:51:11.112 10960 10960 E ArmVmp : Match on catch block at 0xc3 in for 0x99
01-22 21:51:11.115 10960 10960 E ArmVmp : Match on catch block at 0xc3 in for 0x99
01-22 21:51:11.123 10960 10960 E ArmVmp : Match on catch block at 0xc3 in for 0x91
01-22 21:51:11.127 10960 10960 E ArmVmp : Match on catch block at 0xc3 in for 0x95
01-22 21:51:11.132 10960 10960 E ArmVmp : Match on catch block at 0xc3 in for 0x95
01-22 21:51:11.139 10960 10960 E ArmVmp : Match on catch block at 0xc3 in for 0x91
01-22 21:51:11.144 10960 10960 E ArmVmp : Match on catch block at 0xc3 in for 0x95
01-22 21:51:11.148 10960 10960 E ArmVmp : Match on catch block at 0xc3 in for 0x95
01-22 21:51:11.156 10960 10960 E ArmVmp : Match on catch block at 0xc3 in for 0x99
01-22 21:51:11.162 10960 10960 E ArmVmp : Match on catch block at 0xc3 in for 0x91
01-22 21:51:11.166 10960 10960 E ArmVmp : Match on catch block at 0xc3 in for 0x91
01-22 21:51:11.179 10960 10960 E ArmVmp : Match on catch block at 0xc3 in for 0x99
01-22 21:51:11.185 10960 10960 E ArmVmp : Match on catch block at 0xc3 in for 0x91
01-22 21:51:11.188 10960 10960 E ArmVmp : Match on catch block at 0xc3 in for 0x91
01-22 21:51:11.197 10960 10960 E ArmVmp : Match on catch block at 0xc3 in for 0x99
01-22 21:51:11.202 10960 10960 E ArmVmp : Match on catch block at 0xc3 in for 0x91
01-22 21:51:11.204 10960 10960 E ArmVmp : Match on catch block at 0xc3 in for 0x91
01-22 21:51:11.224 10960 10960 E ArmVmp : Match on catch block at 0xc3 in for 0x91
01-22 21:51:11.229 10960 10960 E ArmVmp : Match on catch block at 0xc3 in for 0x95
01-22 21:51:11.244 10960 10960 E ArmVmp : Match on catch block at 0xc3 in for 0x95
01-22 21:51:11.262 10960 10960 E ArmVmp : Match on catch block at 0xc3 in for 0x91
01-22 21:51:11.267 10960 10960 E ArmVmp : Match on catch block at 0xc3 in for 0x95
01-22 21:51:11.272 10960 10960 E ArmVmp : Match on catch block at 0xc3 in for 0x95
01-22 21:51:11.337 10960 10960 E ArmVmp : Match on catch block at 0xc3 in for 0x99
01-22 21:51:11.343 10960 10960 E ArmVmp : Match on catch block at 0xc3 in for 0x91
01-22 21:51:11.349 10960 10960 E ArmVmp : Match on catch block at 0xc3 in for 0x91
01-22 21:51:11.361 10960 10960 E ArmVmp : Match on catch block at 0xc3 in for 0x95
01-22 21:51:11.368 10960 10960 E ArmVmp : Match on catch block at 0xc3 in for 0x99
01-22 21:51:11.372 10960 10960 E ArmVmp : Match on catch block at 0xc3 in for 0x99
01-22 21:51:11.434 10960 10960 E ArmVmp : Match on catch block at 0xc3 in for 0x95
01-22 21:51:11.441 10960 10960 E ArmVmp : Match on catch block at 0xc3 in for 0x99
01-22 21:51:11.444 10960 10960 E ArmVmp : Match on catch block at 0xc3 in for 0x99
01-22 21:51:11.472 10960 10960 E ArmVmp : Match on catch block at 0xc3 in for 0x91
01-22 21:51:11.477 10960 10960 E ArmVmp : Match on catch block at 0xc3 in for 0x95
01-22 21:51:11.485 10960 10960 E ArmVmp : Match on catch block at 0xc3 in for 0x95
01-22 21:51:11.877 10960 10960 E ArmVmp : Match on catch block at 0xc3 in for 0x99
01-22 21:51:11.883 10960 10960 E ArmVmp : Match on catch block at 0xc3 in for 0x91
01-22 21:51:11.887 10960 10960 E ArmVmp : Match on catch block at 0xc3 in for 0x91
01-22 21:51:12.376 10960 10960 E ArmVmp : Match on catch block at 0xc3 in for 0x95
01-22 21:51:12.381 10960 10960 E ArmVmp : Match on catch block at 0xc3 in for 0x99
01-22 21:51:12.384 10960 10960 E ArmVmp : Match on catch block at 0xc3 in for 0x99
01-22 21:51:12.875 10960 10960 E ArmVmp : Match on catch block at 0xc3 in for 0x91
01-22 21:51:12.880 10960 10960 E ArmVmp : Match on catch block at 0xc3 in for 0x95
01-22 21:51:12.885 10960 10960 E ArmVmp : Match on catch block at 0xc3 in for 0x95
01-22 21:51:13.008 10960 10960 E ArmVmp : Match on catch block at 0xc3 in for 0x99
01-22 21:51:13.013 10960 10960 E ArmVmp : Match on catch block at 0xc3 in for 0x91
01-22 21:51:13.016 10960 10960 E ArmVmp : Match on catch block at 0xc3 in for 0x91
01-22 21:51:13.024 10960 10960 E ArmVmp : Match on catch block at 0xc3 in for 0x95
01-22 21:51:13.030 10960 10960 E ArmVmp : Match on catch block at 0xc3 in for 0x99
01-22 21:51:13.034 10960 10960 E ArmVmp : Match on catch block at 0xc3 in for 0x99
01-22 21:51:13.042 10960 10960 E ArmVmp : Match on catch block at 0xc3 in for 0x91
01-22 21:51:13.049 10960 10960 E ArmVmp : Match on catch block at 0xc3 in for 0x95
01-22 21:51:13.053 10960 10960 E ArmVmp : Match on catch block at 0xc3 in for 0x95
01-22 21:51:13.064 10960 10960 E ArmVmp : Match on catch block at 0xc3 in for 0x99
01-22 21:51:13.078 10960 10960 E ArmVmp : Match on catch block at 0xc3 in for 0x91
01-22 21:51:13.084 10960 10960 E ArmVmp : Match on catch block at 0xc3 in for 0x91
01-22 21:51:13.093 10960 10960 E ArmVmp : Match on catch block at 0xc3 in for 0x95
01-22 21:51:13.101 10960 10960 E ArmVmp : Match on catch block at 0xc3 in for 0x99
01-22 21:51:13.105 10960 10960 E ArmVmp : Match on catch block at 0xc3 in for 0x99
01-22 21:51:13.111 10960 10960 E ArmVmp : Match on catch block at 0xc3 in for 0x91
01-22 21:51:13.117 10960 10960 E ArmVmp : Match on catch block at 0xc3 in for 0x95
01-22 21:51:13.121 10960 10960 E ArmVmp : Match on catch block at 0xc3 in for 0x95
01-22 21:51:13.131 10960 10960 E ArmVmp : Match on catch block at 0xc3 in for 0x99
01-22 21:51:13.138 10960 10960 E ArmVmp : Match on catch block at 0xc3 in for 0x91
01-22 21:51:13.143 10960 10960 E ArmVmp : Match on catch block at 0xc3 in for 0x91
01-22 21:51:13.151 10960 10960 E ArmVmp : Match on catch block at 0xc3 in for 0x95
01-22 21:51:13.159 10960 10960 E ArmVmp : Match on catch block at 0xc3 in for 0x99
01-22 21:51:13.167 10960 10960 E ArmVmp : Match on catch block at 0xc3 in for 0x99
01-22 21:51:13.174 10960 10960 E ArmVmp : Match on catch block at 0xc3 in for 0x91
01-22 21:51:13.184 10960 10960 E ArmVmp : Match on catch block at 0xc3 in for 0x95
01-22 21:51:13.199 10960 10960 E ArmVmp : Match on catch block at 0xc3 in for 0x95
01-22 21:51:13.206 10960 10960 E ArmVmp : Match on catch block at 0xc3 in for 0x99
01-22 21:51:13.212 10960 10960 E ArmVmp : Match on catch block at 0xc3 in for 0x99
01-22 21:51:13.225 10960 10960 E ArmVmp : Match on catch block at 0xc3 in for 0x91
01-22 21:51:13.232 10960 10960 E ArmVmp : Match on catch block at 0xc3 in for 0x95
01-22 21:51:13.236 10960 10960 E ArmVmp : Match on catch block at 0xc3 in for 0x95
01-22 21:51:13.250 10960 10960 E ArmVmp : Match on catch block at 0xc3 in for 0x99
01-22 21:51:13.258 10960 10960 E ArmVmp : Match on catch block at 0xc3 in for 0x91
01-22 21:51:13.264 10960 10960 E ArmVmp : Match on catch block at 0xc3 in for 0x91
01-22 21:51:13.275 10960 10960 E ArmVmp : Match on catch block at 0xc3 in for 0x95
01-22 21:51:13.282 10960 10960 E ArmVmp : Match on catch block at 0xc3 in for 0x99
01-22 21:51:13.287 10960 10960 E ArmVmp : Match on catch block at 0xc3 in for 0x99
01-22 21:51:13.373 10960 10960 E ArmVmp : Match on catch block at 0xc3 in for 0x91
01-22 21:51:13.378 10960 10960 E ArmVmp : Match on catch block at 0xc3 in for 0x95
01-22 21:51:13.381 10960 10960 E ArmVmp : Match on catch block at 0xc3 in for 0x95
01-22 21:51:13.872 10960 10960 E ArmVmp : Match on catch block at 0xc3 in for 0x99
01-22 21:51:13.876 10960 10960 E ArmVmp : Match on catch block at 0xc3 in for 0x91
01-22 21:51:13.880 10960 10960 E ArmVmp : Match on catch block at 0xc3 in for 0x91
01-22 21:51:14.371 10960 10960 E ArmVmp : Match on catch block at 0xc3 in for 0x95
01-22 21:51:14.376 10960 10960 E ArmVmp : Match on catch block at 0xc3 in for 0x99
01-22 21:51:14.379 10960 10960 E ArmVmp : Match on catch block at 0xc3 in for 0x99
01-22 21:51:14.871 10960 10960 E ArmVmp : Match on catch block at 0xc3 in for 0x91
01-22 21:51:14.876 10960 10960 E ArmVmp : Match on catch block at 0xc3 in for 0x95
01-22 21:51:14.879 10960 10960 E ArmVmp : Match on catch block at 0xc3 in for 0x95
01-22 21:51:15.370 10960 10960 E ArmVmp : Match on catch block at 0xc3 in for 0x99
01-22 21:51:15.376 10960 10960 E ArmVmp : Match on catch block at 0xc3 in for 0x91
01-22 21:51:15.380 10960 10960 E ArmVmp : Match on catch block at 0xc3 in for 0x91
01-22 21:51:15.580 10960 10960 E ArmVmp : Match on catch block at 0xc3 in for 0x99
01-22 21:51:15.589 10960 10960 E ArmVmp : Match on catch block at 0xc3 in for 0x91
01-22 21:51:15.593 10960 10960 E ArmVmp : Match on catch block at 0xc3 in for 0x91
01-22 21:51:15.612 10960 10960 E ArmVmp : Match on catch block at 0xc3 in for 0x91
01-22 21:51:15.619 10960 10960 E ArmVmp : Match on catch block at 0xc3 in for 0x95
01-22 21:51:15.625 10960 10960 E ArmVmp : Match on catch block at 0xc3 in for 0x95
01-22 21:51:15.635 10960 10960 E ArmVmp : Match on catch block at 0xc3 in for 0x99
01-22 21:51:15.645 10960 10960 E ArmVmp : Match on catch block at 0xc3 in for 0x91
01-22 21:51:15.652 10960 10960 E ArmVmp : Match on catch block at 0xc3 in for 0x91
01-22 21:51:15.668 10960 10960 E ArmVmp : Match on catch block at 0xc3 in for 0x95
01-22 21:51:15.675 10960 10960 E ArmVmp : Match on catch block at 0xc3 in for 0x99
01-22 21:51:15.679 10960 10960 E ArmVmp : Match on catch block at 0xc3 in for 0x99
01-22 21:51:15.710 10960 10960 E ArmVmp : Match on catch block at 0xc3 in for 0x91
01-22 21:51:15.718 10960 10960 E ArmVmp : Match on catch block at 0xc3 in for 0x95
01-22 21:51:15.722 10960 10960 E ArmVmp : Match on catch block at 0xc3 in for 0x95
01-22 21:51:15.735 10960 10960 E ArmVmp : Match on catch block at 0xc3 in for 0x99
01-22 21:51:15.745 10960 10960 E ArmVmp : Match on catch block at 0xc3 in for 0x91
01-22 21:51:15.748 10960 10960 E ArmVmp : Match on catch block at 0xc3 in for 0x91
01-22 21:51:15.768 10960 10960 E ArmVmp : Match on catch block at 0xc3 in for 0x95
01-22 21:51:15.774 10960 10960 E ArmVmp : Match on catch block at 0xc3 in for 0x99
01-22 21:51:15.778 10960 10960 E ArmVmp : Match on catch block at 0xc3 in for 0x99
01-22 21:51:15.801 10960 10960 E ArmVmp : Match on catch block at 0xc3 in for 0x91
01-22 21:51:15.809 10960 10960 E ArmVmp : Match on catch block at 0xc3 in for 0x95
01-22 21:51:15.832 10960 10960 E ArmVmp : Match on catch block at 0xc3 in for 0x95
01-22 21:51:15.860 10960 10960 E ArmVmp : Match on catch block at 0xc3 in for 0x99
01-22 21:51:15.865 10960 10960 E ArmVmp : Match on catch block at 0xc3 in for 0x91
01-22 21:51:15.872 10960 10960 E ArmVmp : Match on catch block at 0xc3 in for 0x91
01-22 21:51:15.968 10960 10960 E ArmVmp : Match on catch block at 0xc3 in for 0x95
01-22 21:51:15.977 10960 10960 E ArmVmp : Match on catch block at 0xc3 in for 0x99
01-22 21:51:15.980 10960 10960 E ArmVmp : Match on catch block at 0xc3 in for 0x99
01-22 21:51:16.467 10960 10960 E ArmVmp : Match on catch block at 0xc3 in for 0x91
01-22 21:51:16.473 10960 10960 E ArmVmp : Match on catch block at 0xc3 in for 0x95
01-22 21:51:16.477 10960 10960 E ArmVmp : Match on catch block at 0xc3 in for 0x95
01-22 21:51:16.649 10960 10960 E ArmVmp : Match on catch block at 0xc3 in for 0x99
01-22 21:51:16.655 10960 10960 E ArmVmp : Match on catch block at 0xc3 in for 0x91
01-22 21:51:16.663 10960 10960 E ArmVmp : Match on catch block at 0xc3 in for 0x91
01-22 21:51:16.832 10960 10960 E ArmVmp : Match on catch block at 0xc3 in for 0x95
01-22 21:51:16.838 10960 10960 E ArmVmp : Match on catch block at 0xc3 in for 0x99
01-22 21:51:16.846 10960 10960 E ArmVmp : Match on catch block at 0xc3 in for 0x99
01-22 21:51:16.966 10960 10960 E SpannableStringBuilder: SPAN_EXCLUSIVE_EXCLUSIVE
spans cannot have a zero length
01-22 21:51:16.995 10960 10960 E ArmVmp : Match on catch block at 0xc3 in for 0x95
01-22 21:51:17.001 10960 10960 E ArmVmp : Match on catch block at 0xc3 in for 0x99
01-22 21:51:17.007 10960 10960 E ArmVmp : Match on catch block at 0xc3 in for 0x99
01-22 21:51:17.032 10960 10960 E ArmVmp : Match on catch block at 0xc3 in for 0x91
01-22 21:51:17.038 10960 10960 E ArmVmp : Match on catch block at 0xc3 in for 0x95
01-22 21:51:17.042 10960 10960 E ArmVmp : Match on catch block at 0xc3 in for 0x95
01-22 21:51:17.057 10960 10960 E ArmVmp : Match on catch block at 0xc3 in for 0x99
01-22 21:51:17.063 10960 10960 E ArmVmp : Match on catch block at 0xc3 in for 0x91
01-22 21:51:17.068 10960 10960 E ArmVmp : Match on catch block at 0xc3 in for 0x91
01-22 21:51:17.103 10960 10960 E ArmVmp : Match on catch block at 0xc3 in for 0x95
01-22 21:51:17.109 10960 10960 E ArmVmp : Match on catch block at 0xc3 in for 0x99
01-22 21:51:17.113 10960 10960 E ArmVmp : Match on catch block at 0xc3 in for 0x99
01-22 21:51:17.148 10960 10960 E ArmVmp : Match on catch block at 0xc3 in for 0x91
01-22 21:51:17.155 10960 10960 E ArmVmp : Match on catch block at 0xc3 in for 0x95
01-22 21:51:17.159 10960 10960 E ArmVmp : Match on catch block at 0xc3 in for 0x95
01-22 21:51:17.182 10960 10960 E ArmVmp : Match on catch block at 0xc3 in for 0x99
01-22 21:51:17.190 10960 10960 E ArmVmp : Match on catch block at 0xc3 in for 0x91
01-22 21:51:17.193 10960 10960 E ArmVmp : Match on catch block at 0xc3 in for 0x91
01-22 21:51:17.205 10960 10960 E ArmVmp : Match on catch block at 0xc3 in for 0x95
01-22 21:51:17.212 10960 10960 E ArmVmp : Match on catch block at 0xc3 in for 0x99
01-22 21:51:17.215 10960 10960 E ArmVmp : Match on catch block at 0xc3 in for 0x99
01-22 21:51:17.231 10960 10960 E ArmVmp : Match on catch block at 0xc3 in for 0x91
01-22 21:51:17.240 10960 10960 E ArmVmp : Match on catch block at 0xc3 in for 0x95
01-22 21:51:17.245 10960 10960 E ArmVmp : Match on catch block at 0xc3 in for 0x95
01-22 21:51:17.378 10960 10960 E ArmVmp : Match on catch block at 0xc3 in for 0x91
01-22 21:51:17.391 10960 10960 E ArmVmp : Match on catch block at 0xc3 in for 0x95
01-22 21:51:17.395 10960 10960 E ArmVmp : Match on catch block at 0xc3 in for 0x95
01-22 21:51:17.422 10960 10960 E ArmVmp : Match on catch block at 0xc3 in for 0x95
01-22 21:51:17.430 10960 10960 E ArmVmp : Match on catch block at 0xc3 in for 0x99
01-22 21:51:17.435 10960 10960 E ArmVmp : Match on catch block at 0xc3 in for 0x99
01-22 21:51:17.448 10960 10960 E ArmVmp : Match on catch block at 0xc3 in for 0x91
01-22 21:51:17.457 10960 10960 E ArmVmp : Match on catch block at 0xc3 in for 0x95
01-22 21:51:17.461 10960 10960 E ArmVmp : Match on catch block at 0xc3 in for 0x95
01-22 21:51:17.481 10960 10960 E ArmVmp : Match on catch block at 0xc3 in for 0x99
01-22 21:51:17.487 10960 10960 E ArmVmp : Match on catch block at 0xc3 in for 0x91
01-22 21:51:17.490 10960 10960 E ArmVmp : Match on catch block at 0xc3 in for 0x91
01-22 21:51:17.504 10960 10960 E ArmVmp : Match on catch block at 0xc3 in for 0x95
01-22 21:51:17.510 10960 10960 E ArmVmp : Match on catch block at 0xc3 in for 0x99
01-22 21:51:17.513 10960 10960 E ArmVmp : Match on catch block at 0xc3 in for 0x99
01-22 21:51:17.531 10960 10960 E ArmVmp : Match on catch block at 0xc3 in for 0x91
01-22 21:51:17.538 10960 10960 E ArmVmp : Match on catch block at 0xc3 in for 0x95
01-22 21:51:17.541 10960 10960 E ArmVmp : Match on catch block at 0xc3 in for 0x95
01-22 21:51:17.549 10960 10960 E ArmVmp : Match on catch block at 0xc3 in for 0x99
01-22 21:51:17.555 10960 10960 E ArmVmp : Match on catch block at 0xc3 in for 0x91
01-22 21:51:17.560 10960 10960 E ArmVmp : Match on catch block at 0xc3 in for 0x91
01-22 21:51:17.581 10960 10960 E ArmVmp : Match on catch block at 0xc3 in for 0x95
01-22 21:51:17.589 10960 10960 E ArmVmp : Match on catch block at 0xc3 in for 0x99
01-22 21:51:17.594 10960 10960 E ArmVmp : Match on catch block at 0xc3 in for 0x99
01-22 21:51:17.684 10960 10960 E ArmVmp : Match on catch block at 0xc3 in for 0x91
01-22 21:51:17.699 10960 10960 E ArmVmp : Match on catch block at 0xc3 in for 0x95
01-22 21:51:17.705 10960 10960 E ArmVmp : Match on catch block at 0xc3 in for 0x95
01-22 21:51:17.780 10960 10960 E ArmVmp : Match on catch block at 0xc3 in for 0x99
01-22 21:51:17.789 10960 10960 E ArmVmp : Match on catch block at 0xc3 in for 0x91
01-22 21:51:17.793 10960 10960 E ArmVmp : Match on catch block at 0xc3 in for 0x91
01-22 21:51:18.179 10960 10960 E ArmVmp : Match on catch block at 0xc3 in for 0x95
01-22 21:51:18.185 10960 10960 E ArmVmp : Match on catch block at 0xc3 in for 0x99
01-22 21:51:18.188 10960 10960 E ArmVmp : Match on catch block at 0xc3 in for 0x99
01-22 21:51:18.679 10960 10960 E ArmVmp : Match on catch block at 0xc3 in for 0x91
01-22 21:51:18.686 10960 10960 E ArmVmp : Match on catch block at 0xc3 in for 0x95
01-22 21:51:18.689 10960 10960 E ArmVmp : Match on catch block at 0xc3 in for 0x95
01-22 21:51:19.178 10960 10960 E ArmVmp : Match on catch block at 0xc3 in for 0x99
01-22 21:51:19.183 10960 10960 E ArmVmp : Match on catch block at 0xc3 in for 0x91
01-22 21:51:19.187 10960 10960 E ArmVmp : Match on catch block at 0xc3 in for 0x91
01-22 21:51:19.676 10960 10960 E ArmVmp : Match on catch block at 0xc3 in for 0x95
01-22 21:51:19.681 10960 10960 E ArmVmp : Match on catch block at 0xc3 in for 0x99
01-22 21:51:19.685 10960 10960 E ArmVmp : Match on catch block at 0xc3 in for 0x99
01-22 21:51:20.009 10960 10960 E ArmVmp : Match on catch block at 0xc3 in for 0x91
01-22 21:51:20.016 10960 10960 E ArmVmp : Match on catch block at 0xc3 in for 0x95
01-22 21:51:20.019 10960 10960 E ArmVmp : Match on catch block at 0xc3 in for 0x95
01-22 21:51:20.208 10960 10960 E ArmVmp : Match on catch block at 0xc3 in for 0x99
01-22 21:51:20.215 10960 10960 E ArmVmp : Match on catch block at 0xc3 in for 0x91
01-22 21:51:20.220 10960 10960 E ArmVmp : Match on catch block at 0xc3 in for 0x91
01-22 21:51:20.325 10960 10960 E ArmVmp : Match on catch block at 0xc3 in for 0x95
01-22 21:51:20.331 10960 10960 E ArmVmp : Match on catch block at 0xc3 in for 0x99
01-22 21:51:20.339 10960 10960 E ArmVmp : Match on catch block at 0xc3 in for 0x99
01-22 21:51:20.724 10960 10960 E ArmVmp : Match on catch block at 0xc3 in for 0x91
01-22 21:51:20.729 10960 10960 E ArmVmp : Match on catch block at 0xc3 in for 0x95
01-22 21:51:20.734 10960 10960 E ArmVmp : Match on catch block at 0xc3 in for 0x95
01-22 21:51:21.040 10960 10960 E ArmVmp : Match on catch block at 0xc3 in for 0x99
01-22 21:51:21.045 10960 10960 E ArmVmp : Match on catch block at 0xc3 in for 0x91
01-22 21:51:21.049 10960 10960 E ArmVmp : Match on catch block at 0xc3 in for 0x91
01-22 21:51:21.505 10960 10960 E ArmVmp : Match on catch block at 0xc3 in for 0x95
01-22 21:51:21.510 10960 10960 E ArmVmp : Match on catch block at 0xc3 in for 0x99
01-22 21:51:21.513 10960 10960 E ArmVmp : Match on catch block at 0xc3 in for 0x99
01-22 21:51:21.771 10960 10960 E ArmVmp : Match on catch block at 0xc3 in for 0x91
01-22 21:51:21.778 10960 10960 E ArmVmp : Match on catch block at 0xc3 in for 0x95
01-22 21:51:21.782 10960 10960 E ArmVmp : Match on catch block at 0xc3 in for 0x95
01-22 21:51:22.271 10960 10960 E ArmVmp : Match on catch block at 0xc3 in for 0x99
01-22 21:51:22.277 10960 10960 E ArmVmp : Match on catch block at 0xc3 in for 0x91
01-22 21:51:22.281 10960 10960 E ArmVmp : Match on catch block at 0xc3 in for 0x91
01-22 21:51:22.769 10960 10960 E ArmVmp : Match on catch block at 0xc3 in for 0x95
01-22 21:51:22.774 10960 10960 E ArmVmp : Match on catch block at 0xc3 in for 0x99
01-22 21:51:22.777 10960 10960 E ArmVmp : Match on catch block at 0xc3 in for 0x99
01-22 21:51:23.270 10960 10960 E ArmVmp : Match on catch block at 0xc3 in for 0x91
01-22 21:51:23.275 10960 10960 E ArmVmp : Match on catch block at 0xc3 in for 0x95
01-22 21:51:23.277 10960 10960 E ArmVmp : Match on catch block at 0xc3 in for 0x95
01-22 21:51:23.750 10960 10960 E ArmVmp : Match on catch block at 0xc3 in for 0x99
01-22 21:51:23.755 10960 10960 E ArmVmp : Match on catch block at 0xc3 in for 0x91
01-22 21:51:23.757 10960 10960 E ArmVmp : Match on catch block at 0xc3 in for 0x91
01-22 21:51:23.793 10960 10960 E ArmVmp : Match on catch block at 0xc3 in for 0x99
01-22 21:51:23.798 10960 10960 E ArmVmp : Match on catch block at 0xc3 in for 0x91
01-22 21:51:23.801 10960 10960 E ArmVmp : Match on catch block at 0xc3 in for 0x91
01-22 21:51:23.833 10960 10960 E ArmVmp : Match on catch block at 0xc3 in for 0x99
01-22 21:51:23.838 10960 10960 E ArmVmp : Match on catch block at 0xc3 in for 0x91
01-22 21:51:23.910 10960 10960 E ArmVmp : Match on catch block at 0xc3 in for 0x99
01-22 21:51:23.916 10960 10960 E ArmVmp : Match on catch block at 0xc3 in for 0x91
01-22 21:51:23.948 10960 10960 E ArmVmp : Match on catch block at 0xc3 in for 0x95
01-22 21:51:23.957 10960 10960 E ArmVmp : Match on catch block at 0xc3 in for 0x99
01-22 21:51:23.974 10960 10960 E ArmVmp : Match on catch block at 0xc3 in for 0x99
01-22 21:51:23.982 10960 10960 E ArmVmp : Match on catch block at 0xc3 in for 0x91
01-22 21:51:23.992 10960 10960 E ArmVmp : Match on catch block at 0xc3 in for 0x99
01-22 21:51:23.998 10960 10960 E ArmVmp : Match on catch block at 0xc3 in for 0x91
01-22 21:51:24.016 10960 10960 E ArmVmp : Match on catch block at 0xc3 in for 0x99
01-22 21:51:24.022 10960 10960 E ArmVmp : Match on catch block at 0xc3 in for 0x91
01-22 21:51:24.206 10960 10960 E ArmVmp : Match on catch block at 0xc3 in for 0x91
01-22 21:51:24.210 10960 10960 E ArmVmp : Match on catch block at 0xc3 in for 0x95
01-22 21:51:24.218 10960 11870 W MediaPlayer: Use of stream types is deprecated for
operations other than volume control
01-22 21:51:24.218 10960 11870 W MediaPlayer: See the documentation of
setAudioStreamType() for what to use instead with android.media.AudioAttributes to
qualify your playback use case
01-22 21:51:24.219 10960 10960 E ArmVmp : Match on catch block at 0xc3 in for 0x91
01-22 21:51:24.224 10960 10960 E ArmVmp : Match on catch block at 0xc3 in for 0x95
01-22 21:51:24.282 10960 10960 E ArmVmp : Match on catch block at 0xc3 in for 0x91
01-22 21:51:24.288 10960 10960 E ArmVmp : Match on catch block at 0xc3 in for 0x95
01-22 21:51:24.347 10960 10960 E ArmVmp : Match on catch block at 0xc3 in for 0x95
01-22 21:51:24.353 10960 10960 E ArmVmp : Match on catch block at 0xc3 in for 0x99
01-22 21:51:24.370 10960 10960 E ArmVmp : Match on catch block at 0xc3 in for 0x91
01-22 21:51:24.378 10960 10960 E ArmVmp : Match on catch block at 0xc3 in for 0x95
01-22 21:51:24.399 10960 10960 E ArmVmp : Match on catch block at 0xc3 in for 0x91
01-22 21:51:24.405 10960 10960 E ArmVmp : Match on catch block at 0xc3 in for 0x95
01-22 21:51:24.415 10960 10960 E ArmVmp : Match on catch block at 0xc3 in for 0x91
01-22 21:51:24.422 10960 10960 E ArmVmp : Match on catch block at 0xc3 in for 0x95
01-22 21:51:24.432 10960 10960 E ArmVmp : Match on catch block at 0xc3 in for 0x91
01-22 21:51:24.439 10960 10960 E ArmVmp : Match on catch block at 0xc3 in for 0x95
01-22 21:51:24.449 10960 10960 E ArmVmp : Match on catch block at 0xc3 in for 0x91
01-22 21:51:24.455 10960 10960 E ArmVmp : Match on catch block at 0xc3 in for 0x95
01-22 21:51:24.472 10960 10960 E ArmVmp : Match on catch block at 0xc3 in for 0x91
01-22 21:51:24.477 10960 10960 E ArmVmp : Match on catch block at 0xc3 in for 0x95
01-22 21:51:24.499 10960 10960 E ArmVmp : Match on catch block at 0xc3 in for 0x91
01-22 21:51:24.505 10960 10960 E ArmVmp : Match on catch block at 0xc3 in for 0x95
01-22 21:51:24.515 10960 10960 E ArmVmp : Match on catch block at 0xc3 in for 0x91
01-22 21:51:24.521 10960 10960 E ArmVmp : Match on catch block at 0xc3 in for 0x95
01-22 21:51:24.532 10960 10960 E ArmVmp : Match on catch block at 0xc3 in for 0x91
01-22 21:51:24.539 10960 10960 E ArmVmp : Match on catch block at 0xc3 in for 0x95
01-22 21:51:24.850 10960 10960 E ArmVmp : Match on catch block at 0xc3 in for 0x91
01-22 21:51:24.856 10960 10960 E ArmVmp : Match on catch block at 0xc3 in for 0x95
01-22 21:51:24.940 10960 10960 E ArmVmp : Match on catch block at 0xc3 in for 0x95
01-22 21:51:24.947 10960 10960 E ArmVmp : Match on catch block at 0xc3 in for 0x99
01-22 21:51:24.969 10960 10960 E ArmVmp : Match on catch block at 0xc3 in for 0x99
01-22 21:51:24.976 10960 10960 E ArmVmp : Match on catch block at 0xc3 in for 0x91
01-22 21:51:24.994 10960 10960 E ArmVmp : Match on catch block at 0xc3 in for 0x91
01-22 21:51:24.999 10960 10960 E ArmVmp : Match on catch block at 0xc3 in for 0x95
01-22 21:51:25.189 10960 10960 E SpannableStringBuilder: SPAN_EXCLUSIVE_EXCLUSIVE
spans cannot have a zero length
01-22 21:51:25.204 10960 10960 E ArmVmp : Match on catch block at 0xc3 in for 0x91
01-22 21:51:25.209 10960 10960 E ArmVmp : Match on catch block at 0xc3 in for 0x95
01-22 21:51:25.230 10960 10960 E ArmVmp : Match on catch block at 0xc3 in for 0x91
01-22 21:51:25.240 10960 10960 E ArmVmp : Match on catch block at 0xc3 in for 0x95
01-22 21:51:25.250 10960 10960 E ArmVmp : Match on catch block at 0xc3 in for 0x91
01-22 21:51:25.256 10960 10960 E ArmVmp : Match on catch block at 0xc3 in for 0x95
01-22 21:51:25.264 10960 10960 E ArmVmp : Match on catch block at 0xc3 in for 0x91
01-22 21:51:25.270 10960 10960 E ArmVmp : Match on catch block at 0xc3 in for 0x95
01-22 21:51:25.282 10960 10960 E ArmVmp : Match on catch block at 0xc3 in for 0x91
01-22 21:51:25.290 10960 10960 E ArmVmp : Match on catch block at 0xc3 in for 0x95
01-22 21:51:25.299 10960 10960 E ArmVmp : Match on catch block at 0xc3 in for 0x91
01-22 21:51:25.307 10960 10960 E ArmVmp : Match on catch block at 0xc3 in for 0x95
01-22 21:51:25.318 10960 10960 E ArmVmp : Match on catch block at 0xc3 in for 0x91
01-22 21:51:25.329 10960 10960 E ArmVmp : Match on catch block at 0xc3 in for 0x95
01-22 21:51:25.390 10960 10960 E ArmVmp : Match on catch block at 0xc3 in for 0x91
01-22 21:51:25.394 10960 10960 E ArmVmp : Match on catch block at 0xc3 in for 0x95
01-22 21:51:25.402 10960 10960 E ArmVmp : Match on catch block at 0xc3 in for 0x91
01-22 21:51:25.407 10960 10960 E ArmVmp : Match on catch block at 0xc3 in for 0x95
01-22 21:51:25.415 10960 10960 E ArmVmp : Match on catch block at 0xc3 in for 0x91
01-22 21:51:25.421 10960 10960 E ArmVmp : Match on catch block at 0xc3 in for 0x95
01-22 21:51:25.780 10960 10960 E ArmVmp : Match on catch block at 0xc3 in for 0x99
01-22 21:51:25.787 10960 10960 E ArmVmp : Match on catch block at 0xc3 in for 0x91
01-22 21:51:25.802 10960 10960 E ArmVmp : Match on catch block at 0xc3 in for 0x99
01-22 21:51:25.806 10960 10960 E ArmVmp : Match on catch block at 0xc3 in for 0x91
01-22 21:51:25.829 10960 10960 E ArmVmp : Match on catch block at 0xc3 in for 0x95
01-22 21:51:25.835 10960 10960 E ArmVmp : Match on catch block at 0xc3 in for 0x99
01-22 21:51:25.916 10960 10960 E ArmVmp : Match on catch block at 0xc3 in for 0x95
01-22 21:51:25.921 10960 10960 E ArmVmp : Match on catch block at 0xc3 in for 0x99
01-22 21:51:26.145 10960 10960 E ArmVmp : Match on catch block at 0xc3 in for 0x99
01-22 21:51:26.151 10960 10960 E ArmVmp : Match on catch block at 0xc3 in for 0x91
01-22 21:51:35.143 10960 10980 W System : A resource failed to call release.
01-22 21:51:35.149 10960 10980 W System : A resource failed to call release.
01-22 21:51:40.262 10960 10978 W com.mbwhatsapp: Suspending all threads took:
233.069ms
01-22 21:51:41.046 10960 10960 W MessengerIpcClient: Received response for unknown
request: 4
--------- beginning of system
--------- beginning of main
01-22 21:52:54.142 13088 13088 E com.mbwhatsapp: Not starting debugger since
process cannot load the jdwp agent.
01-22 21:52:54.656 13088 13088 W System.err: java.lang.ClassNotFoundException:
mbmodsd.mbmodsw.ui.views.btn.BtnBK
01-22 21:52:54.657 13088 13088 W System.err: at
java.lang.Runtime.nativeLoad(Native Method)
01-22 21:52:54.657 13088 13088 W System.err: at
java.lang.Runtime.nativeLoad(Runtime.java:1131)
01-22 21:52:54.657 13088 13088 W System.err: at
java.lang.Runtime.loadLibrary0(Runtime.java:1085)
01-22 21:52:54.657 13088 13088 W System.err: at
java.lang.Runtime.loadLibrary0(Runtime.java:1008)
01-22 21:52:54.657 13088 13088 W System.err: at
java.lang.System.loadLibrary(System.java:1664)
01-22 21:52:54.657 13088 13088 W System.err: at arm.EpicVm.<clinit>(Unknown
Source:2)
01-22 21:52:54.657 13088 13088 W System.err: at
java.lang.Class.newInstance(Native Method)
01-22 21:52:54.657 13088 13088 W System.err: at
android.app.AppComponentFactory.instantiateApplication(AppComponentFactory.java:76)
01-22 21:52:54.657 13088 13088 W System.err: at
androidx.core.app.CoreComponentFactory.instantiateApplication(Unknown Source:0)
01-22 21:52:54.658 13088 13088 W System.err: at
android.app.Instrumentation.newApplication(Instrumentation.java:1164)
01-22 21:52:54.658 13088 13088 W System.err: at
android.app.LoadedApk.makeApplication(LoadedApk.java:1244)
01-22 21:52:54.658 13088 13088 W System.err: at
android.app.ActivityThread.handleBindApplication(ActivityThread.java:7010)
01-22 21:52:54.658 13088 13088 W System.err: at
android.app.ActivityThread.access$1500(ActivityThread.java:263)
01-22 21:52:54.658 13088 13088 W System.err: at
android.app.ActivityThread$H.handleMessage(ActivityThread.java:2030)
01-22 21:52:54.658 13088 13088 W System.err: at
android.os.Handler.dispatchMessage(Handler.java:106)
01-22 21:52:54.658 13088 13088 W System.err: at
android.os.Looper.loop(Looper.java:268)
01-22 21:52:54.658 13088 13088 W System.err: at
android.app.ActivityThread.main(ActivityThread.java:8014)
01-22 21:52:54.658 13088 13088 W System.err: at
java.lang.reflect.Method.invoke(Native Method)
01-22 21:52:54.658 13088 13088 W System.err: at
com.android.internal.os.RuntimeInit$MethodAndArgsCaller.run(RuntimeInit.java:627)
01-22 21:52:54.658 13088 13088 W System.err: at
com.android.internal.os.ZygoteInit.main(ZygoteInit.java:997)
01-22 21:52:54.708 13088 13088 E libc : Access denied finding property
"ro.vendor.pref_scale_resolution"
01-22 21:52:54.734 13088 13088 E CustomActivityOnCrash: IMPORTANT WARNING! You
already have an UncaughtExceptionHandler, are you sure this is correct? If you use
a custom UncaughtExceptionHandler, you must initialize it AFTER
CustomActivityOnCrash! Installing anyway, but your original handler will not be
called.
01-22 21:52:54.899 13088 13115 W LibraryVersion: Failed to get app version for
libraryName: firebase-iid
01-22 21:52:55.373 13088 13088 W com.mbwhatsapp: Accessing hidden method
Lcom/android/org/conscrypt/OpenSSLSocketImpl;->setUseSessionTickets(Z)V (greylist-
max-q,core-platform-api, reflection, denied)
01-22 21:52:55.374 13088 13088 W com.mbwhatsapp: Accessing hidden method
Lcom/android/org/conscrypt/AbstractConscryptSocket;->setUseSessionTickets(Z)V
(greylist-max-q, reflection, denied)
01-22 21:52:55.878 13088 13148 W com.mbwhatsapp: Class X.2rL failed lock
verification and will run slower.
01-22 21:52:55.878 13088 13148 W com.mbwhatsapp: Common causes for lock
verification issues are non-optimized dex code
01-22 21:52:55.878 13088 13148 W com.mbwhatsapp: and incorrect proguard
optimizations.
01-22 21:52:56.333 13088 13168 W System : ClassLoader referenced unknown path:
system/framework/mediatek-cta.jar
01-22 21:52:57.635 13088 13188 W GmsClient: unable to connect to service:
com.google.android.gms.wearable.BIND on com.google.android.gms
--------- beginning of main
01-22 22:04:59.248 18662 18662 E com.mbwhatsapp: Not starting debugger since
process cannot load the jdwp agent.
01-22 22:04:59.640 18662 18662 W System.err: java.lang.ClassNotFoundException:
mbmodsd.mbmodsw.ui.views.btn.BtnBK
01-22 22:04:59.651 18662 18662 W System.err: at
java.lang.Runtime.nativeLoad(Native Method)
01-22 22:04:59.651 18662 18662 W System.err: at
java.lang.Runtime.nativeLoad(Runtime.java:1131)
01-22 22:04:59.651 18662 18662 W System.err: at
java.lang.Runtime.loadLibrary0(Runtime.java:1085)
01-22 22:04:59.651 18662 18662 W System.err: at
java.lang.Runtime.loadLibrary0(Runtime.java:1008)
01-22 22:04:59.651 18662 18662 W System.err: at
java.lang.System.loadLibrary(System.java:1664)
01-22 22:04:59.651 18662 18662 W System.err: at arm.EpicVm.<clinit>(Unknown
Source:2)
01-22 22:04:59.651 18662 18662 W System.err: at
java.lang.Class.newInstance(Native Method)
01-22 22:04:59.651 18662 18662 W System.err: at
android.app.AppComponentFactory.instantiateApplication(AppComponentFactory.java:76)
01-22 22:04:59.651 18662 18662 W System.err: at
androidx.core.app.CoreComponentFactory.instantiateApplication(Unknown Source:0)
01-22 22:04:59.651 18662 18662 W System.err: at
android.app.Instrumentation.newApplication(Instrumentation.java:1164)
01-22 22:04:59.651 18662 18662 W System.err: at
android.app.LoadedApk.makeApplication(LoadedApk.java:1244)
01-22 22:04:59.651 18662 18662 W System.err: at
android.app.ActivityThread.handleBindApplication(ActivityThread.java:7010)
01-22 22:04:59.651 18662 18662 W System.err: at
android.app.ActivityThread.access$1500(ActivityThread.java:263)
01-22 22:04:59.651 18662 18662 W System.err: at
android.app.ActivityThread$H.handleMessage(ActivityThread.java:2030)
01-22 22:04:59.651 18662 18662 W System.err: at
android.os.Handler.dispatchMessage(Handler.java:106)
01-22 22:04:59.651 18662 18662 W System.err: at
android.os.Looper.loop(Looper.java:268)
01-22 22:04:59.652 18662 18662 W System.err: at
android.app.ActivityThread.main(ActivityThread.java:8014)
01-22 22:04:59.652 18662 18662 W System.err: at
java.lang.reflect.Method.invoke(Native Method)
01-22 22:04:59.652 18662 18662 W System.err: at
com.android.internal.os.RuntimeInit$MethodAndArgsCaller.run(RuntimeInit.java:627)
01-22 22:04:59.652 18662 18662 W System.err: at
com.android.internal.os.ZygoteInit.main(ZygoteInit.java:997)
01-22 22:04:59.700 18662 18662 E libc : Access denied finding property
"ro.vendor.pref_scale_resolution"
01-22 22:04:59.728 18662 18662 E CustomActivityOnCrash: IMPORTANT WARNING! You
already have an UncaughtExceptionHandler, are you sure this is correct? If you use
a custom UncaughtExceptionHandler, you must initialize it AFTER
CustomActivityOnCrash! Installing anyway, but your original handler will not be
called.
01-22 22:04:59.869 18662 18689 W LibraryVersion: Failed to get app version for
libraryName: firebase-iid
01-22 22:05:00.245 18662 18662 W com.mbwhatsapp: Accessing hidden method
Lcom/android/org/conscrypt/OpenSSLSocketImpl;->setUseSessionTickets(Z)V (greylist-
max-q,core-platform-api, reflection, denied)
01-22 22:05:00.246 18662 18662 W com.mbwhatsapp: Accessing hidden method
Lcom/android/org/conscrypt/AbstractConscryptSocket;->setUseSessionTickets(Z)V
(greylist-max-q, reflection, denied)
01-22 22:05:00.677 18662 18721 W com.mbwhatsapp: Class X.2rL failed lock
verification and will run slower.
01-22 22:05:00.677 18662 18721 W com.mbwhatsapp: Common causes for lock
verification issues are non-optimized dex code
01-22 22:05:00.677 18662 18721 W com.mbwhatsapp: and incorrect proguard
optimizations.
01-22 22:05:00.698 18662 18662 W com.mbwhatsapp: Class X.0eU failed lock
verification and will run slower.
--------- beginning of system
01-22 22:05:01.116 18662 18662 W com.mbwhatsapp: Class com.mbwhatsapp.HomeActivity
failed lock verification and will run slower.
01-22 22:05:01.682 18662 18662 E ArmVmp : Match on catch block at 0x0a in for 0xb9
01-22 22:05:01.720 18662 18662 E ArmVmp : Match on catch block at 0x0a in for
0x125
01-22 22:05:01.766 18662 18740 W System : ClassLoader referenced unknown path:
system/framework/mediatek-cta.jar
01-22 22:05:01.826 18662 18686 W System : ClassLoader referenced unknown path:
system/framework/mediatek-cta.jar
01-22 22:05:01.832 18662 18740 W com.mbwhatsapp: Accessing hidden method
Lcom/android/org/conscrypt/ConscryptEngineSocket;->setUseSessionTickets(Z)V
(greylist-max-q,core-platform-api, reflection, denied)
01-22 22:05:01.833 18662 18740 W com.mbwhatsapp: Accessing hidden method
Lcom/android/org/conscrypt/OpenSSLSocketImpl;->setUseSessionTickets(Z)V (greylist-
max-q,core-platform-api, reflection, denied)
01-22 22:05:01.833 18662 18740 W com.mbwhatsapp: Accessing hidden method
Lcom/android/org/conscrypt/AbstractConscryptSocket;->setUseSessionTickets(Z)V
(greylist-max-q, reflection, denied)
01-22 22:05:01.833 18662 18740 W com.mbwhatsapp: Accessing hidden method
Lcom/android/org/conscrypt/ConscryptEngineSocket;->setHostname(Ljava/lang/String;)V
(greylist-max-q,core-platform-api, reflection, denied)
01-22 22:05:01.834 18662 18740 W com.mbwhatsapp: Accessing hidden method
Lcom/android/org/conscrypt/OpenSSLSocketImpl;->setHostname(Ljava/lang/String;)V
(greylist-max-q,core-platform-api, reflection, denied)
01-22 22:05:01.835 18662 18740 W com.mbwhatsapp: Accessing hidden method
Lcom/android/org/conscrypt/AbstractConscryptSocket;->setHostname(Ljava/lang/
String;)V (greylist-max-q, reflection, denied)
01-22 22:05:01.835 18662 18740 W com.mbwhatsapp: Accessing hidden method
Lcom/android/org/conscrypt/OpenSSLSocketImpl;->setAlpnProtocols([B)V (greylist-max-
q,core-platform-api, reflection, denied)
01-22 22:05:01.836 18662 18740 W com.mbwhatsapp: Accessing hidden method
Lcom/android/org/conscrypt/AbstractConscryptSocket;->setAlpnProtocols([B)V
(greylist-max-q, reflection, denied)
01-22 22:05:01.979 18662 18662 E libc : Access denied finding property
"ro.vendor.tgpa_resolution_tuner"
01-22 22:05:01.986 18662 18662 E libc : Access denied finding property
"ro.vendor.scaler_version"
01-22 22:05:01.987 18662 18662 E libc : Access denied finding property
"ro.vendor.scaler_version"
01-22 22:05:02.552 18662 18733 E GED : Failed to get GED Log Buf, err(0)
01-22 22:05:03.073 18662 18781 E ion : ioctl c0044901 failed with code -1:
Invalid argument
01-22 22:05:03.089 18662 18781 E libc : Access denied finding property
"vendor.debug.drm.logv"
01-22 22:05:03.090 18662 18781 E libc : Access denied finding property
"vendor.debug.drm.logv"
01-22 22:05:03.092 18662 18781 E libc : Access denied finding property
"vendor.debug.drm.logd"
01-22 22:05:03.094 18662 18781 E libc : Access denied finding property
"vendor.debug.drm.logv"
01-22 22:05:03.704 18662 18662 E RecyclerView: No adapter attached; skipping layout
01-22 22:05:03.781 18662 18733 E ion : ioctl c0044901 failed with code -1:
Invalid argument
