Lcom/android/org/conscrypt/AbstractConscryptSocket;->getAlpnSelectedProtocol()[B
(greylist-max-q, reflection, denied)
01-21 18:24:56.881 12958 13073 W LOTTIE : Animation contains merge paths. Merge
paths are only supported on KitKat+ and must be manually enabled by calling
enableMergePathsForKitKatAndAbove().
01-21 18:24:56.902 12958 12958 E libc : Access denied finding property
"ro.vendor.tgpa_resolution_tuner"
01-21 18:24:56.937 12958 12958 E libc : Access denied finding property
"ro.vendor.scaler_version"
01-21 18:24:56.939 12958 12958 E libc : Access denied finding property
"ro.vendor.scaler_version"
01-21 18:24:57.119 12958 12958 E ArmVmp : Match on catch block at 0x0a in for 0xc5
01-21 18:24:57.157 12958 12958 W LOTTIE : Animation contains merge paths but they
are disabled.
01-21 18:24:57.823 12958 13077 E ion : ioctl c0044901 failed with code -1:
Invalid argument
01-21 18:24:58.020 12958 13077 E libc : Access denied finding property
"vendor.debug.drm.logv"
01-21 18:24:58.023 12958 13077 E libc : Access denied finding property
"vendor.debug.drm.logv"
01-21 18:24:58.024 12958 13077 E libc : Access denied finding property
"vendor.debug.drm.logd"
01-21 18:24:58.045 12958 13077 E libc : Access denied finding property
"vendor.debug.drm.logv"
01-21 18:24:58.879 12958 12958 E RecyclerView: No adapter attached; skipping layout
01-21 18:24:59.260 12958 12958 E RecyclerView: No adapter attached; skipping layout
01-21 18:24:59.568 12958 13028 E GED : Failed to get GED Log Buf, err(0)
01-21 18:24:59.764 12958 13028 E ion : ioctl c0044901 failed with code -1:
Invalid argument
01-21 18:25:00.775 12958 12958 E ArmVmp : Match on catch block at 0x5b in for 0x79
01-21 18:25:00.941 12958 12958 E ArmVmp : Match on catch block at 0x5b in for 0x75
01-21 18:25:01.334 12958 12958 W pool-4-thread-1: type=1400 audit(0.0:572926): avc:
granted { execute } for
path="/data/data/com.mbwhatsapp/files/decompressed/libs.spk.zst/libgifimage.so"
dev="mmcblk0p39" ino=1284535 scontext=u:r:untrusted_app:s0:c153,c257,c512,c768
tcontext=u:object_r:app_data_file:s0:c153,c257,c512,c768 tclass=file
app=com.mbwhatsapp
01-21 18:25:05.300 12958 12958 W com.mbwhatsapp: Verification of void
X.5pH.A1Z(android.os.Bundle) took 314.811ms (32187.52 bytecodes/s) (163536B
approximate peak alloc)
01-21 18:25:05.628 12958 13141 E linker : library ""
("/apex/com.android.vndk.v30/lib") needed or dlopened by
"/apex/com.android.vndk.v30/lib/libRS_internal.so" is not accessible for the
namespace: [name="rs", ld_library_paths="",
default_library_paths="/apex/com.android.vndk.v30/lib:/vendor/lib",
permitted_paths="/odm/lib:/vendor/lib:/system/vendor/lib:/data"]
01-21 18:25:05.629 12958 13141 E RenderScript: Failed loading RS driver: dlopen
failed: library "" needed or dlopened by
"/apex/com.android.vndk.v30/lib/libRS_internal.so" is not accessible for the
namespace "rs"
01-21 18:25:05.631 12958 13141 E RenderScript: Failed to load runtime , loading
default
01-21 18:25:06.739 12958 12958 E ArmVmp : Match on catch block at 0x0a in for 0xb9
01-21 18:25:06.750 12958 12958 E ArmVmp : Match on catch block at 0x0a in for 0xb9
01-21 18:25:07.443 12958 12958 E ArmVmp : Match on catch block at 0xc3 in for 0xa1
01-21 18:25:07.453 12958 12958 E ArmVmp : Match on catch block at 0xc3 in for 0xa9
01-21 18:25:07.459 12958 12958 E ArmVmp : Match on catch block at 0xc3 in for 0xa9
01-21 18:25:07.741 12958 12958 E ArmVmp : Match on catch block at 0xc3 in for 0x99
01-21 18:25:07.748 12958 12958 E ArmVmp : Match on catch block at 0xc3 in for 0x95
01-21 18:25:07.761 12958 12958 E ArmVmp : Match on catch block at 0xc3 in for 0x95
01-21 18:25:07.965 12958 12958 E ArmVmp : Match on catch block at 0xc3 in for 0x95
01-21 18:25:07.971 12958 12958 E ArmVmp : Match on catch block at 0xc3 in for 0x99
01-21 18:25:07.975 12958 12958 E ArmVmp : Match on catch block at 0xc3 in for 0x99
01-21 18:25:08.169 12958 12958 E ArmVmp : Match on catch block at 0xc3 in for 0x95
01-21 18:25:08.176 12958 12958 E ArmVmp : Match on catch block at 0xc3 in for 0x99
01-21 18:25:08.181 12958 12958 E ArmVmp : Match on catch block at 0xc3 in for 0x99
01-21 18:25:08.327 12958 12958 E ArmVmp : Match on catch block at 0xc3 in for 0x99
01-21 18:25:08.335 12958 12958 E ArmVmp : Match on catch block at 0xc3 in for 0x91
01-21 18:25:08.364 12958 12958 E ArmVmp : Match on catch block at 0xc3 in for 0x91
01-21 18:25:08.371 12958 12958 E ArmVmp : Match on catch block at 0xc3 in for 0x95
01-21 18:25:08.378 12958 12958 E ArmVmp : Match on catch block at 0xc3 in for 0x95
01-21 18:25:08.399 12958 12958 E ArmVmp : Match on catch block at 0xc3 in for 0x91
01-21 18:25:08.409 12958 12958 E ArmVmp : Match on catch block at 0xc3 in for 0x95
01-21 18:25:08.414 12958 12958 E ArmVmp : Match on catch block at 0xc3 in for 0x95
01-21 18:25:08.424 12958 12958 E ArmVmp : Match on catch block at 0xc3 in for 0x99
01-21 18:25:08.430 12958 12958 E ArmVmp : Match on catch block at 0xc3 in for 0x91
01-21 18:25:08.435 12958 12958 E ArmVmp : Match on catch block at 0xc3 in for 0x91
01-21 18:25:08.452 12958 12958 E ArmVmp : Match on catch block at 0xc3 in for 0x95
01-21 18:25:08.466 12958 12958 E ArmVmp : Match on catch block at 0xc3 in for 0x99
01-21 18:25:08.471 12958 12958 E ArmVmp : Match on catch block at 0xc3 in for 0x99
01-21 18:25:08.513 12958 12958 E ArmVmp : Match on catch block at 0xc3 in for 0x99
01-21 18:25:08.519 12958 12958 E ArmVmp : Match on catch block at 0xc3 in for 0x91
01-21 18:25:08.527 12958 12958 E ArmVmp : Match on catch block at 0xc3 in for 0x91
01-21 18:25:08.667 12958 12958 E ArmVmp : Match on catch block at 0xc3 in for 0x99
01-21 18:25:08.673 12958 12958 E ArmVmp : Match on catch block at 0xc3 in for 0x91
01-21 18:25:08.677 12958 12958 E ArmVmp : Match on catch block at 0xc3 in for 0x91
01-21 18:25:08.951 12958 12958 E ArmVmp : Match on catch block at 0xc3 in for 0x91
01-21 18:25:08.958 12958 12958 E ArmVmp : Match on catch block at 0xc3 in for 0x95
01-21 18:25:08.964 12958 12958 E ArmVmp : Match on catch block at 0xc3 in for 0x95
01-21 18:25:09.047 12958 12988 W LibraryVersion: Failed to get app version for
libraryName: firebase-iid
01-21 18:25:09.449 12958 12958 E ArmVmp : Match on catch block at 0xc3 in for 0x99
01-21 18:25:09.467 12958 12958 E ArmVmp : Match on catch block at 0xc3 in for 0x91
01-21 18:25:09.478 12958 12958 E ArmVmp : Match on catch block at 0xc3 in for 0x91
01-21 18:25:09.949 12958 12958 E ArmVmp : Match on catch block at 0xc3 in for 0x95
01-21 18:25:09.955 12958 12958 E ArmVmp : Match on catch block at 0xc3 in for 0x99
01-21 18:25:09.963 12958 12958 E ArmVmp : Match on catch block at 0xc3 in for 0x99
01-21 18:25:10.098 12958 12958 E ArmVmp : Match on catch block at 0xc3 in for 0x91
01-21 18:25:10.108 12958 12958 E ArmVmp : Match on catch block at 0xc3 in for 0x95
01-21 18:25:10.116 12958 12958 E ArmVmp : Match on catch block at 0xc3 in for 0x95
01-21 18:25:10.126 12958 12958 E ArmVmp : Match on catch block at 0xc3 in for 0x99
01-21 18:25:10.147 12958 12958 E ArmVmp : Match on catch block at 0xc3 in for 0x91
01-21 18:25:10.153 12958 12958 E ArmVmp : Match on catch block at 0xc3 in for 0x91
01-21 18:25:10.165 12958 12958 E ArmVmp : Match on catch block at 0xc3 in for 0x95
01-21 18:25:10.183 12958 12958 E ArmVmp : Match on catch block at 0xc3 in for 0x99
01-21 18:25:10.189 12958 12958 E ArmVmp : Match on catch block at 0xc3 in for 0x99
01-21 18:25:10.198 12958 12958 E ArmVmp : Match on catch block at 0xc3 in for 0x91
01-21 18:25:10.207 12958 12958 E ArmVmp : Match on catch block at 0xc3 in for 0x95
01-21 18:25:10.212 12958 12958 E ArmVmp : Match on catch block at 0xc3 in for 0x95
01-21 18:25:10.226 12958 12958 E ArmVmp : Match on catch block at 0xc3 in for 0x99
01-21 18:25:10.240 12958 12958 E ArmVmp : Match on catch block at 0xc3 in for 0x91
01-21 18:25:10.254 12958 12958 E ArmVmp : Match on catch block at 0xc3 in for 0x91
01-21 18:25:10.271 12958 12958 E ArmVmp : Match on catch block at 0xc3 in for 0x95
01-21 18:25:10.288 12958 12958 E ArmVmp : Match on catch block at 0xc3 in for 0x99
01-21 18:25:10.296 12958 12958 E ArmVmp : Match on catch block at 0xc3 in for 0x99
01-21 18:25:10.305 12958 12958 E ArmVmp : Match on catch block at 0xc3 in for 0x91
01-21 18:25:10.315 12958 12958 E ArmVmp : Match on catch block at 0xc3 in for 0x95
01-21 18:25:10.322 12958 12958 E ArmVmp : Match on catch block at 0xc3 in for 0x95
01-21 18:25:10.331 12958 12958 E ArmVmp : Match on catch block at 0xc3 in for 0x99
01-21 18:25:10.359 12958 12958 E ArmVmp : Match on catch block at 0xc3 in for 0x91
01-21 18:25:10.364 12958 12958 E ArmVmp : Match on catch block at 0xc3 in for 0x91
01-21 18:25:10.379 12958 12958 E ArmVmp : Match on catch block at 0xc3 in for 0x99
01-21 18:25:10.391 12958 12958 E ArmVmp : Match on catch block at 0xc3 in for 0x91
01-21 18:25:10.395 12958 12958 E ArmVmp : Match on catch block at 0xc3 in for 0x91
01-21 18:25:10.447 12958 12958 E ArmVmp : Match on catch block at 0xc3 in for 0x95
01-21 18:25:10.457 12958 12958 E ArmVmp : Match on catch block at 0xc3 in for 0x99
01-21 18:25:10.464 12958 12958 E ArmVmp : Match on catch block at 0xc3 in for 0x99
01-21 18:25:10.743 12958 12958 E ArmVmp : Match on catch block at 0xc3 in for 0x91
01-21 18:25:10.749 12958 12958 E ArmVmp : Match on catch block at 0xc3 in for 0x95
01-21 18:25:10.755 12958 12958 E ArmVmp : Match on catch block at 0xc3 in for 0x95
01-21 18:25:10.767 12958 12958 E ArmVmp : Match on catch block at 0xc3 in for 0x99
01-21 18:25:10.789 12958 12958 E ArmVmp : Match on catch block at 0xc3 in for 0x91
01-21 18:25:10.794 12958 12958 E ArmVmp : Match on catch block at 0xc3 in for 0x91
01-21 18:25:11.046 12958 12958 E ArmVmp : Match on catch block at 0xc3 in for 0x95
01-21 18:25:11.054 12958 12958 E ArmVmp : Match on catch block at 0xc3 in for 0x99
01-21 18:25:11.059 12958 12958 E ArmVmp : Match on catch block at 0xc3 in for 0x99
01-21 18:25:11.545 12958 12958 E ArmVmp : Match on catch block at 0xc3 in for 0x91
01-21 18:25:11.553 12958 12958 E ArmVmp : Match on catch block at 0xc3 in for 0x95
01-21 18:25:11.561 12958 12958 E ArmVmp : Match on catch block at 0xc3 in for 0x95
01-21 18:25:11.868 12958 12958 E ArmVmp : Match on catch block at 0xc3 in for 0x95
01-21 18:25:11.876 12958 12958 E ArmVmp : Match on catch block at 0xc3 in for 0x99
01-21 18:25:11.881 12958 12958 E ArmVmp : Match on catch block at 0xc3 in for 0x99
01-21 18:25:11.890 12958 12958 E ArmVmp : Match on catch block at 0xc3 in for 0x91
01-21 18:25:11.902 12958 12958 E ArmVmp : Match on catch block at 0xc3 in for 0x95
01-21 18:25:11.912 12958 12958 E ArmVmp : Match on catch block at 0xc3 in for 0x95
01-21 18:25:12.067 12958 12958 E ArmVmp : Match on catch block at 0xc3 in for 0x95
01-21 18:25:12.086 12958 12958 E ArmVmp : Match on catch block at 0xc3 in for 0x99
01-21 18:25:12.095 12958 12958 E ArmVmp : Match on catch block at 0xc3 in for 0x99
01-21 18:25:12.329 12958 12958 E ArmVmp : Match on catch block at 0xc3 in for 0x91
01-21 18:25:12.334 12958 12958 E ArmVmp : Match on catch block at 0xc3 in for 0x95
01-21 18:25:12.338 12958 12958 E ArmVmp : Match on catch block at 0xc3 in for 0x95
01-21 18:25:12.353 12958 12958 E ArmVmp : Match on catch block at 0xc3 in for 0x99
01-21 18:25:12.362 12958 12958 E ArmVmp : Match on catch block at 0xc3 in for 0x91
01-21 18:25:12.367 12958 12958 E ArmVmp : Match on catch block at 0xc3 in for 0x91
01-21 18:25:12.415 12958 12958 E ArmVmp : Match on catch block at 0xc3 in for 0x91
01-21 18:25:12.421 12958 12958 E ArmVmp : Match on catch block at 0xc3 in for 0x95
01-21 18:25:12.425 12958 12958 E ArmVmp : Match on catch block at 0xc3 in for 0x95
01-21 18:25:12.743 12958 12958 E ArmVmp : Match on catch block at 0xc3 in for 0x99
01-21 18:25:12.758 12958 12958 E ArmVmp : Match on catch block at 0xc3 in for 0x91
01-21 18:25:12.763 12958 12958 E ArmVmp : Match on catch block at 0xc3 in for 0x91
01-21 18:25:13.293 12958 12958 E ArmVmp : Match on catch block at 0xc3 in for 0x91
01-21 18:25:13.298 12958 12958 E ArmVmp : Match on catch block at 0xc3 in for 0x95
01-21 18:25:13.302 12958 12958 E ArmVmp : Match on catch block at 0xc3 in for 0x95
01-21 18:25:13.363 12958 12958 E ArmVmp : Match on catch block at 0xc3 in for 0x95
01-21 18:25:13.383 12958 12958 E ArmVmp : Match on catch block at 0xc3 in for 0x99
01-21 18:25:13.387 12958 12958 E ArmVmp : Match on catch block at 0xc3 in for 0x99
01-21 18:25:13.407 12958 12958 E ArmVmp : Match on catch block at 0xc3 in for 0x91
01-21 18:25:13.418 12958 12958 E ArmVmp : Match on catch block at 0xc3 in for 0x95
01-21 18:25:13.422 12958 12958 E ArmVmp : Match on catch block at 0xc3 in for 0x95
01-21 18:25:13.447 12958 12958 E ArmVmp : Match on catch block at 0xc3 in for 0x99
01-21 18:25:13.453 12958 12958 E ArmVmp : Match on catch block at 0xc3 in for 0x91
01-21 18:25:13.465 12958 12958 E ArmVmp : Match on catch block at 0xc3 in for 0x91
01-21 18:25:13.491 12958 12958 E ArmVmp : Match on catch block at 0xc3 in for 0x95
01-21 18:25:13.497 12958 12958 E ArmVmp : Match on catch block at 0xc3 in for 0x99
01-21 18:25:13.502 12958 12958 E ArmVmp : Match on catch block at 0xc3 in for 0x99
01-21 18:25:13.546 12958 12958 E ArmVmp : Match on catch block at 0xc3 in for 0x91
01-21 18:25:13.553 12958 12958 E ArmVmp : Match on catch block at 0xc3 in for 0x95
01-21 18:25:13.565 12958 12958 E ArmVmp : Match on catch block at 0xc3 in for 0x95
01-21 18:25:13.626 12958 12958 E ArmVmp : Match on catch block at 0xc3 in for 0x99
01-21 18:25:13.635 12958 12958 E ArmVmp : Match on catch block at 0xc3 in for 0x91
01-21 18:25:13.642 12958 12958 E ArmVmp : Match on catch block at 0xc3 in for 0x91
01-21 18:25:13.873 12958 12958 E ArmVmp : Match on catch block at 0xc3 in for 0x95
01-21 18:25:13.882 12958 12958 E ArmVmp : Match on catch block at 0xc3 in for 0x99
01-21 18:25:13.888 12958 12958 E ArmVmp : Match on catch block at 0xc3 in for 0x99
01-21 18:25:13.900 12958 12958 E ArmVmp : Match on catch block at 0xc3 in for 0x91
01-21 18:25:13.908 12958 12958 E ArmVmp : Match on catch block at 0xc3 in for 0x95
01-21 18:25:13.915 12958 12958 E ArmVmp : Match on catch block at 0xc3 in for 0x95
01-21 18:25:13.923 12958 12958 E ArmVmp : Match on catch block at 0xc3 in for 0x99
01-21 18:25:13.928 12958 12958 E ArmVmp : Match on catch block at 0xc3 in for 0x91
01-21 18:25:13.932 12958 12958 E ArmVmp : Match on catch block at 0xc3 in for 0x91
01-21 18:25:13.939 12958 12958 E ArmVmp : Match on catch block at 0xc3 in for 0x95
01-21 18:25:13.948 12958 12958 E ArmVmp : Match on catch block at 0xc3 in for 0x99
01-21 18:25:13.952 12958 12958 E ArmVmp : Match on catch block at 0xc3 in for 0x99
01-21 18:25:13.959 12958 12958 E ArmVmp : Match on catch block at 0xc3 in for 0x91
01-21 18:25:13.968 12958 12958 E ArmVmp : Match on catch block at 0xc3 in for 0x95
01-21 18:25:13.974 12958 12958 E ArmVmp : Match on catch block at 0xc3 in for 0x95
01-21 18:25:13.988 12958 12958 E ArmVmp : Match on catch block at 0xc3 in for 0x99
01-21 18:25:13.997 12958 12958 E ArmVmp : Match on catch block at 0xc3 in for 0x91
01-21 18:25:14.006 12958 12958 E ArmVmp : Match on catch block at 0xc3 in for 0x91
01-21 18:25:14.014 12958 12958 E ArmVmp : Match on catch block at 0xc3 in for 0x95
01-21 18:25:14.031 12958 12958 E ArmVmp : Match on catch block at 0xc3 in for 0x99
01-21 18:25:14.042 12958 12958 E ArmVmp : Match on catch block at 0xc3 in for 0x99
01-21 18:25:14.050 12958 12958 E ArmVmp : Match on catch block at 0xc3 in for 0x91
01-21 18:25:14.062 12958 12958 E ArmVmp : Match on catch block at 0xc3 in for 0x95
01-21 18:25:14.066 12958 12958 E ArmVmp : Match on catch block at 0xc3 in for 0x95
01-21 18:25:14.074 12958 12958 E ArmVmp : Match on catch block at 0xc3 in for 0x99
01-21 18:25:14.087 12958 12958 E ArmVmp : Match on catch block at 0xc3 in for 0x91
01-21 18:25:14.093 12958 12958 E ArmVmp : Match on catch block at 0xc3 in for 0x91
01-21 18:25:14.119 12958 12958 E ArmVmp : Match on catch block at 0xc3 in for 0x95
01-21 18:25:14.130 12958 12958 E ArmVmp : Match on catch block at 0xc3 in for 0x99
01-21 18:25:14.150 12958 12958 E ArmVmp : Match on catch block at 0xc3 in for 0x99
01-21 18:25:14.172 12958 12958 E ArmVmp : Match on catch block at 0xc3 in for 0x91
01-21 18:25:14.203 12958 12958 E ArmVmp : Match on catch block at 0xc3 in for 0x95
01-21 18:25:14.207 12958 12958 E ArmVmp : Match on catch block at 0xc3 in for 0x95
01-21 18:25:14.671 12958 12958 E ArmVmp : Match on catch block at 0xc3 in for 0x99
01-21 18:25:14.683 12958 12958 E ArmVmp : Match on catch block at 0xc3 in for 0x91
01-21 18:25:14.688 12958 12958 E ArmVmp : Match on catch block at 0xc3 in for 0x91
01-21 18:25:15.170 12958 12958 E ArmVmp : Match on catch block at 0xc3 in for 0x95
01-21 18:25:15.178 12958 12958 E ArmVmp : Match on catch block at 0xc3 in for 0x99
01-21 18:25:15.182 12958 12958 E ArmVmp : Match on catch block at 0xc3 in for 0x99
01-21 18:25:15.305 12958 12958 E ArmVmp : Match on catch block at 0xc3 in for 0x99
01-21 18:25:15.312 12958 12958 E ArmVmp : Match on catch block at 0xc3 in for 0x91
01-21 18:25:15.317 12958 12958 E ArmVmp : Match on catch block at 0xc3 in for 0x91
01-21 18:25:15.438 12958 12958 E ArmVmp : Match on catch block at 0xc3 in for 0x91
01-21 18:25:15.443 12958 12958 E ArmVmp : Match on catch block at 0xc3 in for 0x95
01-21 18:25:15.447 12958 12958 E ArmVmp : Match on catch block at 0xc3 in for 0x95
01-21 18:25:15.466 12958 12958 W IInputConnectionWrapper: getTextBeforeCursor on
inactive InputConnection
01-21 18:25:15.492 12958 12958 E ArmVmp : Match on catch block at 0xc3 in for 0x99
01-21 18:25:15.496 12958 12958 E ArmVmp : Match on catch block at 0xc3 in for 0x91
01-21 18:25:15.503 12958 12958 W IInputConnectionWrapper: getTextAfterCursor on
inactive InputConnection
01-21 18:25:15.506 12958 12958 E ArmVmp : Match on catch block at 0xc3 in for 0x99
01-21 18:25:15.517 12958 12958 E ArmVmp : Match on catch block at 0xc3 in for 0x91
01-21 18:25:15.528 12958 12958 W IInputConnectionWrapper: getSelectedText on
inactive InputConnection
01-21 18:25:15.537 12958 12958 E ArmVmp : Match on catch block at 0xc3 in for 0x99
01-21 18:25:15.552 12958 12958 E ArmVmp : Match on catch block at 0xc3 in for 0x91
01-21 18:25:15.557 12958 12958 W IInputConnectionWrapper: getTextBeforeCursor on
inactive InputConnection
01-21 18:25:15.570 12958 12958 E ArmVmp : Match on catch block at 0xc3 in for 0x99
01-21 18:25:15.575 12958 12958 E ArmVmp : Match on catch block at 0xc3 in for 0x91
01-21 18:25:15.581 12958 12958 W IInputConnectionWrapper: getTextBeforeCursor on
inactive InputConnection
01-21 18:25:15.586 12958 12958 E ArmVmp : Match on catch block at 0xc3 in for 0x99
01-21 18:25:15.592 12958 12958 E ArmVmp : Match on catch block at 0xc3 in for 0x91
01-21 18:25:15.603 12958 12958 E ArmVmp : Match on catch block at 0xc3 in for 0x99
01-21 18:25:15.608 12958 12958 E ArmVmp : Match on catch block at 0xc3 in for 0x91
01-21 18:25:15.619 12958 12958 E ArmVmp : Match on catch block at 0xc3 in for 0x99
01-21 18:25:15.626 12958 12958 E ArmVmp : Match on catch block at 0xc3 in for 0x91
01-21 18:25:15.796 12958 12958 E ArmVmp : Match on catch block at 0xc3 in for 0x99
01-21 18:25:15.801 12958 12958 E ArmVmp : Match on catch block at 0xc3 in for 0x91
01-21 18:25:15.815 12958 12958 E ArmVmp : Match on catch block at 0xc3 in for 0x91
01-21 18:25:15.821 12958 12958 E ArmVmp : Match on catch block at 0xc3 in for 0x95
01-21 18:25:15.918 12958 12958 E ArmVmp : Match on catch block at 0xc3 in for 0x91
01-21 18:25:15.927 12958 12958 E ArmVmp : Match on catch block at 0xc3 in for 0x95
01-21 18:25:16.128 12958 12958 E ArmVmp : Match on catch block at 0xc3 in for 0x99
01-21 18:25:16.133 12958 12958 E ArmVmp : Match on catch block at 0xc3 in for 0x91
01-21 18:25:16.184 12958 12958 E ArmVmp : Match on catch block at 0xc3 in for 0x99
01-21 18:25:16.192 12958 12958 E ArmVmp : Match on catch block at 0xc3 in for 0x91
01-21 18:25:16.362 12958 12958 E ArmVmp : Match on catch block at 0xc3 in for 0x95
01-21 18:25:16.373 12958 12958 E ArmVmp : Match on catch block at 0xc3 in for 0x99
01-21 18:25:16.384 12958 12958 E ArmVmp : Match on catch block at 0xc3 in for 0x95
01-21 18:25:16.389 12958 12958 E ArmVmp : Match on catch block at 0xc3 in for 0x99
01-21 18:25:16.784 12958 12958 E ArmVmp : Match on catch block at 0xc3 in for 0x91
01-21 18:25:16.791 12958 12958 E ArmVmp : Match on catch block at 0xc3 in for 0x95
01-21 18:25:17.157 12958 12958 E ArmVmp : Match on catch block at 0xc3 in for 0x95
01-21 18:25:17.162 12958 12958 E ArmVmp : Match on catch block at 0xc3 in for 0x99
01-21 18:25:17.311 12958 12958 E ArmVmp : Match on catch block at 0xc3 in for 0x95
01-21 18:25:17.318 12958 12958 E ArmVmp : Match on catch block at 0xc3 in for 0x99
01-21 18:25:17.327 12958 13050 W MediaPlayer: Use of stream types is deprecated for
operations other than volume control
01-21 18:25:17.327 12958 13050 W MediaPlayer: See the documentation of
setAudioStreamType() for what to use instead with android.media.AudioAttributes to
qualify your playback use case
01-21 18:25:17.438 12958 12958 E ArmVmp : Match on catch block at 0xc3 in for 0x95
01-21 18:25:17.445 12958 12958 E ArmVmp : Match on catch block at 0xc3 in for 0x99
01-21 18:25:17.550 12958 12958 E ArmVmp : Match on catch block at 0xc3 in for 0x95
01-21 18:25:17.556 12958 12958 E ArmVmp : Match on catch block at 0xc3 in for 0x99
01-21 18:25:17.599 12958 12958 E ArmVmp : Match on catch block at 0xc3 in for 0x91
01-21 18:25:17.619 12958 12958 E ArmVmp : Match on catch block at 0xc3 in for 0x95
01-21 18:25:17.857 12958 12958 E ArmVmp : Match on catch block at 0xc3 in for 0x91
01-21 18:25:17.862 12958 12958 E ArmVmp : Match on catch block at 0xc3 in for 0x95
01-21 18:25:17.878 12958 12958 E ArmVmp : Match on catch block at 0xc3 in for 0x91
01-21 18:25:17.893 12958 12958 E ArmVmp : Match on catch block at 0xc3 in for 0x95
01-21 18:25:19.411 12958 12958 E ArmVmp : Match on catch block at 0xc3 in for 0x99
01-21 18:25:19.418 12958 12958 E ArmVmp : Match on catch block at 0xc3 in for 0x91
01-21 18:25:19.430 12958 12958 E ArmVmp : Match on catch block at 0xc3 in for 0x99
01-21 18:25:19.441 12958 12958 E ArmVmp : Match on catch block at 0xc3 in for 0x91
01-21 18:25:19.452 12958 12958 E ArmVmp : Match on catch block at 0xc3 in for 0x99
01-21 18:25:19.456 12958 12958 E ArmVmp : Match on catch block at 0xc3 in for 0x91
01-21 18:25:19.477 12958 12958 E ArmVmp : Match on catch block at 0xc3 in for 0x99
01-21 18:25:19.490 12958 12958 E ArmVmp : Match on catch block at 0xc3 in for 0x91
01-21 18:25:19.511 12958 12958 E ArmVmp : Match on catch block at 0xc3 in for 0x99
01-21 18:25:19.523 12958 12958 E ArmVmp : Match on catch block at 0xc3 in for 0x91
01-21 18:25:19.532 12958 12958 E ArmVmp : Match on catch block at 0xc3 in for 0x99
01-21 18:25:19.542 12958 12958 E ArmVmp : Match on catch block at 0xc3 in for 0x91
01-21 18:25:19.561 12958 12958 E ArmVmp : Match on catch block at 0xc3 in for 0x99
01-21 18:25:19.572 12958 12958 E ArmVmp : Match on catch block at 0xc3 in for 0x91
01-21 18:25:19.579 12958 12958 E ArmVmp : Match on catch block at 0xc3 in for 0x99
01-21 18:25:19.587 12958 12958 E ArmVmp : Match on catch block at 0xc3 in for 0x91
01-21 18:25:19.595 12958 12958 E ArmVmp : Match on catch block at 0xc3 in for 0x99
01-21 18:25:19.606 12958 12958 E ArmVmp : Match on catch block at 0xc3 in for 0x91
01-21 18:25:19.621 12958 12958 E ArmVmp : Match on catch block at 0xc3 in for 0x99
01-21 18:25:19.635 12958 12958 E ArmVmp : Match on catch block at 0xc3 in for 0x91
01-21 18:25:19.643 12958 12958 E ArmVmp : Match on catch block at 0xc3 in for 0x99
01-21 18:25:19.656 12958 12958 E ArmVmp : Match on catch block at 0xc3 in for 0x91
01-21 18:25:19.664 12958 12958 E ArmVmp : Match on catch block at 0xc3 in for 0x99
01-21 18:25:19.670 12958 12958 E ArmVmp : Match on catch block at 0xc3 in for 0x91
01-21 18:25:23.818 12958 12958 W InputEventReceiver: Attempted to finish an input
event but the input event receiver has already been disposed.
01-21 18:25:23.852 12958 12958 E ArmVmp : Match on catch block at 0xc3 in for 0x91
01-21 18:25:23.858 12958 12958 E ArmVmp : Match on catch block at 0xc3 in for 0x95
01-21 18:25:23.874 12958 12958 E ArmVmp : Match on catch block at 0xc3 in for 0x91
01-21 18:25:23.881 12958 12958 E ArmVmp : Match on catch block at 0xc3 in for 0x95
01-21 18:25:23.973 12958 12958 E ArmVmp : Match on catch block at 0xc3 in for 0x95
01-21 18:25:23.979 12958 12958 E ArmVmp : Match on catch block at 0xc3 in for 0x99
01-21 18:25:24.129 12958 12958 E ArmVmp : Match on catch block at 0xc3 in for 0x99
01-21 18:25:24.135 12958 12958 E ArmVmp : Match on catch block at 0xc3 in for 0x91
01-21 18:25:24.170 12958 12958 E ArmVmp : Match on catch block at 0xc3 in for 0x99
01-21 18:25:24.176 12958 12958 E ArmVmp : Match on catch block at 0xc3 in for 0x91
01-21 18:25:24.202 12958 12958 E ArmVmp : Match on catch block at 0xc3 in for 0x99
01-21 18:25:24.209 12958 12958 E ArmVmp : Match on catch block at 0xc3 in for 0x91
01-21 18:25:24.416 12958 12958 E ArmVmp : Match on catch block at 0xc3 in for 0x99
01-21 18:25:24.427 12958 12958 E ArmVmp : Match on catch block at 0xc3 in for 0x91
01-21 18:25:24.915 12958 12958 E ArmVmp : Match on catch block at 0xc3 in for 0x99
01-21 18:25:24.923 12958 12958 E ArmVmp : Match on catch block at 0xc3 in for 0x91
01-21 18:25:25.262 12958 12958 E ArmVmp : Match on catch block at 0xc3 in for 0x91
01-21 18:25:25.270 12958 12958 E ArmVmp : Match on catch block at 0xc3 in for 0x95
01-21 18:25:25.313 12958 12958 E ArmVmp : Match on catch block at 0xc3 in for 0x99
01-21 18:25:25.319 12958 12958 E ArmVmp : Match on catch block at 0xc3 in for 0x91
01-21 18:25:25.331 12958 12958 E ArmVmp : Match on catch block at 0xc3 in for 0x99
01-21 18:25:25.340 12958 12958 E ArmVmp : Match on catch block at 0xc3 in for 0x91
01-21 18:25:25.364 12958 12958 E ArmVmp : Match on catch block at 0xc3 in for 0x99
01-21 18:25:25.373 12958 12958 E ArmVmp : Match on catch block at 0xc3 in for 0x91
01-21 18:25:25.388 12958 12958 E ArmVmp : Match on catch block at 0xc3 in for 0x99
01-21 18:25:25.393 12958 12958 E ArmVmp : Match on catch block at 0xc3 in for 0x91
01-21 18:25:25.414 12958 12958 E ArmVmp : Match on catch block at 0xc3 in for 0x99
01-21 18:25:25.419 12958 12958 E ArmVmp : Match on catch block at 0xc3 in for 0x91
01-21 18:25:25.431 12958 12958 E ArmVmp : Match on catch block at 0xc3 in for 0x99
01-21 18:25:25.439 12958 12958 E ArmVmp : Match on catch block at 0xc3 in for 0x91
01-21 18:25:25.447 12958 12958 E ArmVmp : Match on catch block at 0xc3 in for 0x99
01-21 18:25:25.454 12958 12958 E ArmVmp : Match on catch block at 0xc3 in for 0x91
01-21 18:25:25.497 12958 12958 E ArmVmp : Match on catch block at 0xc3 in for 0x99
01-21 18:25:25.502 12958 12958 E ArmVmp : Match on catch block at 0xc3 in for 0x91
01-21 18:25:25.680 12958 12958 E ArmVmp : Match on catch block at 0xc3 in for 0x99
01-21 18:25:25.684 12958 12958 E ArmVmp : Match on catch block at 0xc3 in for 0x91
01-21 18:25:25.713 12958 12958 E ArmVmp : Match on catch block at 0xc3 in for 0x99
01-21 18:25:25.720 12958 12958 E ArmVmp : Match on catch block at 0xc3 in for 0x91
01-21 18:25:25.730 12958 12958 E ArmVmp : Match on catch block at 0xc3 in for 0x99
01-21 18:25:25.736 12958 12958 E ArmVmp : Match on catch block at 0xc3 in for 0x91
01-21 18:25:25.747 12958 12958 E ArmVmp : Match on catch block at 0xc3 in for 0x99
01-21 18:25:25.754 12958 12958 E ArmVmp : Match on catch block at 0xc3 in for 0x91
01-21 18:25:25.766 12958 12958 E ArmVmp : Match on catch block at 0xc3 in for 0x99
01-21 18:25:25.784 12958 12958 E ArmVmp : Match on catch block at 0xc3 in for 0x91
01-21 18:25:25.796 12958 12958 E ArmVmp : Match on catch block at 0xc3 in for 0x99
01-21 18:25:25.801 12958 12958 E ArmVmp : Match on catch block at 0xc3 in for 0x91
01-21 18:25:25.813 12958 12958 E ArmVmp : Match on catch block at 0xc3 in for 0x99
01-21 18:25:25.823 12958 12958 E ArmVmp : Match on catch block at 0xc3 in for 0x91
01-21 18:25:25.832 12958 12958 E ArmVmp : Match on catch block at 0xc3 in for 0x99
01-21 18:25:25.846 12958 12958 E ArmVmp : Match on catch block at 0xc3 in for 0x91
01-21 18:25:25.863 12958 12958 E ArmVmp : Match on catch block at 0xc3 in for 0x99
01-21 18:25:25.881 12958 12958 E ArmVmp : Match on catch block at 0xc3 in for 0x91
01-21 18:25:25.896 12958 12958 E ArmVmp : Match on catch block at 0xc3 in for 0x99
01-21 18:25:25.903 12958 12958 E ArmVmp : Match on catch block at 0xc3 in for 0x91
01-21 18:25:25.913 12958 12958 E ArmVmp : Match on catch block at 0xc3 in for 0x99
01-21 18:25:25.920 12958 12958 E ArmVmp : Match on catch block at 0xc3 in for 0x91
01-21 18:25:25.929 12958 12958 E ArmVmp : Match on catch block at 0xc3 in for 0x99
01-21 18:25:25.937 12958 12958 E ArmVmp : Match on catch block at 0xc3 in for 0x91
01-21 18:25:25.946 12958 12958 E ArmVmp : Match on catch block at 0xc3 in for 0x99
01-21 18:25:25.951 12958 12958 E ArmVmp : Match on catch block at 0xc3 in for 0x91
01-21 18:25:25.963 12958 12958 E ArmVmp : Match on catch block at 0xc3 in for 0x99
01-21 18:25:25.976 12958 12958 E ArmVmp : Match on catch block at 0xc3 in for 0x91
01-21 18:25:25.996 12958 12958 E ArmVmp : Match on catch block at 0xc3 in for 0x99
01-21 18:25:26.001 12958 12958 E ArmVmp : Match on catch block at 0xc3 in for 0x91
01-21 18:25:26.495 12958 12958 E ArmVmp : Match on catch block at 0xc3 in for 0x99
01-21 18:25:26.503 12958 12958 E ArmVmp : Match on catch block at 0xc3 in for 0x91
01-21 18:25:26.994 12958 12958 E ArmVmp : Match on catch block at 0xc3 in for 0x99
01-21 18:25:27.002 12958 12958 E ArmVmp : Match on catch block at 0xc3 in for 0x91
01-21 18:25:27.493 12958 12958 E ArmVmp : Match on catch block at 0xc3 in for 0x99
01-21 18:25:27.496 12958 12958 E ArmVmp : Match on catch block at 0xc3 in for 0x91
01-21 18:25:27.991 12958 12958 E ArmVmp : Match on catch block at 0xc3 in for 0x99
01-21 18:25:27.996 12958 12958 E ArmVmp : Match on catch block at 0xc3 in for 0x91
01-21 18:25:28.208 12958 12958 E ArmVmp : Match on catch block at 0xc3 in for 0x99
01-21 18:25:28.212 12958 12958 E ArmVmp : Match on catch block at 0xc3 in for 0x91
01-21 18:25:28.273 12958 12958 E ArmVmp : Match on catch block at 0xc3 in for 0x95
01-21 18:25:28.278 12958 12958 E ArmVmp : Match on catch block at 0xc3 in for 0x99
01-21 18:25:28.290 12958 12958 W IInputConnectionWrapper: getTextBeforeCursor on
inactive InputConnection
01-21 18:25:28.322 12958 12958 E ArmVmp : Match on catch block at 0xc3 in for 0x95
01-21 18:25:28.327 12958 12958 E ArmVmp : Match on catch block at 0xc3 in for 0x99
01-21 18:25:28.335 12958 12958 W IInputConnectionWrapper: getTextAfterCursor on
inactive InputConnection
01-21 18:25:28.337 12958 12958 E ArmVmp : Match on catch block at 0xc3 in for 0x95
01-21 18:25:28.343 12958 12958 E ArmVmp : Match on catch block at 0xc3 in for 0x99
01-21 18:25:28.349 12958 12958 W IInputConnectionWrapper: getSelectedText on
inactive InputConnection
01-21 18:25:28.357 12958 12958 E ArmVmp : Match on catch block at 0xc3 in for 0x95
01-21 18:25:28.364 12958 12958 E ArmVmp : Match on catch block at 0xc3 in for 0x99
01-21 18:25:28.370 12958 12958 W IInputConnectionWrapper: getTextBeforeCursor on
inactive InputConnection
01-21 18:25:28.374 12958 12958 E ArmVmp : Match on catch block at 0xc3 in for 0x95
01-21 18:25:28.382 12958 12958 E ArmVmp : Match on catch block at 0xc3 in for 0x99
01-21 18:25:28.403 12958 12958 W IInputConnectionWrapper: getTextBeforeCursor on
inactive InputConnection
01-21 18:25:28.512 12958 12958 E ArmVmp : Match on catch block at 0xc3 in for 0x91
01-21 18:25:28.519 12958 12958 E ArmVmp : Match on catch block at 0xc3 in for 0x95
01-21 18:25:28.565 12958 12958 E ArmVmp : Match on catch block at 0xc3 in for 0x99
01-21 18:25:28.570 12958 12958 E ArmVmp : Match on catch block at 0xc3 in for 0x91
01-21 18:25:28.595 12958 12958 E ArmVmp : Match on catch block at 0xc3 in for 0x91
01-21 18:25:28.600 12958 12958 E ArmVmp : Match on catch block at 0xc3 in for 0x95
01-21 18:25:28.607 12958 12958 E ArmVmp : Match on catch block at 0xc3 in for 0x91
01-21 18:25:28.630 12958 12958 E ArmVmp : Match on catch block at 0xc3 in for 0x95
01-21 18:25:28.740 12958 12958 E ArmVmp : Match on catch block at 0xc3 in for 0x91
01-21 18:25:28.746 12958 12958 E ArmVmp : Match on catch block at 0xc3 in for 0x95
01-21 18:25:29.068 12958 12958 E ArmVmp : Match on catch block at 0xc3 in for 0x91
01-21 18:25:29.073 12958 12958 E ArmVmp : Match on catch block at 0xc3 in for 0x95
01-21 18:25:29.082 12958 13050 W MediaPlayer: Use of stream types is deprecated for
operations other than volume control
01-21 18:25:29.082 12958 13050 W MediaPlayer: See the documentation of
setAudioStreamType() for what to use instead with android.media.AudioAttributes to
qualify your playback use case
01-21 18:25:29.083 12958 12958 E ArmVmp : Match on catch block at 0xc3 in for 0x91
01-21 18:25:29.091 12958 12958 E ArmVmp : Match on catch block at 0xc3 in for 0x95
01-21 18:25:29.239 12958 12958 E ArmVmp : Match on catch block at 0xc3 in for 0x95
01-21 18:25:29.243 12958 12958 E ArmVmp : Match on catch block at 0xc3 in for 0x99
01-21 18:25:29.645 12958 12958 E ArmVmp : Match on catch block at 0xc3 in for 0x95
01-21 18:25:29.657 12958 12958 E ArmVmp : Match on catch block at 0xc3 in for 0x99
01-21 18:25:29.682 12958 12958 E ArmVmp : Match on catch block at 0xc3 in for 0x91
01-21 18:25:29.688 12958 12958 E ArmVmp : Match on catch block at 0xc3 in for 0x95
01-21 18:25:29.705 12958 12958 E ArmVmp : Match on catch block at 0xc3 in for 0x91
01-21 18:25:29.713 12958 12958 E ArmVmp : Match on catch block at 0xc3 in for 0x95
01-21 18:25:29.721 12958 12958 E ArmVmp : Match on catch block at 0xc3 in for 0x91
01-21 18:25:29.733 12958 12958 E ArmVmp : Match on catch block at 0xc3 in for 0x95
01-21 18:25:29.754 12958 12958 E ArmVmp : Match on catch block at 0xc3 in for 0x91
01-21 18:25:29.764 12958 12958 E ArmVmp : Match on catch block at 0xc3 in for 0x95
01-21 18:25:29.779 12958 12958 E ArmVmp : Match on catch block at 0xc3 in for 0x91
01-21 18:25:29.786 12958 12958 E ArmVmp : Match on catch block at 0xc3 in for 0x95
01-21 18:25:29.804 12958 12958 E ArmVmp : Match on catch block at 0xc3 in for 0x91
01-21 18:25:29.813 12958 12958 E ArmVmp : Match on catch block at 0xc3 in for 0x95
01-21 18:25:29.822 12958 12958 E ArmVmp : Match on catch block at 0xc3 in for 0x91
01-21 18:25:29.831 12958 12958 E ArmVmp : Match on catch block at 0xc3 in for 0x95
01-21 18:25:29.854 12958 12958 E ArmVmp : Match on catch block at 0xc3 in for 0x91
01-21 18:25:29.864 12958 12958 E ArmVmp : Match on catch block at 0xc3 in for 0x95
01-21 18:25:29.887 12958 12958 E ArmVmp : Match on catch block at 0xc3 in for 0x91
01-21 18:25:29.894 12958 12958 E ArmVmp : Match on catch block at 0xc3 in for 0x95
01-21 18:25:30.137 12958 12958 E ArmVmp : Match on catch block at 0xc3 in for 0x91
01-21 18:25:30.142 12958 12958 E ArmVmp : Match on catch block at 0xc3 in for 0x95
01-21 18:25:30.636 12958 12958 E ArmVmp : Match on catch block at 0xc3 in for 0x91
01-21 18:25:30.642 12958 12958 E ArmVmp : Match on catch block at 0xc3 in for 0x95
01-21 18:25:30.669 12958 12958 E ArmVmp : Match on catch block at 0xc3 in for 0x91
01-21 18:25:30.674 12958 12958 E ArmVmp : Match on catch block at 0xc3 in for 0x95
01-21 18:25:30.686 12958 12958 E ArmVmp : Match on catch block at 0xc3 in for 0x91
01-21 18:25:30.692 12958 12958 E ArmVmp : Match on catch block at 0xc3 in for 0x95
01-21 18:25:30.702 12958 12958 E ArmVmp : Match on catch block at 0xc3 in for 0x91
01-21 18:25:30.724 12958 12958 E ArmVmp : Match on catch block at 0xc3 in for 0x95
01-21 18:25:30.738 12958 12958 E ArmVmp : Match on catch block at 0xc3 in for 0x91
01-21 18:25:30.757 12958 12958 E ArmVmp : Match on catch block at 0xc3 in for 0x95
01-21 18:25:30.769 12958 12958 E ArmVmp : Match on catch block at 0xc3 in for 0x91
01-21 18:25:30.775 12958 12958 E ArmVmp : Match on catch block at 0xc3 in for 0x95
01-21 18:25:30.785 12958 12958 E ArmVmp : Match on catch block at 0xc3 in for 0x91
01-21 18:25:30.791 12958 12958 E ArmVmp : Match on catch block at 0xc3 in for 0x95
01-21 18:25:30.802 12958 12958 E ArmVmp : Match on catch block at 0xc3 in for 0x91
01-21 18:25:30.818 12958 12958 E ArmVmp : Match on catch block at 0xc3 in for 0x95
01-21 18:25:30.839 12958 12958 E ArmVmp : Match on catch block at 0xc3 in for 0x91
01-21 18:25:30.845 12958 12958 E ArmVmp : Match on catch block at 0xc3 in for 0x95
01-21 18:25:30.866 12958 12958 E ArmVmp : Match on catch block at 0xc3 in for 0x91
01-21 18:25:30.873 12958 12958 E ArmVmp : Match on catch block at 0xc3 in for 0x95
01-21 18:25:30.885 12958 12958 E ArmVmp : Match on catch block at 0xc3 in for 0x91
01-21 18:25:30.893 12958 12958 E ArmVmp : Match on catch block at 0xc3 in for 0x95
01-21 18:25:30.902 12958 12958 E ArmVmp : Match on catch block at 0xc3 in for 0x91
01-21 18:25:30.913 12958 12958 E ArmVmp : Match on catch block at 0xc3 in for 0x95
01-21 18:25:30.921 12958 12958 E ArmVmp : Match on catch block at 0xc3 in for 0x91
01-21 18:25:30.930 12958 12958 E ArmVmp : Match on catch block at 0xc3 in for 0x95
01-21 18:25:30.938 12958 12958 E ArmVmp : Match on catch block at 0xc3 in for 0x91
01-21 18:25:30.945 12958 12958 E ArmVmp : Match on catch block at 0xc3 in for 0x95
01-21 18:25:30.985 12958 12958 E ArmVmp : Match on catch block at 0xc3 in for 0x91
01-21 18:25:30.996 12958 12958 E ArmVmp : Match on catch block at 0xc3 in for 0x95
01-21 18:25:31.252 12958 12958 E ArmVmp : Match on catch block at 0xc3 in for 0x91
01-21 18:25:31.257 12958 12958 E ArmVmp : Match on catch block at 0xc3 in for 0x95
01-21 18:25:31.551 12958 12958 E ArmVmp : Match on catch block at 0xc3 in for 0x91
01-21 18:25:31.556 12958 12958 E ArmVmp : Match on catch block at 0xc3 in for 0x95
01-21 18:25:31.966 12958 12958 E ArmVmp : Match on catch block at 0xc3 in for 0x91
01-21 18:25:31.973 12958 12958 E ArmVmp : Match on catch block at 0xc3 in for 0x95
01-21 18:25:32.165 12958 12958 E ArmVmp : Match on catch block at 0xc3 in for 0x91
01-21 18:25:32.170 12958 12958 E ArmVmp : Match on catch block at 0xc3 in for 0x95
01-21 18:25:32.448 12958 12958 E ArmVmp : Match on catch block at 0xc3 in for 0x91
01-21 18:25:32.453 12958 12958 E ArmVmp : Match on catch block at 0xc3 in for 0x95
01-21 18:25:32.648 12958 12958 E ArmVmp : Match on catch block at 0xc3 in for 0x91
01-21 18:25:32.665 12958 12958 E ArmVmp : Match on catch block at 0xc3 in for 0x95
01-21 18:25:32.797 12958 12958 E ArmVmp : Match on catch block at 0xc3 in for 0x91
01-21 18:25:32.804 12958 12958 E ArmVmp : Match on catch block at 0xc3 in for 0x95
01-21 18:25:33.296 12958 12958 E ArmVmp : Match on catch block at 0xc3 in for 0x91
01-21 18:25:33.302 12958 12958 E ArmVmp : Match on catch block at 0xc3 in for 0x95
01-21 18:25:33.679 12958 12958 E ArmVmp : Match on catch block at 0xc3 in for 0x91
01-21 18:25:33.684 12958 12958 E ArmVmp : Match on catch block at 0xc3 in for 0x95
01-21 18:25:33.868 12958 12958 E ArmVmp : Match on catch block at 0xc3 in for 0x91
01-21 18:25:33.875 12958 12958 E ArmVmp : Match on catch block at 0xc3 in for 0x95
01-21 18:25:34.377 12958 12958 E ArmVmp : Match on catch block at 0xc3 in for 0x91
01-21 18:25:34.384 12958 12958 E ArmVmp : Match on catch block at 0xc3 in for 0x95
01-21 18:25:34.477 12958 12958 E ArmVmp : Match on catch block at 0xc3 in for 0x99
01-21 18:25:34.482 12958 12958 E ArmVmp : Match on catch block at 0xc3 in for 0x91
01-21 18:25:34.529 12958 12958 E ArmVmp : Match on catch block at 0xc3 in for 0x91
01-21 18:25:34.534 12958 12958 E ArmVmp : Match on catch block at 0xc3 in for 0x95
01-21 18:25:34.545 12958 12958 W IInputConnectionWrapper: getTextBeforeCursor on
inactive InputConnection
01-21 18:25:34.570 12958 12958 E ArmVmp : Match on catch block at 0xc3 in for 0x99
01-21 18:25:34.576 12958 12958 E ArmVmp : Match on catch block at 0xc3 in for 0x91
01-21 18:25:34.585 12958 12958 W IInputConnectionWrapper: getTextAfterCursor on
inactive InputConnection
01-21 18:25:34.587 12958 12958 E ArmVmp : Match on catch block at 0xc3 in for 0x99
01-21 18:25:34.594 12958 12958 E ArmVmp : Match on catch block at 0xc3 in for 0x91
01-21 18:25:34.601 12958 12958 W IInputConnectionWrapper: getSelectedText on
inactive InputConnection
01-21 18:25:34.714 12958 12958 E ArmVmp : Match on catch block at 0xc3 in for 0x95
01-21 18:25:34.721 12958 12958 E ArmVmp : Match on catch block at 0xc3 in for 0x99
01-21 18:25:34.745 12958 12958 W IInputConnectionWrapper: getTextBeforeCursor on
inactive InputConnection
01-21 18:25:34.772 12958 12958 E ArmVmp : Match on catch block at 0xc3 in for 0x95
01-21 18:25:34.778 12958 12958 E ArmVmp : Match on catch block at 0xc3 in for 0x99
01-21 18:25:34.804 12958 12958 E ArmVmp : Match on catch block at 0xc3 in for 0x99
01-21 18:25:34.819 12958 12958 E ArmVmp : Match on catch block at 0xc3 in for 0x91
01-21 18:25:34.824 12958 12958 W IInputConnectionWrapper: getTextBeforeCursor on
inactive InputConnection
01-21 18:25:34.826 12958 12958 E ArmVmp : Match on catch block at 0xc3 in for 0x99
01-21 18:25:34.837 12958 12958 E ArmVmp : Match on catch block at 0xc3 in for 0x91
01-21 18:25:35.009 12958 12958 E ArmVmp : Match on catch block at 0xc3 in for 0x99
01-21 18:25:35.016 12958 12958 E ArmVmp : Match on catch block at 0xc3 in for 0x91
01-21 18:25:35.139 12958 12958 E ArmVmp : Match on catch block at 0xc3 in for 0x91
01-21 18:25:35.145 12958 12958 E ArmVmp : Match on catch block at 0xc3 in for 0x95
01-21 18:25:35.158 12958 12958 E ArmVmp : Match on catch block at 0xc3 in for 0x91
01-21 18:25:35.170 12958 12958 E ArmVmp : Match on catch block at 0xc3 in for 0x95
01-21 18:25:35.176 12958 13050 W MediaPlayer: Use of stream types is deprecated for
operations other than volume control
01-21 18:25:35.176 12958 13050 W MediaPlayer: See the documentation of
setAudioStreamType() for what to use instead with android.media.AudioAttributes to
qualify your playback use case
01-21 18:25:35.341 12958 12958 E ArmVmp : Match on catch block at 0xc3 in for 0x95
01-21 18:25:35.346 12958 12958 E ArmVmp : Match on catch block at 0xc3 in for 0x99
01-21 18:25:35.367 12958 12958 E ArmVmp : Match on catch block at 0xc3 in for 0x95
01-21 18:25:35.385 12958 12958 E ArmVmp : Match on catch block at 0xc3 in for 0x99
01-21 18:25:35.508 12958 12958 E ArmVmp : Match on catch block at 0xc3 in for 0x91
01-21 18:25:35.521 12958 12958 E ArmVmp : Match on catch block at 0xc3 in for 0x95
01-21 18:25:36.008 12958 12958 E ArmVmp : Match on catch block at 0xc3 in for 0x91
01-21 18:25:36.013 12958 12958 E ArmVmp : Match on catch block at 0xc3 in for 0x95
01-21 18:25:36.191 12958 12972 W System : A resource failed to call release.
01-21 18:25:36.192 12958 12972 W System : A resource failed to call release.
01-21 18:25:36.300 12958 12958 E ArmVmp : Match on catch block at 0xc3 in for 0x99
01-21 18:25:36.305 12958 12958 E ArmVmp : Match on catch block at 0xc3 in for 0x91
01-21 18:25:36.403 12958 12958 E ArmVmp : Match on catch block at 0xc3 in for 0x99
01-21 18:25:36.412 12958 12958 E ArmVmp : Match on catch block at 0xc3 in for 0x91
01-21 18:25:36.596 12958 12958 E ArmVmp : Match on catch block at 0xc3 in for 0x99
01-21 18:25:36.604 12958 12958 E ArmVmp : Match on catch block at 0xc3 in for 0x91
01-21 18:25:37.403 12958 12958 E ArmVmp : Match on catch block at 0xc3 in for 0x91
01-21 18:25:37.410 12958 12958 E ArmVmp : Match on catch block at 0xc3 in for 0x95
01-21 18:25:39.271 12958 12958 E ArmVmp : Match on catch block at 0x0a in for 0xb1
01-21 18:25:39.280 12958 12958 E ArmVmp : Match on catch block at 0x0a in for 0xb9
01-21 18:25:39.795 12958 12958 E ArmVmp : Match on catch block at 0xc3 in for 0xa1
01-21 18:25:39.808 12958 12958 E ArmVmp : Match on catch block at 0xc3 in for 0xa1
01-21 18:25:40.006 12958 12958 E ArmVmp : Match on catch block at 0xc3 in for 0x91
01-21 18:25:40.011 12958 12958 E ArmVmp : Match on catch block at 0xc3 in for 0x95
01-21 18:25:40.015 12958 12958 E ArmVmp : Match on catch block at 0xc3 in for 0x95
01-21 18:25:40.099 12958 12958 E ArmVmp : Match on catch block at 0xc3 in for 0x91
01-21 18:25:40.111 12958 12958 E ArmVmp : Match on catch block at 0xc3 in for 0x95
01-21 18:25:40.115 12958 12958 E ArmVmp : Match on catch block at 0xc3 in for 0x95
01-21 18:25:40.230 12958 12958 E ArmVmp : Match on catch block at 0xc3 in for 0x95
01-21 18:25:40.236 12958 12958 E ArmVmp : Match on catch block at 0xc3 in for 0x99
01-21 18:25:40.240 12958 12958 E ArmVmp : Match on catch block at 0xc3 in for 0x99
01-21 18:25:40.285 12958 12958 E ArmVmp : Match on catch block at 0xc3 in for 0x95
01-21 18:25:40.292 12958 12958 E ArmVmp : Match on catch block at 0xc3 in for 0x99
01-21 18:25:40.300 12958 12958 E ArmVmp : Match on catch block at 0xc3 in for 0x99
01-21 18:25:40.326 12958 12958 E ArmVmp : Match on catch block at 0xc3 in for 0x99
01-21 18:25:40.333 12958 12958 E ArmVmp : Match on catch block at 0xc3 in for 0x91
01-21 18:25:40.337 12958 12958 E ArmVmp : Match on catch block at 0xc3 in for 0x91
01-21 18:25:40.346 12958 12958 E ArmVmp : Match on catch block at 0xc3 in for 0x95
01-21 18:25:40.352 12958 12958 E ArmVmp : Match on catch block at 0xc3 in for 0x99
01-21 18:25:40.357 12958 12958 E ArmVmp : Match on catch block at 0xc3 in for 0x99
01-21 18:25:40.366 12958 12958 E ArmVmp : Match on catch block at 0xc3 in for 0x91
01-21 18:25:40.378 12958 12958 E ArmVmp : Match on catch block at 0xc3 in for 0x95
01-21 18:25:40.384 12958 12958 E ArmVmp : Match on catch block at 0xc3 in for 0x95
01-21 18:25:40.397 12958 12958 E ArmVmp : Match on catch block at 0xc3 in for 0x99
01-21 18:25:40.405 12958 12958 E ArmVmp : Match on catch block at 0xc3 in for 0x91
01-21 18:25:40.408 12958 12958 E ArmVmp : Match on catch block at 0xc3 in for 0x91
01-21 18:25:40.416 12958 12958 E ArmVmp : Match on catch block at 0xc3 in for 0x95
01-21 18:25:40.423 12958 12958 E ArmVmp : Match on catch block at 0xc3 in for 0x99
01-21 18:25:40.426 12958 12958 E ArmVmp : Match on catch block at 0xc3 in for 0x99
01-21 18:25:40.447 12958 12958 E ArmVmp : Match on catch block at 0xc3 in for 0x91
01-21 18:25:40.452 12958 12958 E ArmVmp : Match on catch block at 0xc3 in for 0x95
01-21 18:25:40.455 12958 12958 E ArmVmp : Match on catch block at 0xc3 in for 0x95
01-21 18:25:40.466 12958 12958 E ArmVmp : Match on catch block at 0xc3 in for 0x99
01-21 18:25:40.473 12958 12958 E ArmVmp : Match on catch block at 0xc3 in for 0x91
01-21 18:25:40.478 12958 12958 E ArmVmp : Match on catch block at 0xc3 in for 0x91
01-21 18:25:40.497 12958 12958 E ArmVmp : Match on catch block at 0xc3 in for 0x99
01-21 18:25:40.502 12958 12958 E ArmVmp : Match on catch block at 0xc3 in for 0x91
01-21 18:25:40.525 12958 12958 E ArmVmp : Match on catch block at 0xc3 in for 0x91
01-21 18:25:40.532 12958 12958 E ArmVmp : Match on catch block at 0xc3 in for 0x95
01-21 18:25:40.541 12958 12958 E ArmVmp : Match on catch block at 0xc3 in for 0x95
01-21 18:25:40.549 12958 12958 E ArmVmp : Match on catch block at 0xc3 in for 0x99
01-21 18:25:40.555 12958 12958 E ArmVmp : Match on catch block at 0xc3 in for 0x91
01-21 18:25:40.558 12958 12958 E ArmVmp : Match on catch block at 0xc3 in for 0x91
01-21 18:25:40.570 12958 12958 E ArmVmp : Match on catch block at 0xc3 in for 0x95
01-21 18:25:40.579 12958 12958 E ArmVmp : Match on catch block at 0xc3 in for 0x99
01-21 18:25:40.585 12958 12958 E ArmVmp : Match on catch block at 0xc3 in for 0x99
01-21 18:25:40.597 12958 12958 E ArmVmp : Match on catch block at 0xc3 in for 0x91
01-21 18:25:40.601 12958 12958 E ArmVmp : Match on catch block at 0xc3 in for 0x95
01-21 18:25:40.605 12958 12958 E ArmVmp : Match on catch block at 0xc3 in for 0x95
01-21 18:25:40.696 12958 12958 E ArmVmp : Match on catch block at 0xc3 in for 0x91
01-21 18:25:40.702 12958 12958 E ArmVmp : Match on catch block at 0xc3 in for 0x95
01-21 18:25:40.706 12958 12958 E ArmVmp : Match on catch block at 0xc3 in for 0x95
01-21 18:25:41.195 12958 12958 E ArmVmp : Match on catch block at 0xc3 in for 0x99
01-21 18:25:41.202 12958 12958 E ArmVmp : Match on catch block at 0xc3 in for 0x91
01-21 18:25:41.206 12958 12958 E ArmVmp : Match on catch block at 0xc3 in for 0x91
01-21 18:25:41.418 12958 12958 E ArmVmp : Match on catch block at 0xc3 in for 0x95
01-21 18:25:41.432 12958 12958 E ArmVmp : Match on catch block at 0xc3 in for 0x99
01-21 18:25:41.451 12958 12958 E ArmVmp : Match on catch block at 0xc3 in for 0x99
01-21 18:25:41.463 12958 12958 E ArmVmp : Match on catch block at 0xc3 in for 0x91
01-21 18:25:41.470 12958 12958 E ArmVmp : Match on catch block at 0xc3 in for 0x95
01-21 18:25:41.478 12958 12958 E ArmVmp : Match on catch block at 0xc3 in for 0x95
01-21 18:25:41.615 12958 12958 E ArmVmp : Match on catch block at 0xc3 in for 0x91
01-21 18:25:41.622 12958 12958 E ArmVmp : Match on catch block at 0xc3 in for 0x95
01-21 18:25:41.627 12958 12958 E ArmVmp : Match on catch block at 0xc3 in for 0x95
01-21 18:25:41.679 12958 12958 E ArmVmp : Match on catch block at 0xc3 in for 0x99
01-21 18:25:41.686 12958 12958 E ArmVmp : Match on catch block at 0xc3 in for 0x91
01-21 18:25:41.694 12958 12958 E ArmVmp : Match on catch block at 0xc3 in for 0x91
01-21 18:25:41.727 12958 12958 E ArmVmp : Match on catch block at 0xc3 in for 0x95
01-21 18:25:41.736 12958 12958 E ArmVmp : Match on catch block at 0xc3 in for 0x99
01-21 18:25:41.743 12958 12958 E ArmVmp : Match on catch block at 0xc3 in for 0x99
01-21 18:25:42.226 12958 12958 E ArmVmp : Match on catch block at 0xc3 in for 0x91
01-21 18:25:42.232 12958 12958 E ArmVmp : Match on catch block at 0xc3 in for 0x95
01-21 18:25:42.237 12958 12958 E ArmVmp : Match on catch block at 0xc3 in for 0x95
01-21 18:25:42.725 12958 12958 E ArmVmp : Match on catch block at 0xc3 in for 0x95
01-21 18:25:42.730 12958 12958 E ArmVmp : Match on catch block at 0xc3 in for 0x99
01-21 18:25:42.735 12958 12958 E ArmVmp : Match on catch block at 0xc3 in for 0x99
01-21 18:25:43.174 12958 12958 E ArmVmp : Match on catch block at 0xc3 in for 0x91
