["com.pubg.imobile.loginpacka:inapp","com.pubg.imobile.loginpackb:inapp","com.pubg.
imobile.loginpackc:inapp","com.pubg.imobile.mythicemblem:inapp"]
11-26 01:16:41.576 20239 20239 I BillingHelper: startSetup
11-26 01:16:41.580 20239 20239 E Parcel : Reading a NULL string not supported
here.
11-26 01:16:41.582 20239 20239 W BillingClient: Connection to Billing service is
blocked.
11-26 01:16:41.585 20239 20239 D APProductInfo_New: callback:{"ret":"-
1","msg":"","productInfo":[]}
11-26 01:16:45.246 20239 20346 V threaded_app: New input event: type=2
11-26 01:16:45.261 20239 20239 D OplusSystemUINavigationGesture: [GESTURE_BUTTON]
swipe from 1
11-26 01:16:45.261 20239 20239 D OplusSystemUINavigationGesture: [GESTURE_BUTTON]
Hit Gesture Region !
11-26 01:16:45.352 20239 20346 V threaded_app: New input event: type=2
11-26 01:16:45.519 20239 20345 E Parcel : Reading a NULL string not supported
here.
11-26 01:16:45.923 20005 20005 V AutofillManager: requestHideFillUi(null): anchor =
null
11-26 01:16:45.923 20005 20005 V AutofillManager: No AutofillClient for
com.tapatap.loader on context android.loader.service.FloatingService@f1a91b
11-26 01:16:46.053 20005 20037 I BufferQueueProducer:
[ViewRootImpl[FloatView]#4(BLAST Consumer)4](id:4e2500000004,api:1,p:20005,c:20005)
disconnect: api 1
11-26 01:16:46.054 20005 20037 E BLASTBufferQueue:
BLASTBufferItemConsumer::onDisconnect()
11-26 01:16:46.055 20005 20037 I BufferQueueProducer:
[ViewRootImpl[FloatView]#4(BLAST Consumer)4](id:4e2500000004,api:1,p:20005,c:20005)
connect: api=1 producerControlledByApp=true
11-26 01:16:46.301 20239 20298 E Parcel : Reading a NULL string not supported
here.
11-26 01:16:46.305 20239 20239 E Parcel : Reading a NULL string not supported
here.
11-26 01:16:47.496 20005 20005 V AutofillManager: requestHideFillUi(null): anchor =
null
11-26 01:16:47.497 20005 20005 V AutofillManager: No AutofillClient for
com.tapatap.loader on context android.loader.service.FloatingService@f1a91b
11-26 01:16:47.611 20005 20037 I BufferQueueProducer:
[ViewRootImpl[FloatView]#4(BLAST Consumer)4](id:4e2500000004,api:1,p:20005,c:20005)
disconnect: api 1
11-26 01:16:47.612 20005 20037 E BLASTBufferQueue:
BLASTBufferItemConsumer::onDisconnect()
11-26 01:16:47.612 20005 20037 I BufferQueueProducer:
[ViewRootImpl[FloatView]#4(BLAST Consumer)4](id:4e2500000004,api:1,p:20005,c:20005)
connect: api=1 producerControlledByApp=true
11-26 01:16:47.746 20239 20250 W patap.loader:p: Couldn't lock the profile file
/data/misc/profiles/cur/0/com.pubg.imobile/primary.prof: Failed to open file
'/data/misc/profiles/cur/0/com.pubg.imobile/primary.prof': Permission denied
11-26 01:16:47.746 20239 20250 W patap.loader:p: Could not forcefully load
profile /data/misc/profiles/cur/0/com.pubg.imobile/primary.prof
11-26 01:16:49.643 20239 20346 V threaded_app: New input event: type=2
11-26 01:16:49.723 20239 20346 V threaded_app: New input event: type=2
11-26 01:16:49.779 20239 20345 D GameActivity: GameActivity.GetIsPlayerUsingVPN()
11-26 01:16:49.780 20239 20345 D GameActivity: GameActivity.GetIsPlayerUsingVPN()
return: false
11-26 01:16:49.783 20239 20345 D PermissionUtil: isPermissionGranted
11-26 01:16:49.783 20239 20345 D PermissionUtil: targetSdkVersion: 34
11-26 01:16:49.784 20239 20345 D PermissionUtil:
isPermissionGranted(android.permission.BLUETOOTH_CONNECT) return true
11-26 01:16:49.790 20239 20345 D GameActivity: AndroidThunkJava_GetDeivceNickName
return: OPPO A16
11-26 01:17:10.064 20239 20883 E HDmpve : [2024-11-26 01:17:10 064] | Error |
[HDmpve] |0x796b51ccb0| DownloadProcess.cpp:330|ThreadProcess| DLProcess
PollingTime Changed: 10000 -> 300000
11-26 01:17:10.066 20239 20883 E HDmpve : [2024-11-26 01:17:10 066] | Error |
[HDmpve] |0x796b51ccb0| AFileLogger.cpp:110|_OpenLogFile| Failed to Open log files
11-26 01:17:10.066 20239 20883 E HDmpve : [2024-11-26 01:17:10 066] | Error |
[HDmpve] |0x796b51ccb0| AFileLogger.cpp:260|Log2File| OpenLogFile failed!
11-26 01:17:10.067 20239 20887 E HDmpve : [2024-11-26 01:17:10 067] | Error |
[HDmpve] |0x796b124cb0| DownloadProcess.cpp:330|ThreadProcess| DLProcess
PollingTime Changed: 10000 -> 300000
11-26 01:17:10.068 20239 20887 E HDmpve : [2024-11-26 01:17:10 068] | Error |
[HDmpve] |0x796b124cb0| AFileLogger.cpp:110|_OpenLogFile| Failed to Open log files
11-26 01:17:10.068 20239 20887 E HDmpve : [2024-11-26 01:17:10 068] | Error |
[HDmpve] |0x796b124cb0| AFileLogger.cpp:260|Log2File| OpenLogFile failed!
11-26 01:17:10.274 20239 20345 D patap.loader:p: PlayerBase::PlayerBase()
11-26 01:17:10.276 20239 20345 D patap.loader:p: TrackPlayerBase::TrackPlayerBase()
11-26 01:17:10.276 20239 20345 D patap.loader:p:
TrackPlayerBase::~TrackPlayerBase()
11-26 01:17:10.276 20239 20345 D patap.loader:p: PlayerBase::~PlayerBase()
11-26 01:17:10.277 20239 20345 D DA4MG : Height channels supported (1).
11-26 01:17:13.600 20239 20239 E Parcel : Reading a NULL string not supported
here.
11-26 01:17:13.602 20239 20239 W BillingClient: Connection to Billing service is
blocked.
11-26 01:17:29.400 20239 20239 E Parcel : Reading a NULL string not supported
here.
11-26 01:17:29.429 20239 20239 E Parcel : Reading a NULL string not supported
here.
11-26 01:17:29.531 20239 20284 I TRuntime.CctTransportBackend: Making request to:
https://firebaselogging.googleapis.com/v0cc/log/batch?format=json_proto3
11-26 01:17:30.126 20239 20284 I TRuntime.CctTransportBackend: Status Code: 200
11-26 01:17:33.366 20239 20716 I GED : ged_boost_gpu_freq, level 100, eOrigin
2, final_idx 2, oppidx_max 2, oppidx_min 0
11-26 01:17:40.026 20005 20010 I .tapatap.loade: Background concurrent copying GC
freed 7102KB AllocSpace bytes, 0(0B) LOS objects, 66% free, 4429KB/12MB, paused
162us,110us total 110.407ms
11-26 01:17:48.150 20239 20345 D GameActitivy: AndroidThunkJava_GetVolume START
11-26 01:17:48.189 20239 20345 D AudioManagerExtImpl: getStreamVolume
packageName=com.tapatap.loader, index=7, streamType=0
11-26 01:17:48.189 20239 20345 D GameActitivy: AndroidThunkJava_GetVolume START
11-26 01:17:48.191 20239 20345 D AudioManagerExtImpl: getStreamVolume
packageName=com.tapatap.loader, index=11, streamType=3
11-26 01:17:53.891 20239 20716 I GED : ged_boost_gpu_freq, level 100, eOrigin
2, final_idx 2, oppidx_max 2, oppidx_min 0
11-26 01:17:57.926 20239 20716 I GED : ged_boost_gpu_freq, level 100, eOrigin
2, final_idx 2, oppidx_max 2, oppidx_min 0
11-26 01:18:03.106 20239 20846 D AudioTrack: start(4641): prior state:STATE_STOPPED
output 13 stream 3 session 38649
11-26 01:18:03.106 20239 20846 D AudioTrack: start(4641): 0x7971e35600, prior
state:STATE_STOPPED
11-26 01:18:03.172 20239 20846 I AudioManager: In setSpeakerphoneOn(), on: true,
calling application: com.tapatap.loader
11-26 01:18:05.040 20239 20346 V threaded_app: New input event: type=2
11-26 01:18:05.063 20239 20346 V threaded_app: New input event: type=2
11-26 01:18:10.952 20239 20346 V threaded_app: New input event: type=2
11-26 01:18:11.085 20239 20346 V threaded_app: New input event: type=2
11-26 01:18:11.101 20239 20346 V threaded_app: New input event: type=2
11-26 01:18:11.118 20239 20346 V threaded_app: New input event: type=2
11-26 01:18:11.135 20239 20346 V threaded_app: New input event: type=2
11-26 01:18:11.152 20239 20346 V threaded_app: New input event: type=2
11-26 01:18:11.169 20239 20346 V threaded_app: New input event: type=2
11-26 01:18:11.186 20239 20346 V threaded_app: New input event: type=2
11-26 01:18:11.203 20239 20346 V threaded_app: New input event: type=2
11-26 01:18:11.220 20239 20346 V threaded_app: New input event: type=2
11-26 01:18:11.237 20239 20346 V threaded_app: New input event: type=2
11-26 01:18:11.255 20239 20346 V threaded_app: New input event: type=2
11-26 01:18:11.271 20239 20346 V threaded_app: New input event: type=2
11-26 01:18:11.289 20239 20346 V threaded_app: New input event: type=2
11-26 01:18:11.305 20239 20346 V threaded_app: New input event: type=2
11-26 01:18:11.322 20239 20346 V threaded_app: New input event: type=2
11-26 01:18:11.339 20239 20346 V threaded_app: New input event: type=2
11-26 01:18:11.356 20239 20346 V threaded_app: New input event: type=2
11-26 01:18:11.373 20239 20346 V threaded_app: New input event: type=2
11-26 01:18:11.390 20239 20346 V threaded_app: New input event: type=2
11-26 01:18:11.407 20239 20346 V threaded_app: New input event: type=2
11-26 01:18:11.425 20239 20346 V threaded_app: New input event: type=2
11-26 01:18:11.441 20239 20346 V threaded_app: New input event: type=2
11-26 01:18:11.459 20239 20346 V threaded_app: New input event: type=2
11-26 01:18:11.475 20239 20346 V threaded_app: New input event: type=2
11-26 01:18:11.493 20239 20346 V threaded_app: New input event: type=2
11-26 01:18:11.509 20239 20346 V threaded_app: New input event: type=2
11-26 01:18:11.526 20239 20346 V threaded_app: New input event: type=2
11-26 01:18:11.544 20239 20346 V threaded_app: New input event: type=2
11-26 01:18:11.561 20239 20346 V threaded_app: New input event: type=2
11-26 01:18:11.578 20239 20346 V threaded_app: New input event: type=2
11-26 01:18:11.595 20239 20346 V threaded_app: New input event: type=2
11-26 01:18:11.612 20239 20346 V threaded_app: New input event: type=2
11-26 01:18:11.629 20239 20346 V threaded_app: New input event: type=2
11-26 01:18:11.646 20239 20346 V threaded_app: New input event: type=2
11-26 01:18:11.663 20239 20346 V threaded_app: New input event: type=2
11-26 01:18:11.680 20239 20346 V threaded_app: New input event: type=2
11-26 01:18:11.697 20239 20346 V threaded_app: New input event: type=2
11-26 01:18:11.715 20239 20346 V threaded_app: New input event: type=2
11-26 01:18:11.731 20239 20346 V threaded_app: New input event: type=2
11-26 01:18:11.748 20239 20346 V threaded_app: New input event: type=2
11-26 01:18:11.765 20239 20346 V threaded_app: New input event: type=2
11-26 01:18:11.782 20239 20346 V threaded_app: New input event: type=2
11-26 01:18:11.799 20239 20346 V threaded_app: New input event: type=2
11-26 01:18:11.816 20239 20346 V threaded_app: New input event: type=2
11-26 01:18:11.833 20239 20346 V threaded_app: New input event: type=2
11-26 01:18:11.850 20239 20346 V threaded_app: New input event: type=2
11-26 01:18:11.867 20239 20346 V threaded_app: New input event: type=2
11-26 01:18:11.884 20239 20346 V threaded_app: New input event: type=2
11-26 01:18:11.901 20239 20346 V threaded_app: New input event: type=2
11-26 01:18:12.007 20239 20346 V threaded_app: New input event: type=2
11-26 01:18:17.621 20239 20239 E Parcel : Reading a NULL string not supported
here.
11-26 01:18:17.631 20239 20239 W BillingClient: Connection to Billing service is
blocked.
11-26 01:18:17.636 20239 20284 E Parcel : Reading a NULL string not supported
here.
11-26 01:18:17.689 20239 20284 E Parcel : Reading a NULL string not supported
here.
11-26 01:18:24.325 20239 21840 E Parcel : Reading a NULL string not supported
here.
11-26 01:18:31.294 20239 20346 V threaded_app: New input event: type=2
11-26 01:18:31.403 20239 20346 V threaded_app: New input event: type=2
11-26 01:18:31.420 20239 20346 V threaded_app: New input event: type=2
11-26 01:18:31.437 20239 20346 V threaded_app: New input event: type=2
11-26 01:18:31.454 20239 20346 V threaded_app: New input event: type=2
11-26 01:18:31.471 20239 20346 V threaded_app: New input event: type=2
11-26 01:18:31.488 20239 20346 V threaded_app: New input event: type=2
11-26 01:18:31.505 20239 20346 V threaded_app: New input event: type=2
11-26 01:18:31.522 20239 20346 V threaded_app: New input event: type=2
11-26 01:18:31.539 20239 20346 V threaded_app: New input event: type=2
11-26 01:18:31.556 20239 20346 V threaded_app: New input event: type=2
11-26 01:18:31.573 20239 20346 V threaded_app: New input event: type=2
11-26 01:18:31.590 20239 20346 V threaded_app: New input event: type=2
11-26 01:18:31.607 20239 20346 V threaded_app: New input event: type=2
11-26 01:18:31.624 20239 20346 V threaded_app: New input event: type=2
11-26 01:18:31.641 20239 20346 V threaded_app: New input event: type=2
11-26 01:18:31.658 20239 20346 V threaded_app: New input event: type=2
11-26 01:18:31.675 20239 20346 V threaded_app: New input event: type=2
11-26 01:18:31.692 20239 20346 V threaded_app: New input event: type=2
11-26 01:18:31.710 20239 20346 V threaded_app: New input event: type=2
11-26 01:18:31.726 20239 20346 V threaded_app: New input event: type=2
11-26 01:18:31.745 20239 20346 V threaded_app: New input event: type=2
11-26 01:18:31.760 20239 20346 V threaded_app: New input event: type=2
11-26 01:18:31.777 20239 20346 V threaded_app: New input event: type=2
11-26 01:18:31.795 20239 20346 V threaded_app: New input event: type=2
11-26 01:18:31.811 20239 20346 V threaded_app: New input event: type=2
11-26 01:18:31.829 20239 20346 V threaded_app: New input event: type=2
11-26 01:18:31.846 20239 20346 V threaded_app: New input event: type=2
11-26 01:18:31.864 20239 20346 V threaded_app: New input event: type=2
11-26 01:18:31.880 20239 20346 V threaded_app: New input event: type=2
11-26 01:18:31.897 20239 20346 V threaded_app: New input event: type=2
11-26 01:18:31.914 20239 20346 V threaded_app: New input event: type=2
11-26 01:18:31.931 20239 20346 V threaded_app: New input event: type=2
11-26 01:18:31.948 20239 20346 V threaded_app: New input event: type=2
11-26 01:18:31.965 20239 20346 V threaded_app: New input event: type=2
11-26 01:18:31.982 20239 20346 V threaded_app: New input event: type=2
11-26 01:18:31.999 20239 20346 V threaded_app: New input event: type=2
11-26 01:18:32.016 20239 20346 V threaded_app: New input event: type=2
11-26 01:18:32.033 20239 20346 V threaded_app: New input event: type=2
11-26 01:18:32.050 20239 20346 V threaded_app: New input event: type=2
11-26 01:18:32.067 20239 20346 V threaded_app: New input event: type=2
11-26 01:18:32.084 20239 20346 V threaded_app: New input event: type=2
11-26 01:18:32.101 20239 20346 V threaded_app: New input event: type=2
11-26 01:18:32.118 20239 20346 V threaded_app: New input event: type=2
11-26 01:18:32.135 20239 20346 V threaded_app: New input event: type=2
11-26 01:18:32.152 20239 20346 V threaded_app: New input event: type=2
11-26 01:18:32.169 20239 20346 V threaded_app: New input event: type=2
11-26 01:18:32.186 20239 20346 V threaded_app: New input event: type=2
11-26 01:18:32.204 20239 20346 V threaded_app: New input event: type=2
11-26 01:18:32.221 20239 20346 V threaded_app: New input event: type=2
11-26 01:18:32.223 20239 20346 V threaded_app: New input event: type=2
11-26 01:18:32.856 20239 20346 V threaded_app: New input event: type=2
11-26 01:18:32.971 20239 20346 V threaded_app: New input event: type=2
11-26 01:18:32.988 20239 20346 V threaded_app: New input event: type=2
11-26 01:18:33.005 20239 20346 V threaded_app: New input event: type=2
11-26 01:18:33.022 20239 20346 V threaded_app: New input event: type=2
11-26 01:18:33.038 20239 20346 V threaded_app: New input event: type=2
11-26 01:18:33.055 20239 20346 V threaded_app: New input event: type=2
11-26 01:18:33.073 20239 20346 V threaded_app: New input event: type=2
11-26 01:18:33.089 20239 20346 V threaded_app: New input event: type=2
11-26 01:18:33.107 20239 20346 V threaded_app: New input event: type=2
11-26 01:18:33.124 20239 20346 V threaded_app: New input event: type=2
11-26 01:18:33.140 20239 20346 V threaded_app: New input event: type=2
11-26 01:18:33.158 20239 20346 V threaded_app: New input event: type=2
11-26 01:18:33.174 20239 20346 V threaded_app: New input event: type=2
11-26 01:18:33.192 20239 20346 V threaded_app: New input event: type=2
11-26 01:18:33.208 20239 20346 V threaded_app: New input event: type=2
11-26 01:18:33.226 20239 20346 V threaded_app: New input event: type=2
11-26 01:18:33.242 20239 20346 V threaded_app: New input event: type=2
11-26 01:18:33.260 20239 20346 V threaded_app: New input event: type=2
11-26 01:18:33.277 20239 20346 V threaded_app: New input event: type=2
11-26 01:18:33.294 20239 20346 V threaded_app: New input event: type=2
11-26 01:18:33.311 20239 20346 V threaded_app: New input event: type=2
11-26 01:18:33.327 20239 20346 V threaded_app: New input event: type=2
11-26 01:18:33.345 20239 20346 V threaded_app: New input event: type=2
11-26 01:18:33.361 20239 20346 V threaded_app: New input event: type=2
11-26 01:18:33.379 20239 20346 V threaded_app: New input event: type=2
11-26 01:18:33.396 20239 20346 V threaded_app: New input event: type=2
11-26 01:18:33.413 20239 20346 V threaded_app: New input event: type=2
11-26 01:18:33.431 20239 20346 V threaded_app: New input event: type=2
11-26 01:18:33.448 20239 20346 V threaded_app: New input event: type=2
11-26 01:18:33.464 20239 20346 V threaded_app: New input event: type=2
11-26 01:18:33.481 20239 20346 V threaded_app: New input event: type=2
11-26 01:18:33.498 20239 20346 V threaded_app: New input event: type=2
11-26 01:18:33.506 20239 20345 E Parcel : Reading a NULL string not supported
here.
11-26 01:18:33.515 20239 20346 V threaded_app: New input event: type=2
11-26 01:18:33.517 20239 20346 V threaded_app: New input event: type=2
11-26 01:18:34.552 20239 20346 V threaded_app: New input event: type=2
11-26 01:18:34.782 20239 20346 V threaded_app: New input event: type=2
11-26 01:18:34.798 20239 20346 V threaded_app: New input event: type=2
11-26 01:18:34.814 20239 20346 V threaded_app: New input event: type=2
11-26 01:18:34.831 20239 20346 V threaded_app: New input event: type=2
11-26 01:18:34.847 20239 20346 V threaded_app: New input event: type=2
11-26 01:18:34.863 20239 20346 V threaded_app: New input event: type=2
11-26 01:18:34.879 20239 20346 V threaded_app: New input event: type=2
11-26 01:18:34.896 20239 20346 V threaded_app: New input event: type=2
11-26 01:18:34.912 20239 20346 V threaded_app: New input event: type=2
11-26 01:18:34.929 20239 20346 V threaded_app: New input event: type=2
11-26 01:18:34.945 20239 20346 V threaded_app: New input event: type=2
11-26 01:18:34.962 20239 20346 V threaded_app: New input event: type=2
11-26 01:18:34.978 20239 20346 V threaded_app: New input event: type=2
11-26 01:18:34.995 20239 20346 V threaded_app: New input event: type=2
11-26 01:18:35.011 20239 20346 V threaded_app: New input event: type=2
11-26 01:18:35.028 20239 20346 V threaded_app: New input event: type=2
11-26 01:18:35.044 20239 20346 V threaded_app: New input event: type=2
11-26 01:18:35.061 20239 20346 V threaded_app: New input event: type=2
11-26 01:18:35.077 20239 20346 V threaded_app: New input event: type=2
11-26 01:18:35.094 20239 20346 V threaded_app: New input event: type=2
11-26 01:18:35.111 20239 20346 V threaded_app: New input event: type=2
11-26 01:18:35.127 20239 20346 V threaded_app: New input event: type=2
11-26 01:18:35.143 20239 20346 V threaded_app: New input event: type=2
11-26 01:18:35.160 20239 20346 V threaded_app: New input event: type=2
11-26 01:18:35.177 20239 20346 V threaded_app: New input event: type=2
11-26 01:18:35.193 20239 20346 V threaded_app: New input event: type=2
11-26 01:18:35.210 20239 20346 V threaded_app: New input event: type=2
11-26 01:18:35.227 20239 20346 V threaded_app: New input event: type=2
11-26 01:18:35.243 20239 20346 V threaded_app: New input event: type=2
11-26 01:18:35.259 20239 20346 V threaded_app: New input event: type=2
11-26 01:18:35.276 20239 20346 V threaded_app: New input event: type=2
11-26 01:18:35.292 20239 20346 V threaded_app: New input event: type=2
11-26 01:18:35.309 20239 20346 V threaded_app: New input event: type=2
11-26 01:18:35.326 20239 20346 V threaded_app: New input event: type=2
11-26 01:18:35.342 20239 20346 V threaded_app: New input event: type=2
11-26 01:18:35.359 20239 20346 V threaded_app: New input event: type=2
11-26 01:18:35.375 20239 20346 V threaded_app: New input event: type=2
11-26 01:18:35.392 20239 20346 V threaded_app: New input event: type=2
11-26 01:18:35.409 20239 20346 V threaded_app: New input event: type=2
11-26 01:18:35.425 20239 20346 V threaded_app: New input event: type=2
11-26 01:18:35.442 20239 20346 V threaded_app: New input event: type=2
11-26 01:18:35.458 20239 20346 V threaded_app: New input event: type=2
11-26 01:18:35.475 20239 20346 V threaded_app: New input event: type=2
11-26 01:18:35.491 20239 20346 V threaded_app: New input event: type=2
11-26 01:18:35.508 20239 20346 V threaded_app: New input event: type=2
11-26 01:18:35.524 20239 20346 V threaded_app: New input event: type=2
11-26 01:18:35.541 20239 20346 V threaded_app: New input event: type=2
11-26 01:18:35.557 20239 20346 V threaded_app: New input event: type=2
11-26 01:18:35.574 20239 20346 V threaded_app: New input event: type=2
11-26 01:18:35.591 20239 20346 V threaded_app: New input event: type=2
11-26 01:18:35.607 20239 20346 V threaded_app: New input event: type=2
11-26 01:18:35.624 20239 20346 V threaded_app: New input event: type=2
11-26 01:18:35.640 20239 20346 V threaded_app: New input event: type=2
11-26 01:18:35.657 20239 20346 V threaded_app: New input event: type=2
11-26 01:18:35.673 20239 20346 V threaded_app: New input event: type=2
11-26 01:18:35.690 20239 20346 V threaded_app: New input event: type=2
11-26 01:18:35.706 20239 20346 V threaded_app: New input event: type=2
11-26 01:18:35.723 20239 20346 V threaded_app: New input event: type=2
11-26 01:18:35.756 20239 20346 V threaded_app: New input event: type=2
11-26 01:18:35.839 20239 20346 V threaded_app: New input event: type=2
11-26 01:18:35.855 20239 20346 V threaded_app: New input event: type=2
11-26 01:18:35.888 20239 20346 V threaded_app: New input event: type=2
11-26 01:18:35.905 20239 20346 V threaded_app: New input event: type=2
11-26 01:18:35.922 20239 20346 V threaded_app: New input event: type=2
11-26 01:18:35.938 20239 20346 V threaded_app: New input event: type=2
11-26 01:18:35.971 20239 20346 V threaded_app: New input event: type=2
11-26 01:18:35.988 20239 20346 V threaded_app: New input event: type=2
11-26 01:18:36.021 20239 20346 V threaded_app: New input event: type=2
11-26 01:18:36.054 20239 20346 V threaded_app: New input event: type=2
11-26 01:18:36.071 20239 20346 V threaded_app: New input event: type=2
11-26 01:18:36.087 20239 20346 V threaded_app: New input event: type=2
11-26 01:18:36.104 20239 20346 V threaded_app: New input event: type=2
11-26 01:18:36.120 20239 20346 V threaded_app: New input event: type=2
11-26 01:18:36.137 20239 20346 V threaded_app: New input event: type=2
11-26 01:18:36.154 20239 20346 V threaded_app: New input event: type=2
11-26 01:18:36.170 20239 20346 V threaded_app: New input event: type=2
11-26 01:18:36.187 20239 20346 V threaded_app: New input event: type=2
11-26 01:18:36.203 20239 20346 V threaded_app: New input event: type=2
11-26 01:18:36.220 20239 20346 V threaded_app: New input event: type=2
11-26 01:18:36.236 20239 20346 V threaded_app: New input event: type=2
11-26 01:18:36.253 20239 20346 V threaded_app: New input event: type=2
11-26 01:18:36.269 20239 20346 V threaded_app: New input event: type=2
11-26 01:18:36.286 20239 20346 V threaded_app: New input event: type=2
11-26 01:18:36.302 20239 20346 V threaded_app: New input event: type=2
11-26 01:18:36.319 20239 20346 V threaded_app: New input event: type=2
11-26 01:18:36.336 20239 20346 V threaded_app: New input event: type=2
11-26 01:18:36.353 20239 20346 V threaded_app: New input event: type=2
11-26 01:18:36.369 20239 20346 V threaded_app: New input event: type=2
11-26 01:18:36.385 20239 20346 V threaded_app: New input event: type=2
11-26 01:18:36.402 20239 20346 V threaded_app: New input event: type=2
11-26 01:18:36.419 20239 20346 V threaded_app: New input event: type=2
11-26 01:18:36.435 20239 20346 V threaded_app: New input event: type=2
11-26 01:18:36.452 20239 20346 V threaded_app: New input event: type=2
11-26 01:18:36.468 20239 20346 V threaded_app: New input event: type=2
11-26 01:18:36.485 20239 20346 V threaded_app: New input event: type=2
11-26 01:18:36.501 20239 20346 V threaded_app: New input event: type=2
11-26 01:18:36.534 20239 20346 V threaded_app: New input event: type=2
11-26 01:18:36.551 20239 20346 V threaded_app: New input event: type=2
11-26 01:18:36.567 20239 20346 V threaded_app: New input event: type=2
11-26 01:18:36.584 20239 20346 V threaded_app: New input event: type=2
11-26 01:18:36.601 20239 20346 V threaded_app: New input event: type=2
11-26 01:18:36.617 20239 20346 V threaded_app: New input event: type=2
11-26 01:18:36.634 20239 20346 V threaded_app: New input event: type=2
11-26 01:18:36.650 20239 20346 V threaded_app: New input event: type=2
11-26 01:18:36.667 20239 20346 V threaded_app: New input event: type=2
11-26 01:18:36.683 20239 20346 V threaded_app: New input event: type=2
11-26 01:18:36.700 20239 20346 V threaded_app: New input event: type=2
11-26 01:18:36.716 20239 20346 V threaded_app: New input event: type=2
11-26 01:18:36.733 20239 20346 V threaded_app: New input event: type=2
11-26 01:18:36.750 20239 20346 V threaded_app: New input event: type=2
11-26 01:18:36.766 20239 20346 V threaded_app: New input event: type=2
11-26 01:18:36.783 20239 20346 V threaded_app: New input event: type=2
11-26 01:18:36.799 20239 20346 V threaded_app: New input event: type=2
11-26 01:18:36.816 20239 20346 V threaded_app: New input event: type=2
11-26 01:18:36.832 20239 20346 V threaded_app: New input event: type=2
11-26 01:18:36.849 20239 20346 V threaded_app: New input event: type=2
11-26 01:18:36.865 20239 20346 V threaded_app: New input event: type=2
11-26 01:18:36.882 20239 20346 V threaded_app: New input event: type=2
11-26 01:18:36.899 20239 20346 V threaded_app: New input event: type=2
11-26 01:18:36.915 20239 20346 V threaded_app: New input event: type=2
11-26 01:18:36.932 20239 20346 V threaded_app: New input event: type=2
11-26 01:18:36.948 20239 20346 V threaded_app: New input event: type=2
11-26 01:18:36.965 20239 20346 V threaded_app: New input event: type=2
11-26 01:18:36.981 20239 20346 V threaded_app: New input event: type=2
11-26 01:18:36.998 20239 20346 V threaded_app: New input event: type=2
11-26 01:18:37.014 20239 20346 V threaded_app: New input event: type=2
11-26 01:18:37.031 20239 20346 V threaded_app: New input event: type=2
11-26 01:18:37.048 20239 20346 V threaded_app: New input event: type=2
11-26 01:18:37.064 20239 20346 V threaded_app: New input event: type=2
11-26 01:18:37.081 20239 20346 V threaded_app: New input event: type=2
11-26 01:18:37.097 20239 20346 V threaded_app: New input event: type=2
11-26 01:18:37.114 20239 20346 V threaded_app: New input event: type=2
11-26 01:18:37.130 20239 20346 V threaded_app: New input event: type=2
11-26 01:18:37.147 20239 20346 V threaded_app: New input event: type=2
11-26 01:18:37.164 20239 20346 V threaded_app: New input event: type=2
11-26 01:18:37.180 20239 20346 V threaded_app: New input event: type=2
11-26 01:18:37.197 20239 20346 V threaded_app: New input event: type=2
11-26 01:18:37.213 20239 20346 V threaded_app: New input event: type=2
11-26 01:18:37.230 20239 20346 V threaded_app: New input event: type=2
11-26 01:18:37.246 20239 20346 V threaded_app: New input event: type=2
11-26 01:18:37.263 20239 20346 V threaded_app: New input event: type=2
11-26 01:18:37.280 20239 20346 V threaded_app: New input event: type=2
11-26 01:18:37.296 20239 20346 V threaded_app: New input event: type=2
11-26 01:18:37.313 20239 20346 V threaded_app: New input event: type=2
11-26 01:18:37.329 20239 20346 V threaded_app: New input event: type=2
11-26 01:18:37.345 20239 20346 V threaded_app: New input event: type=2
11-26 01:18:37.362 20239 20346 V threaded_app: New input event: type=2
11-26 01:18:37.379 20239 20346 V threaded_app: New input event: type=2
11-26 01:18:37.395 20239 20346 V threaded_app: New input event: type=2
11-26 01:18:37.412 20239 20346 V threaded_app: New input event: type=2
11-26 01:18:37.428 20239 20346 V threaded_app: New input event: type=2
11-26 01:18:37.445 20239 20346 V threaded_app: New input event: type=2
11-26 01:18:37.478 20239 20346 V threaded_app: New input event: type=2
11-26 01:18:37.495 20239 20346 V threaded_app: New input event: type=2
11-26 01:18:37.511 20239 20346 V threaded_app: New input event: type=2
11-26 01:18:37.527 20239 20346 V threaded_app: New input event: type=2
11-26 01:18:37.577 20239 20346 V threaded_app: New input event: type=2
11-26 01:18:37.610 20239 20346 V threaded_app: New input event: type=2
11-26 01:18:37.627 20239 20346 V threaded_app: New input event: type=2
11-26 01:18:37.644 20239 20346 V threaded_app: New input event: type=2
11-26 01:18:37.660 20239 20346 V threaded_app: New input event: type=2
11-26 01:18:37.677 20239 20346 V threaded_app: New input event: type=2
11-26 01:18:37.693 20239 20346 V threaded_app: New input event: type=2
11-26 01:18:37.710 20239 20346 V threaded_app: New input event: type=2
11-26 01:18:37.726 20239 20346 V threaded_app: New input event: type=2
11-26 01:18:37.743 20239 20346 V threaded_app: New input event: type=2
11-26 01:18:37.759 20239 20346 V threaded_app: New input event: type=2
11-26 01:18:37.776 20239 20346 V threaded_app: New input event: type=2
11-26 01:18:37.793 20239 20346 V threaded_app: New input event: type=2
11-26 01:18:37.809 20239 20346 V threaded_app: New input event: type=2
11-26 01:18:37.826 20239 20346 V threaded_app: New input event: type=2
11-26 01:18:37.842 20239 20346 V threaded_app: New input event: type=2
11-26 01:18:37.859 20239 20346 V threaded_app: New input event: type=2
11-26 01:18:37.892 20239 20346 V threaded_app: New input event: type=2
11-26 01:18:37.925 20239 20346 V threaded_app: New input event: type=2
11-26 01:18:37.941 20239 20346 V threaded_app: New input event: type=2
11-26 01:18:37.958 20239 20346 V threaded_app: New input event: type=2
11-26 01:18:37.975 20239 20346 V threaded_app: New input event: type=2
11-26 01:18:37.991 20239 20346 V threaded_app: New input event: type=2
11-26 01:18:38.008 20239 20346 V threaded_app: New input event: type=2
11-26 01:18:38.024 20239 20346 V threaded_app: New input event: type=2
11-26 01:18:38.041 20239 20346 V threaded_app: New input event: type=2
11-26 01:18:38.124 20239 20346 V threaded_app: New input event: type=2
11-26 01:18:38.256 20239 20346 V threaded_app: New input event: type=2
11-26 01:18:38.273 20239 20346 V threaded_app: New input event: type=2
11-26 01:18:38.289 20239 20346 V threaded_app: New input event: type=2
11-26 01:18:38.455 20239 20346 V threaded_app: New input event: type=2
11-26 01:18:38.471 20239 20346 V threaded_app: New input event: type=2
11-26 01:18:38.488 20239 20346 V threaded_app: New input event: type=2
11-26 01:18:38.670 20239 20346 V threaded_app: New input event: type=2
11-26 01:18:38.686 20239 20346 V threaded_app: New input event: type=2
11-26 01:18:38.703 20239 20346 V threaded_app: New input event: type=2
11-26 01:18:38.719 20239 20346 V threaded_app: New input event: type=2
11-26 01:18:38.736 20239 20346 V threaded_app: New input event: type=2
11-26 01:18:38.753 20239 20346 V threaded_app: New input event: type=2
11-26 01:18:38.769 20239 20346 V threaded_app: New input event: type=2
11-26 01:18:38.786 20239 20346 V threaded_app: New input event: type=2
11-26 01:18:38.803 20239 20346 V threaded_app: New input event: type=2
11-26 01:18:38.820 20239 20346 V threaded_app: New input event: type=2
11-26 01:18:38.835 20239 20346 V threaded_app: New input event: type=2
11-26 01:18:38.852 20239 20346 V threaded_app: New input event: type=2
11-26 01:18:38.869 20239 20346 V threaded_app: New input event: type=2
11-26 01:18:38.885 20239 20346 V threaded_app: New input event: type=2
11-26 01:18:38.902 20239 20346 V threaded_app: New input event: type=2
11-26 01:18:38.918 20239 20346 V threaded_app: New input event: type=2
11-26 01:18:38.935 20239 20346 V threaded_app: New input event: type=2
11-26 01:18:38.952 20239 20346 V threaded_app: New input event: type=2
11-26 01:18:38.968 20239 20346 V threaded_app: New input event: type=2
11-26 01:18:38.985 20239 20346 V threaded_app: New input event: type=2
11-26 01:18:39.001 20239 20346 V threaded_app: New input event: type=2
11-26 01:18:39.018 20239 20346 V threaded_app: New input event: type=2
11-26 01:18:39.034 20239 20346 V threaded_app: New input event: type=2
11-26 01:18:39.051 20239 20346 V threaded_app: New input event: type=2
11-26 01:18:39.067 20239 20346 V threaded_app: New input event: type=2
11-26 01:18:39.084 20239 20346 V threaded_app: New input event: type=2
11-26 01:18:39.100 20239 20346 V threaded_app: New input event: type=2
11-26 01:18:39.117 20239 20346 V threaded_app: New input event: type=2
11-26 01:18:39.134 20239 20346 V threaded_app: New input event: type=2
11-26 01:18:39.150 20239 20346 V threaded_app: New input event: type=2
11-26 01:18:39.167 20239 20346 V threaded_app: New input event: type=2
11-26 01:18:39.183 20239 20346 V threaded_app: New input event: type=2
11-26 01:18:39.200 20239 20346 V threaded_app: New input event: type=2
11-26 01:18:39.216 20239 20346 V threaded_app: New input event: type=2
11-26 01:18:39.233 20239 20346 V threaded_app: New input event: type=2
11-26 01:18:39.249 20239 20346 V threaded_app: New input event: type=2
11-26 01:18:39.266 20239 20346 V threaded_app: New input event: type=2
11-26 01:18:39.283 20239 20346 V threaded_app: New input event: type=2
11-26 01:18:39.299 20239 20346 V threaded_app: New input event: type=2
11-26 01:18:39.316 20239 20346 V threaded_app: New input event: type=2
11-26 01:18:39.332 20239 20346 V threaded_app: New input event: type=2
11-26 01:18:39.349 20239 20346 V threaded_app: New input event: type=2
11-26 01:18:39.365 20239 20346 V threaded_app: New input event: type=2
11-26 01:18:39.382 20239 20346 V threaded_app: New input event: type=2
11-26 01:18:39.398 20239 20346 V threaded_app: New input event: type=2
11-26 01:18:39.415 20239 20346 V threaded_app: New input event: type=2
11-26 01:18:39.432 20239 20346 V threaded_app: New input event: type=2
11-26 01:18:39.448 20239 20346 V threaded_app: New input event: type=2
11-26 01:18:39.465 20239 20346 V threaded_app: New input event: type=2
11-26 01:18:39.482 20239 20346 V threaded_app: New input event: type=2
11-26 01:18:39.498 20239 20346 V threaded_app: New input event: type=2
11-26 01:18:39.514 20239 20346 V threaded_app: New input event: type=2
11-26 01:18:39.531 20239 20346 V threaded_app: New input event: type=2
11-26 01:18:39.547 20239 20346 V threaded_app: New input event: type=2
11-26 01:18:39.564 20239 20346 V threaded_app: New input event: type=2
11-26 01:18:39.581 20239 20346 V threaded_app: New input event: type=2
11-26 01:18:39.597 20239 20346 V threaded_app: New input event: type=2
11-26 01:18:39.614 20239 20346 V threaded_app: New input event: type=2
11-26 01:18:39.630 20239 20346 V threaded_app: New input event: type=2
11-26 01:18:39.647 20239 20346 V threaded_app: New input event: type=2
11-26 01:18:39.680 20239 20346 V threaded_app: New input event: type=2
11-26 01:18:39.696 20239 20346 V threaded_app: New input event: type=2
11-26 01:18:39.714 20239 20346 V threaded_app: New input event: type=2
11-26 01:18:39.746 20239 20346 V threaded_app: New input event: type=2
11-26 01:18:39.763 20239 20346 V threaded_app: New input event: type=2
11-26 01:18:39.862 20239 20346 V threaded_app: New input event: type=2
11-26 01:18:39.878 20239 20346 V threaded_app: New input event: type=2
11-26 01:18:39.895 20239 20346 V threaded_app: New input event: type=2
11-26 01:18:39.961 20239 20346 V threaded_app: New input event: type=2
11-26 01:18:39.978 20239 20346 V threaded_app: New input event: type=2
11-26 01:18:39.995 20239 20346 V threaded_app: New input event: type=2
11-26 01:18:40.011 20239 20346 V threaded_app: New input event: type=2
11-26 01:18:40.028 20239 20346 V threaded_app: New input event: type=2
11-26 01:18:40.044 20239 20346 V threaded_app: New input event: type=2
11-26 01:18:40.061 20239 20346 V threaded_app: New input event: type=2
11-26 01:18:40.077 20239 20346 V threaded_app: New input event: type=2
11-26 01:18:40.094 20239 20346 V threaded_app: New input event: type=2
11-26 01:18:40.111 20239 20346 V threaded_app: New input event: type=2
11-26 01:18:40.127 20239 20346 V threaded_app: New input event: type=2
11-26 01:18:40.143 20239 20346 V threaded_app: New input event: type=2
11-26 01:18:40.160 20239 20346 V threaded_app: New input event: type=2
11-26 01:18:40.176 20239 20346 V threaded_app: New input event: type=2
11-26 01:18:40.193 20239 20346 V threaded_app: New input event: type=2
11-26 01:18:40.210 20239 20346 V threaded_app: New input event: type=2
11-26 01:18:40.226 20239 20346 V threaded_app: New input event: type=2
11-26 01:18:40.260 20239 20346 V threaded_app: New input event: type=2
11-26 01:18:40.326 20239 20346 V threaded_app: New input event: type=2
11-26 01:18:40.342 20239 20346 V threaded_app: New input event: type=2
11-26 01:18:40.360 20239 20346 V threaded_app: New input event: type=2
11-26 01:18:40.375 20239 20346 V threaded_app: New input event: type=2
11-26 01:18:40.392 20239 20346 V threaded_app: New input event: type=2
11-26 01:18:40.408 20239 20346 V threaded_app: New input event: type=2
11-26 01:18:40.425 20239 20346 V threaded_app: New input event: type=2
11-26 01:18:40.441 20239 20346 V threaded_app: New input event: type=2
11-26 01:18:40.458 20239 20346 V threaded_app: New input event: type=2
11-26 01:18:40.475 20239 20346 V threaded_app: New input event: type=2
11-26 01:18:40.491 20239 20346 V threaded_app: New input event: type=2
11-26 01:18:40.508 20239 20346 V threaded_app: New input event: type=2
11-26 01:18:40.524 20239 20346 V threaded_app: New input event: type=2
11-26 01:18:40.541 20239 20346 V threaded_app: New input event: type=2
11-26 01:18:40.557 20239 20346 V threaded_app: New input event: type=2
11-26 01:18:40.574 20239 20346 V threaded_app: New input event: type=2
11-26 01:18:40.590 20239 20346 V threaded_app: New input event: type=2
11-26 01:18:40.607 20239 20346 V threaded_app: New input event: type=2
11-26 01:18:40.624 20239 20346 V threaded_app: New input event: type=2
11-26 01:18:40.640 20239 20346 V threaded_app: New input event: type=2
11-26 01:18:40.657 20239 20346 V threaded_app: New input event: type=2
11-26 01:18:40.674 20239 20346 V threaded_app: New input event: type=2
11-26 01:18:40.690 20239 20346 V threaded_app: New input event: type=2
11-26 01:18:40.706 20239 20346 V threaded_app: New input event: type=2
11-26 01:18:40.723 20239 20346 V threaded_app: New input event: type=2
11-26 01:18:40.740 20239 20346 V threaded_app: New input event: type=2
11-26 01:18:40.757 20239 20346 V threaded_app: New input event: type=2
11-26 01:18:40.772 20239 20346 V threaded_app: New input event: type=2
11-26 01:18:40.789 20239 20346 V threaded_app: New input event: type=2
11-26 01:18:40.806 20239 20346 V threaded_app: New input event: type=2
11-26 01:18:40.822 20239 20346 V threaded_app: New input event: type=2
11-26 01:18:40.839 20239 20346 V threaded_app: New input event: type=2
11-26 01:18:40.889 20239 20346 V threaded_app: New input event: type=2
11-26 01:18:40.921 20239 20346 V threaded_app: New input event: type=2
11-26 01:18:40.938 20239 20346 V threaded_app: New input event: type=2
11-26 01:18:40.955 20239 20346 V threaded_app: New input event: type=2
11-26 01:18:40.972 20239 20346 V threaded_app: New input event: type=2
11-26 01:18:40.988 20239 20346 V threaded_app: New input event: type=2
11-26 01:18:41.004 20239 20346 V threaded_app: New input event: type=2
11-26 01:18:41.021 20239 20346 V threaded_app: New input event: type=2
11-26 01:18:41.037 20239 20346 V threaded_app: New input event: type=2
11-26 01:18:41.070 20239 20346 V threaded_app: New input event: type=2
11-26 01:18:41.087 20239 20346 V threaded_app: New input event: type=2
11-26 01:18:41.103 20239 20346 V threaded_app: New input event: type=2
11-26 01:18:41.170 20239 20346 V threaded_app: New input event: type=2
11-26 01:18:41.220 20239 20346 V threaded_app: New input event: type=2
11-26 01:18:41.236 20239 20346 V threaded_app: New input event: type=2
11-26 01:18:41.240 20239 20346 V threaded_app: New input event: type=2
11-26 01:18:41.474 20239 20346 V threaded_app: New input event: type=2
11-26 01:18:41.572 20239 20346 V threaded_app: New input event: type=2
11-26 01:18:41.756 20239 20346 V threaded_app: New input event: type=2
11-26 01:18:41.882 20239 20346 V threaded_app: New input event: type=2
11-26 01:18:41.898 20239 20346 V threaded_app: New input event: type=2
11-26 01:18:41.915 20239 20346 V threaded_app: New input event: type=2
11-26 01:18:41.931 20239 20346 V threaded_app: New input event: type=2
11-26 01:18:41.948 20239 20346 V threaded_app: New input event: type=2
11-26 01:18:41.964 20239 20346 V threaded_app: New input event: type=2
11-26 01:18:41.981 20239 20346 V threaded_app: New input event: type=2
11-26 01:18:41.998 20239 20346 V threaded_app: New input event: type=2
11-26 01:18:42.014 20239 20346 V threaded_app: New input event: type=2
11-26 01:18:42.031 20239 20346 V threaded_app: New input event: type=2
11-26 01:18:42.047 20239 20346 V threaded_app: New input event: type=2
11-26 01:18:42.064 20239 20346 V threaded_app: New input event: type=2
11-26 01:18:42.081 20239 20346 V threaded_app: New input event: type=2
11-26 01:18:42.097 20239 20346 V threaded_app: New input event: type=2
11-26 01:18:42.102 20239 20346 V threaded_app: New input event: type=2
11-26 01:18:42.102 20239 20346 V threaded_app: New input event: type=2
11-26 01:18:42.130 20239 20346 V threaded_app: New input event: type=2
11-26 01:18:42.147 20239 20346 V threaded_app: New input event: type=2
11-26 01:18:42.163 20239 20346 V threaded_app: New input event: type=2
11-26 01:18:42.180 20239 20346 V threaded_app: New input event: type=2
11-26 01:18:42.213 20239 20346 V threaded_app: New input event: type=2
11-26 01:18:42.229 20239 20346 V threaded_app: New input event: type=2
11-26 01:18:42.246 20239 20346 V threaded_app: New input event: type=2
11-26 01:18:42.262 20239 20346 V threaded_app: New input event: type=2
11-26 01:18:42.280 20239 20346 V threaded_app: New input event: type=2
11-26 01:18:42.295 20239 20346 V threaded_app: New input event: type=2
11-26 01:18:42.313 20239 20346 V threaded_app: New input event: type=2
11-26 01:18:42.329 20239 20346 V threaded_app: New input event: type=2
11-26 01:18:42.345 20239 20346 V threaded_app: New input event: type=2
11-26 01:18:42.362 20239 20346 V threaded_app: New input event: type=2
11-26 01:18:42.378 20239 20346 V threaded_app: New input event: type=2
11-26 01:18:42.395 20239 20346 V threaded_app: New input event: type=2
11-26 01:18:42.411 20239 20346 V threaded_app: New input event: type=2
11-26 01:18:42.428 20239 20346 V threaded_app: New input event: type=2
11-26 01:18:42.445 20239 20346 V threaded_app: New input event: type=2
11-26 01:18:42.461 20239 20346 V threaded_app: New input event: type=2
11-26 01:18:42.477 20239 20346 V threaded_app: New input event: type=2
11-26 01:18:42.494 20239 20346 V threaded_app: New input event: type=2
11-26 01:18:42.511 20239 20346 V threaded_app: New input event: type=2
11-26 01:18:42.527 20239 20346 V threaded_app: New input event: type=2
11-26 01:18:42.544 20239 20346 V threaded_app: New input event: type=2
11-26 01:18:42.560 20239 20346 V threaded_app: New input event: type=2
11-26 01:18:42.577 20239 20346 V threaded_app: New input event: type=2
11-26 01:18:42.594 20239 20346 V threaded_app: New input event: type=2
11-26 01:18:42.610 20239 20346 V threaded_app: New input event: type=2
11-26 01:18:42.627 20239 20346 V threaded_app: New input event: type=2
11-26 01:18:42.643 20239 20346 V threaded_app: New input event: type=2
11-26 01:18:42.660 20239 20346 V threaded_app: New input event: type=2
11-26 01:18:42.676 20239 20346 V threaded_app: New input event: type=2
11-26 01:18:42.693 20239 20346 V threaded_app: New input event: type=2
11-26 01:18:42.710 20239 20346 V threaded_app: New input event: type=2
11-26 01:18:42.726 20239 20346 V threaded_app: New input event: type=2
11-26 01:18:42.743 20239 20346 V threaded_app: New input event: type=2
11-26 01:18:42.759 20239 20346 V threaded_app: New input event: type=2
11-26 01:18:42.776 20239 20346 V threaded_app: New input event: type=2
11-26 01:18:42.792 20239 20346 V threaded_app: New input event: type=2
11-26 01:18:42.809 20239 20346 V threaded_app: New input event: type=2
11-26 01:18:42.825 20239 20346 V threaded_app: New input event: type=2
11-26 01:18:42.842 20239 20346 V threaded_app: New input event: type=2
11-26 01:18:42.858 20239 20346 V threaded_app: New input event: type=2
11-26 01:18:42.875 20239 20346 V threaded_app: New input event: type=2
11-26 01:18:42.892 20239 20346 V threaded_app: New input event: type=2
11-26 01:18:42.908 20239 20346 V threaded_app: New input event: type=2
11-26 01:18:42.925 20239 20346 V threaded_app: New input event: type=2
11-26 01:18:42.941 20239 20346 V threaded_app: New input event: type=2
11-26 01:18:42.958 20239 20346 V threaded_app: New input event: type=2
11-26 01:18:42.974 20239 20346 V threaded_app: New input event: type=2
11-26 01:18:42.991 20239 20346 V threaded_app: New input event: type=2
11-26 01:18:43.007 20239 20346 V threaded_app: New input event: type=2
11-26 01:18:43.024 20239 20346 V threaded_app: New input event: type=2
11-26 01:18:43.040 20239 20346 V threaded_app: New input event: type=2
11-26 01:18:43.057 20239 20346 V threaded_app: New input event: type=2
11-26 01:18:43.074 20239 20346 V threaded_app: New input event: type=2
11-26 01:18:43.090 20239 20346 V threaded_app: New input event: type=2
11-26 01:18:43.107 20239 20346 V threaded_app: New input event: type=2
11-26 01:18:43.124 20239 20346 V threaded_app: New input event: type=2
11-26 01:18:43.140 20239 20346 V threaded_app: New input event: type=2
11-26 01:18:43.156 20239 20346 V threaded_app: New input event: type=2
11-26 01:18:43.173 20239 20346 V threaded_app: New input event: type=2
11-26 01:18:43.190 20239 20346 V threaded_app: New input event: type=2
11-26 01:18:43.206 20239 20346 V threaded_app: New input event: type=2
11-26 01:18:43.223 20239 20346 V threaded_app: New input event: type=2
11-26 01:18:43.239 20239 20346 V threaded_app: New input event: type=2
11-26 01:18:43.256 20239 20346 V threaded_app: New input event: type=2
11-26 01:18:43.272 20239 20346 V threaded_app: New input event: type=2
11-26 01:18:43.289 20239 20346 V threaded_app: New input event: type=2
11-26 01:18:43.306 20239 20346 V threaded_app: New input event: type=2
11-26 01:18:43.322 20239 20346 V threaded_app: New input event: type=2
11-26 01:18:43.339 20239 20346 V threaded_app: New input event: type=2
11-26 01:18:43.355 20239 20346 V threaded_app: New input event: type=2
11-26 01:18:43.371 20239 20346 V threaded_app: New input event: type=2
11-26 01:18:43.388 20239 20346 V threaded_app: New input event: type=2
11-26 01:18:43.405 20239 20346 V threaded_app: New input event: type=2
11-26 01:18:43.421 20239 20346 V threaded_app: New input event: type=2
11-26 01:18:43.438 20239 20346 V threaded_app: New input event: type=2
11-26 01:18:43.454 20239 20346 V threaded_app: New input event: type=2
11-26 01:18:43.471 20239 20346 V threaded_app: New input event: type=2
11-26 01:18:43.487 20239 20346 V threaded_app: New input event: type=2
11-26 01:18:43.504 20239 20346 V threaded_app: New input event: type=2
11-26 01:18:43.521 20239 20346 V threaded_app: New input event: type=2
11-26 01:18:43.537 20239 20346 V threaded_app: New input event: type=2
11-26 01:18:43.554 20239 20346 V threaded_app: New input event: type=2
11-26 01:18:43.570 20239 20346 V threaded_app: New input event: type=2
11-26 01:18:43.587 20239 20346 V threaded_app: New input event: type=2
11-26 01:18:43.604 20239 20346 V threaded_app: New input event: type=2
11-26 01:18:43.620 20239 20346 V threaded_app: New input event: type=2
11-26 01:18:43.636 20239 20346 V threaded_app: New input event: type=2
11-26 01:18:43.653 20239 20346 V threaded_app: New input event: type=2
11-26 01:18:43.670 20239 20346 V threaded_app: New input event: type=2
11-26 01:18:43.686 20239 20346 V threaded_app: New input event: type=2
11-26 01:18:43.703 20239 20346 V threaded_app: New input event: type=2
11-26 01:18:43.719 20239 20346 V threaded_app: New input event: type=2
11-26 01:18:43.736 20239 20346 V threaded_app: New input event: type=2
11-26 01:18:43.752 20239 20346 V threaded_app: New input event: type=2
11-26 01:18:43.769 20239 20346 V threaded_app: New input event: type=2
11-26 01:18:43.786 20239 20346 V threaded_app: New input event: type=2
11-26 01:18:43.802 20239 20346 V threaded_app: New input event: type=2
11-26 01:18:43.819 20239 20346 V threaded_app: New input event: type=2
11-26 01:18:43.835 20239 20346 V threaded_app: New input event: type=2
11-26 01:18:43.852 20239 20346 V threaded_app: New input event: type=2
11-26 01:18:43.868 20239 20346 V threaded_app: New input event: type=2
11-26 01:18:43.918 20239 20346 V threaded_app: New input event: type=2
11-26 01:18:43.935 20239 20346 V threaded_app: New input event: type=2
11-26 01:18:43.951 20239 20346 V threaded_app: New input event: type=2
11-26 01:18:43.967 20239 20346 V threaded_app: New input event: type=2
11-26 01:18:43.984 20239 20346 V threaded_app: New input event: type=2
11-26 01:18:44.001 20239 20346 V threaded_app: New input event: type=2
11-26 01:18:44.017 20239 20346 V threaded_app: New input event: type=2
11-26 01:18:44.034 20239 20346 V threaded_app: New input event: type=2
11-26 01:18:44.050 20239 20346 V threaded_app: New input event: type=2
11-26 01:18:44.067 20239 20346 V threaded_app: New input event: type=2
11-26 01:18:44.083 20239 20346 V threaded_app: New input event: type=2
11-26 01:18:44.100 20239 20346 V threaded_app: New input event: type=2
11-26 01:18:44.117 20239 20346 V threaded_app: New input event: type=2
11-26 01:18:44.133 20239 20346 V threaded_app: New input event: type=2
11-26 01:18:44.150 20239 20346 V threaded_app: New input event: type=2
