07-22 12:55:19.091 22374 23464 V threaded_app: New input event: type=2
07-22 12:55:19.107 22374 23464 V threaded_app: New input event: type=2
07-22 12:55:19.124 22374 23464 V threaded_app: New input event: type=2
07-22 12:55:19.140 22374 23464 V threaded_app: New input event: type=2
07-22 12:55:19.156 22374 23464 V threaded_app: New input event: type=2
07-22 12:55:19.173 22374 23464 V threaded_app: New input event: type=2
07-22 12:55:19.190 22374 23464 V threaded_app: New input event: type=2
07-22 12:55:19.206 22374 23464 V threaded_app: New input event: type=2
07-22 12:55:19.222 22374 23464 V threaded_app: New input event: type=2
07-22 12:55:19.239 22374 23464 V threaded_app: New input event: type=2
07-22 12:55:19.255 22374 23464 V threaded_app: New input event: type=2
07-22 12:55:19.272 22374 23464 V threaded_app: New input event: type=2
07-22 12:55:19.289 22374 23464 V threaded_app: New input event: type=2
07-22 12:55:19.296 22374 23464 V threaded_app: New input event: type=2
07-22 12:55:19.297 22374 22374 D ViewRootImpl[GameActivity]: processMotionEvent
MotionEvent { action=ACTION_UP, actionButton=0, id[0]=0, x[0]=1622.0, y[0]=817.0,
toolType[0]=TOOL_TYPE_FINGER, buttonState=0, classification=NONE, metaState=0,
flags=0x1, edgeFlags=0x0, pointerCount=1, historySize=0, eventTime=18019152,
downTime=18015009, deviceId=3, source=0x1002, displayId=0 }
07-22 12:55:19.298 22374 23464 V threaded_app: New input event: type=2
07-22 12:55:19.300 22374 22374 D ViewRootImpl[GameActivity]: dispatchPointerEvent
handled=false, event=MotionEvent { action=ACTION_UP, actionButton=0, id[0]=0,
x[0]=1622.0, y[0]=817.0, toolType[0]=TOOL_TYPE_FINGER, buttonState=0,
classification=NONE, metaState=0, flags=0x1, edgeFlags=0x0, pointerCount=1,
historySize=0, eventTime=18019152, downTime=18015009, deviceId=3, source=0x1002,
displayId=0 }
07-22 12:55:19.524 22374 22374 D ViewRootImpl: enqueueInputEventMotionEvent
{ action=ACTION_DOWN, actionButton=0, id[0]=0, x[0]=2200.0, y[0]=896.0,
toolType[0]=TOOL_TYPE_FINGER, buttonState=0, classification=NONE, metaState=0,
flags=0x1, edgeFlags=0x0, pointerCount=1, historySize=0, eventTime=18019382,
downTime=18019382, deviceId=3, source=0x1002, displayId=0 }
07-22 12:55:19.524 22374 22374 D ViewRootImpl[GameActivity]: processMotionEvent
MotionEvent { action=ACTION_DOWN, actionButton=0, id[0]=0, x[0]=2200.0, y[0]=896.0,
toolType[0]=TOOL_TYPE_FINGER, buttonState=0, classification=NONE, metaState=0,
flags=0x1, edgeFlags=0x0, pointerCount=1, historySize=0, eventTime=18019382,
downTime=18019382, deviceId=3, source=0x1002, displayId=0 }
07-22 12:55:19.525 22374 23464 V threaded_app: New input event: type=2
07-22 12:55:19.528 22374 22374 D ViewRootImpl[GameActivity]: dispatchPointerEvent
handled=false, event=MotionEvent { action=ACTION_DOWN, actionButton=0, id[0]=0,
x[0]=2200.0, y[0]=896.0, toolType[0]=TOOL_TYPE_FINGER, buttonState=0,
classification=NONE, metaState=0, flags=0x1, edgeFlags=0x0, pointerCount=1,
historySize=0, eventTime=18019382, downTime=18019382, deviceId=3, source=0x1002,
displayId=0 }
07-22 12:55:19.536 22374 23464 V threaded_app: New input event: type=2
07-22 12:55:19.552 22374 23464 V threaded_app: New input event: type=2
07-22 12:55:19.651 22374 23464 V threaded_app: New input event: type=2
07-22 12:55:19.653 22374 22374 D ViewRootImpl[GameActivity]: processMotionEvent
MotionEvent { action=ACTION_UP, actionButton=0, id[0]=0, x[0]=2200.0, y[0]=896.0,
toolType[0]=TOOL_TYPE_FINGER, buttonState=0, classification=NONE, metaState=0,
flags=0x1, edgeFlags=0x0, pointerCount=1, historySize=0, eventTime=18019511,
downTime=18019382, deviceId=3, source=0x1002, displayId=0 }
07-22 12:55:19.654 22374 23464 V threaded_app: New input event: type=2
07-22 12:55:19.655 22374 22374 D ViewRootImpl[GameActivity]: dispatchPointerEvent
handled=false, event=MotionEvent { action=ACTION_UP, actionButton=0, id[0]=0,
x[0]=2200.0, y[0]=896.0, toolType[0]=TOOL_TYPE_FINGER, buttonState=0,
classification=NONE, metaState=0, flags=0x1, edgeFlags=0x0, pointerCount=1,
historySize=0, eventTime=18019511, downTime=18019382, deviceId=3, source=0x1002,
displayId=0 }
07-22 12:55:19.882 22374 22374 D ViewRootImpl: enqueueInputEventMotionEvent
{ action=ACTION_DOWN, actionButton=0, id[0]=0, x[0]=1672.0, y[0]=749.0,
toolType[0]=TOOL_TYPE_FINGER, buttonState=0, classification=NONE, metaState=0,
flags=0x1, edgeFlags=0x0, pointerCount=1, historySize=0, eventTime=18019734,
downTime=18019734, deviceId=3, source=0x1002, displayId=0 }
07-22 12:55:19.882 22374 22374 D ViewRootImpl[GameActivity]: processMotionEvent
MotionEvent { action=ACTION_DOWN, actionButton=0, id[0]=0, x[0]=1672.0, y[0]=749.0,
toolType[0]=TOOL_TYPE_FINGER, buttonState=0, classification=NONE, metaState=0,
flags=0x1, edgeFlags=0x0, pointerCount=1, historySize=0, eventTime=18019734,
downTime=18019734, deviceId=3, source=0x1002, displayId=0 }
07-22 12:55:19.883 22374 23464 V threaded_app: New input event: type=2
07-22 12:55:19.886 22374 22374 D ViewRootImpl[GameActivity]: dispatchPointerEvent
handled=false, event=MotionEvent { action=ACTION_DOWN, actionButton=0, id[0]=0,
x[0]=1672.0, y[0]=749.0, toolType[0]=TOOL_TYPE_FINGER, buttonState=0,
classification=NONE, metaState=0, flags=0x1, edgeFlags=0x0, pointerCount=1,
historySize=0, eventTime=18019734, downTime=18019734, deviceId=3, source=0x1002,
displayId=0 }
07-22 12:55:19.899 22374 23464 V threaded_app: New input event: type=2
07-22 12:55:19.915 22374 23464 V threaded_app: New input event: type=2
07-22 12:55:19.981 22374 23464 V threaded_app: New input event: type=2
07-22 12:55:19.998 22374 23464 V threaded_app: New input event: type=2
07-22 12:55:20.014 22374 23464 V threaded_app: New input event: type=2
07-22 12:55:20.047 22374 23464 V threaded_app: New input event: type=2
07-22 12:55:20.064 22374 23464 V threaded_app: New input event: type=2
07-22 12:55:20.080 22374 23464 V threaded_app: New input event: type=2
07-22 12:55:20.100 22374 23464 V threaded_app: New input event: type=2
07-22 12:55:20.113 22374 23464 V threaded_app: New input event: type=2
07-22 12:55:20.130 22374 23464 V threaded_app: New input event: type=2
07-22 12:55:20.146 22374 23464 V threaded_app: New input event: type=2
07-22 12:55:20.162 22374 23464 V threaded_app: New input event: type=2
07-22 12:55:20.195 22374 23464 V threaded_app: New input event: type=2
07-22 12:55:20.212 22374 23464 V threaded_app: New input event: type=2
07-22 12:55:20.229 22374 23464 V threaded_app: New input event: type=2
07-22 12:55:20.245 22374 23464 V threaded_app: New input event: type=2
07-22 12:55:20.262 22374 23464 V threaded_app: New input event: type=2
07-22 12:55:20.295 22374 23464 V threaded_app: New input event: type=2
07-22 12:55:20.327 22374 23464 V threaded_app: New input event: type=2
07-22 12:55:20.344 22374 23464 V threaded_app: New input event: type=2
07-22 12:55:20.361 22374 23464 V threaded_app: New input event: type=2
07-22 12:55:20.378 22374 23464 V threaded_app: New input event: type=2
07-22 12:55:20.394 22374 23464 V threaded_app: New input event: type=2
07-22 12:55:20.411 22374 23464 V threaded_app: New input event: type=2
07-22 12:55:20.427 22374 23464 V threaded_app: New input event: type=2
07-22 12:55:20.443 22374 23464 V threaded_app: New input event: type=2
07-22 12:55:20.459 22374 23464 V threaded_app: New input event: type=2
07-22 12:55:20.476 22374 23464 V threaded_app: New input event: type=2
07-22 12:55:20.492 22374 23464 V threaded_app: New input event: type=2
07-22 12:55:20.509 22374 23464 V threaded_app: New input event: type=2
07-22 12:55:20.525 22374 23464 V threaded_app: New input event: type=2
07-22 12:55:20.542 22374 23464 V threaded_app: New input event: type=2
07-22 12:55:20.558 22374 23464 V threaded_app: New input event: type=2
07-22 12:55:20.575 22374 23464 V threaded_app: New input event: type=2
07-22 12:55:20.591 22374 23464 V threaded_app: New input event: type=2
07-22 12:55:20.608 22374 23464 V threaded_app: New input event: type=2
07-22 12:55:20.642 22374 23464 V threaded_app: New input event: type=2
07-22 12:55:20.658 22374 23464 V threaded_app: New input event: type=2
07-22 12:55:20.674 22374 23464 V threaded_app: New input event: type=2
07-22 12:55:20.690 22374 23464 V threaded_app: New input event: type=2
07-22 12:55:20.708 22374 23464 V threaded_app: New input event: type=2
07-22 12:55:20.723 22374 23464 V threaded_app: New input event: type=2
07-22 12:55:20.740 22374 23464 V threaded_app: New input event: type=2
07-22 12:55:20.761 22374 23464 V threaded_app: New input event: type=2
07-22 12:55:20.773 22374 23464 V threaded_app: New input event: type=2
07-22 12:55:20.790 22374 23464 V threaded_app: New input event: type=2
07-22 12:55:20.808 22374 23464 V threaded_app: New input event: type=2
07-22 12:55:20.822 22374 23464 V threaded_app: New input event: type=2
07-22 12:55:20.839 22374 23464 V threaded_app: New input event: type=2
07-22 12:55:20.856 22374 23464 V threaded_app: New input event: type=2
07-22 12:55:20.872 22374 23464 V threaded_app: New input event: type=2
07-22 12:55:20.889 22374 23464 V threaded_app: New input event: type=2
07-22 12:55:20.905 22374 23464 V threaded_app: New input event: type=2
07-22 12:55:20.921 22374 23464 V threaded_app: New input event: type=2
07-22 12:55:20.938 22374 23464 V threaded_app: New input event: type=2
07-22 12:55:20.954 22374 23464 V threaded_app: New input event: type=2
07-22 12:55:20.974 22374 23464 V threaded_app: New input event: type=2
07-22 12:55:20.988 22374 23464 V threaded_app: New input event: type=2
07-22 12:55:21.004 22374 23464 V threaded_app: New input event: type=2
07-22 12:55:21.022 22374 23464 V threaded_app: New input event: type=2
07-22 12:55:21.037 22374 23464 V threaded_app: New input event: type=2
07-22 12:55:21.054 22374 23464 V threaded_app: New input event: type=2
07-22 12:55:21.070 22374 23464 V threaded_app: New input event: type=2
07-22 12:55:21.086 22374 23464 V threaded_app: New input event: type=2
07-22 12:55:21.103 22374 23464 V threaded_app: New input event: type=2
07-22 12:55:21.119 22374 23464 V threaded_app: New input event: type=2
07-22 12:55:21.136 22374 23464 V threaded_app: New input event: type=2
07-22 12:55:21.155 22374 23464 V threaded_app: New input event: type=2
07-22 12:55:21.169 22374 23464 V threaded_app: New input event: type=2
07-22 12:55:21.185 22374 23464 V threaded_app: New input event: type=2
07-22 12:55:21.202 22374 23464 V threaded_app: New input event: type=2
07-22 12:55:21.219 22374 23464 V threaded_app: New input event: type=2
07-22 12:55:21.235 22374 23464 V threaded_app: New input event: type=2
07-22 12:55:21.251 22374 23464 V threaded_app: New input event: type=2
07-22 12:55:21.270 22374 23464 V threaded_app: New input event: type=2
07-22 12:55:21.286 22374 23464 V threaded_app: New input event: type=2
07-22 12:55:21.306 22374 23464 V threaded_app: New input event: type=2
07-22 12:55:21.318 22374 23464 V threaded_app: New input event: type=2
07-22 12:55:21.334 22374 23464 V threaded_app: New input event: type=2
07-22 12:55:21.350 22374 23464 V threaded_app: New input event: type=2
07-22 12:55:21.368 22374 23464 V threaded_app: New input event: type=2
07-22 12:55:21.383 22374 23464 V threaded_app: New input event: type=2
07-22 12:55:21.400 22374 23464 V threaded_app: New input event: type=2
07-22 12:55:21.416 22374 23464 V threaded_app: New input event: type=2
07-22 12:55:21.433 22374 23464 V threaded_app: New input event: type=2
07-22 12:55:21.449 22374 23464 V threaded_app: New input event: type=2
07-22 12:55:21.465 22374 23464 V threaded_app: New input event: type=2
07-22 12:55:21.482 22374 23464 V threaded_app: New input event: type=2
07-22 12:55:21.502 22374 23464 V threaded_app: New input event: type=2
07-22 12:55:21.515 22374 23464 V threaded_app: New input event: type=2
07-22 12:55:21.532 22374 23464 V threaded_app: New input event: type=2
07-22 12:55:21.538 22374 23464 V threaded_app: New input event: type=2
07-22 12:55:21.540 22374 23464 V threaded_app: New input event: type=2
07-22 12:55:21.565 22374 23464 V threaded_app: New input event: type=2
07-22 12:55:21.581 22374 23464 V threaded_app: New input event: type=2
07-22 12:55:21.598 22374 23464 V threaded_app: New input event: type=2
07-22 12:55:21.614 22374 23464 V threaded_app: New input event: type=2
07-22 12:55:21.631 22374 23464 V threaded_app: New input event: type=2
07-22 12:55:21.647 22374 23464 V threaded_app: New input event: type=2
07-22 12:55:21.664 22374 23464 V threaded_app: New input event: type=2
07-22 12:55:21.680 22374 23464 V threaded_app: New input event: type=2
07-22 12:55:21.697 22374 23464 V threaded_app: New input event: type=2
07-22 12:55:21.713 22374 23464 V threaded_app: New input event: type=2
07-22 12:55:21.729 22374 23464 V threaded_app: New input event: type=2
07-22 12:55:21.746 22374 23464 V threaded_app: New input event: type=2
07-22 12:55:21.762 22374 23464 V threaded_app: New input event: type=2
07-22 12:55:21.779 22374 23464 V threaded_app: New input event: type=2
07-22 12:55:21.795 22374 23464 V threaded_app: New input event: type=2
07-22 12:55:21.812 22374 23464 V threaded_app: New input event: type=2
07-22 12:55:21.828 22374 23464 V threaded_app: New input event: type=2
07-22 12:55:21.837 22374 23464 V threaded_app: New input event: type=2
07-22 12:55:21.838 22374 23464 V threaded_app: New input event: type=2
07-22 12:55:21.977 22374 23464 V threaded_app: New input event: type=2
07-22 12:55:22.184 22374 23464 V threaded_app: New input event: type=2
07-22 12:55:22.241 22374 23464 V threaded_app: New input event: type=2
07-22 12:55:22.276 22374 23464 V threaded_app: New input event: type=2
07-22 12:55:22.323 22374 23464 V threaded_app: New input event: type=2
07-22 12:55:22.394 22374 23464 V threaded_app: New input event: type=2
07-22 12:55:22.406 22374 23464 V threaded_app: New input event: type=2
07-22 12:55:22.422 22374 23464 V threaded_app: New input event: type=2
07-22 12:55:22.439 22374 23464 V threaded_app: New input event: type=2
07-22 12:55:22.455 22374 23464 V threaded_app: New input event: type=2
07-22 12:55:22.472 22374 23464 V threaded_app: New input event: type=2
07-22 12:55:22.491 22374 23464 V threaded_app: New input event: type=2
07-22 12:55:22.505 22374 23464 V threaded_app: New input event: type=2
07-22 12:55:22.521 22374 23464 V threaded_app: New input event: type=2
07-22 12:55:22.538 22374 23464 V threaded_app: New input event: type=2
07-22 12:55:22.554 22374 23464 V threaded_app: New input event: type=2
07-22 12:55:22.571 22374 23464 V threaded_app: New input event: type=2
07-22 12:55:22.588 22374 23464 V threaded_app: New input event: type=2
07-22 12:55:22.604 22374 23464 V threaded_app: New input event: type=2
07-22 12:55:22.620 22374 23464 V threaded_app: New input event: type=2
07-22 12:55:22.637 22374 23464 V threaded_app: New input event: type=2
07-22 12:55:22.653 22374 23464 V threaded_app: New input event: type=2
07-22 12:55:22.670 22374 23464 V threaded_app: New input event: type=2
07-22 12:55:22.686 22374 23464 V threaded_app: New input event: type=2
07-22 12:55:22.703 22374 23464 V threaded_app: New input event: type=2
07-22 12:55:22.719 22374 23464 V threaded_app: New input event: type=2
07-22 12:55:22.739 22374 23464 V threaded_app: New input event: type=2
07-22 12:55:22.801 22374 23464 I chatty : uid=10026(kill.loader) Thread-44
identical 4 lines
07-22 12:55:22.818 22374 23464 V threaded_app: New input event: type=2
07-22 12:55:22.835 22374 23464 V threaded_app: New input event: type=2
07-22 12:55:22.851 22374 23464 V threaded_app: New input event: type=2
07-22 12:55:22.868 22374 23464 V threaded_app: New input event: type=2
07-22 12:55:22.884 22374 23464 V threaded_app: New input event: type=2
07-22 12:55:22.901 22374 23464 V threaded_app: New input event: type=2
07-22 12:55:22.919 22374 23464 V threaded_app: New input event: type=2
07-22 12:55:22.934 22374 23464 V threaded_app: New input event: type=2
07-22 12:55:22.950 22374 23464 V threaded_app: New input event: type=2
07-22 12:55:22.967 22374 23464 V threaded_app: New input event: type=2
07-22 12:55:22.984 22374 23464 V threaded_app: New input event: type=2
07-22 12:55:22.987 25525 25525 I MeemoBGService: onTrimMemory:5
07-22 12:55:22.987 25525 25525 I chatty : uid=10026(kill.loader)
com.pubg.imobile:plugin identical 1 line
07-22 12:55:22.987 25525 25525 I MeemoBGService: onTrimMemory:5
07-22 12:55:23.000 22374 23464 V threaded_app: New input event: type=2
07-22 12:55:23.004 16186 16186 I MeemoBGService: onTrimMemory:5
07-22 12:55:23.004 16186 16186 I chatty : uid=10026(kill.loader)
com.pubg.imobile:plugin identical 1 line
07-22 12:55:23.006 16186 16186 I MeemoBGService: onTrimMemory:5
07-22 12:55:23.025 22374 23464 V threaded_app: New input event: type=2
07-22 12:55:23.033 22374 23464 V threaded_app: New input event: type=2
07-22 12:55:23.049 22374 23464 V threaded_app: New input event: type=2
07-22 12:55:23.067 22374 23464 V threaded_app: New input event: type=2
07-22 12:55:23.082 22374 23464 V threaded_app: New input event: type=2
07-22 12:55:23.115 22374 23464 V threaded_app: New input event: type=2
07-22 12:55:23.132 22374 23464 V threaded_app: New input event: type=2
07-22 12:55:23.148 22374 23464 V threaded_app: New input event: type=2
07-22 12:55:23.165 22374 23464 V threaded_app: New input event: type=2
07-22 12:55:23.181 22374 23464 V threaded_app: New input event: type=2
07-22 12:55:23.197 22374 23464 V threaded_app: New input event: type=2
07-22 12:55:23.214 22374 23464 V threaded_app: New input event: type=2
07-22 12:55:23.231 22374 23464 V threaded_app: New input event: type=2
07-22 12:55:23.247 22374 23464 V threaded_app: New input event: type=2
07-22 12:55:23.264 22374 23464 V threaded_app: New input event: type=2
07-22 12:55:23.280 22374 23464 V threaded_app: New input event: type=2
07-22 12:55:23.297 22374 23464 V threaded_app: New input event: type=2
07-22 12:55:23.313 22374 23464 V threaded_app: New input event: type=2
07-22 12:55:23.329 22374 23464 V threaded_app: New input event: type=2
07-22 12:55:23.347 22374 23464 V threaded_app: New input event: type=2
07-22 12:55:23.364 22374 23464 V threaded_app: New input event: type=2
07-22 12:55:23.379 22374 23464 V threaded_app: New input event: type=2
07-22 12:55:23.395 22374 23464 V threaded_app: New input event: type=2
07-22 12:55:23.414 22374 23464 V threaded_app: New input event: type=2
07-22 12:55:23.429 22374 23464 V threaded_app: New input event: type=2
07-22 12:55:23.445 22374 23464 V threaded_app: New input event: type=2
07-22 12:55:23.462 22374 23464 V threaded_app: New input event: type=2
07-22 12:55:23.478 22374 23464 V threaded_app: New input event: type=2
07-22 12:55:23.494 22374 23464 V threaded_app: New input event: type=2
07-22 12:55:23.511 22374 23464 V threaded_app: New input event: type=2
07-22 12:55:23.527 22374 23464 V threaded_app: New input event: type=2
07-22 12:55:23.544 22374 23464 V threaded_app: New input event: type=2
07-22 12:55:23.561 22374 23464 V threaded_app: New input event: type=2
07-22 12:55:23.577 22374 23464 V threaded_app: New input event: type=2
07-22 12:55:23.593 22374 23464 V threaded_app: New input event: type=2
07-22 12:55:23.614 22374 23464 V threaded_app: New input event: type=2
07-22 12:55:23.627 22374 23464 V threaded_app: New input event: type=2
07-22 12:55:23.644 22374 23464 V threaded_app: New input event: type=2
07-22 12:55:23.659 22374 23464 V threaded_app: New input event: type=2
07-22 12:55:23.677 22374 23464 V threaded_app: New input event: type=2
07-22 12:55:23.692 22374 23464 V threaded_app: New input event: type=2
07-22 12:55:23.709 22374 23464 V threaded_app: New input event: type=2
07-22 12:55:23.726 22374 23464 V threaded_app: New input event: type=2
07-22 12:55:23.745 22374 23464 V threaded_app: New input event: type=2
07-22 12:55:23.775 22374 23464 V threaded_app: New input event: type=2
07-22 12:55:23.791 22374 23464 V threaded_app: New input event: type=2
07-22 12:55:23.808 22374 23464 V threaded_app: New input event: type=2
07-22 12:55:23.841 22374 23464 V threaded_app: New input event: type=2
07-22 12:55:23.860 22374 23464 V threaded_app: New input event: type=2
07-22 12:55:23.876 22374 23464 V threaded_app: New input event: type=2
07-22 12:55:23.891 22374 23464 V threaded_app: New input event: type=2
07-22 12:55:23.907 22374 23464 V threaded_app: New input event: type=2
07-22 12:55:23.923 22374 23464 V threaded_app: New input event: type=2
07-22 12:55:23.940 22374 23464 V threaded_app: New input event: type=2
07-22 12:55:23.957 22374 23464 V threaded_app: New input event: type=2
07-22 12:55:23.973 22374 23464 V threaded_app: New input event: type=2
07-22 12:55:24.006 22374 23464 V threaded_app: New input event: type=2
07-22 12:55:24.023 22374 23464 V threaded_app: New input event: type=2
07-22 12:55:24.139 22374 23464 V threaded_app: New input event: type=2
07-22 12:55:24.171 22374 23464 V threaded_app: New input event: type=2
07-22 12:55:24.204 22374 23464 V threaded_app: New input event: type=2
07-22 12:55:24.223 22374 23464 V threaded_app: New input event: type=2
07-22 12:55:24.238 22374 23464 V threaded_app: New input event: type=2
07-22 12:55:24.250 22374 23464 V threaded_app: New input event: type=2
07-22 12:55:24.251 22374 23464 V threaded_app: New input event: type=2
07-22 12:55:24.303 22374 23464 V threaded_app: New input event: type=2
07-22 12:55:24.320 22374 23464 V threaded_app: New input event: type=2
07-22 12:55:24.338 22374 23464 V threaded_app: New input event: type=2
07-22 12:55:24.341 22374 22374 D ViewRootImpl[GameActivity]: processMotionEvent
MotionEvent { action=ACTION_UP, actionButton=0, id[0]=0, x[0]=1794.0, y[0]=736.0,
toolType[0]=TOOL_TYPE_FINGER, buttonState=0, classification=NONE, metaState=0,
flags=0x1, edgeFlags=0x0, pointerCount=1, historySize=0, eventTime=18024195,
downTime=18019734, deviceId=3, source=0x1002, displayId=0 }
07-22 12:55:24.341 22374 23464 V threaded_app: New input event: type=2
07-22 12:55:24.344 22374 22374 D ViewRootImpl[GameActivity]: dispatchPointerEvent
handled=false, event=MotionEvent { action=ACTION_UP, actionButton=0, id[0]=0,
x[0]=1794.0, y[0]=736.0, toolType[0]=TOOL_TYPE_FINGER, buttonState=0,
classification=NONE, metaState=0, flags=0x1, edgeFlags=0x0, pointerCount=1,
historySize=0, eventTime=18024195, downTime=18019734, deviceId=3, source=0x1002,
displayId=0 }
07-22 12:55:24.893 22374 22374 D ViewRootImpl: enqueueInputEventMotionEvent
{ action=ACTION_DOWN, actionButton=0, id[0]=0, x[0]=2399.0, y[0]=428.0,
toolType[0]=TOOL_TYPE_FINGER, buttonState=0, classification=NONE, metaState=0,
flags=0x1, edgeFlags=0x0, pointerCount=1, historySize=0, eventTime=18024746,
downTime=18024746, deviceId=3, source=0x1002, displayId=0 }
07-22 12:55:24.896 22374 22374 D ViewRootImpl[GameActivity]: processMotionEvent
MotionEvent { action=ACTION_DOWN, actionButton=0, id[0]=0, x[0]=2399.0, y[0]=428.0,
toolType[0]=TOOL_TYPE_FINGER, buttonState=0, classification=NONE, metaState=0,
flags=0x1, edgeFlags=0x0, pointerCount=1, historySize=0, eventTime=18024746,
downTime=18024746, deviceId=3, source=0x1002, displayId=0 }
07-22 12:55:24.916 22374 23464 V threaded_app: New input event: type=2
07-22 12:55:24.918 22374 22374 D ViewRootImpl[GameActivity]: dispatchPointerEvent
handled=false, event=MotionEvent { action=ACTION_DOWN, actionButton=0, id[0]=0,
x[0]=2399.0, y[0]=428.0, toolType[0]=TOOL_TYPE_FINGER, buttonState=0,
classification=NONE, metaState=0, flags=0x1, edgeFlags=0x0, pointerCount=1,
historySize=0, eventTime=18024746, downTime=18024746, deviceId=3, source=0x1002,
displayId=0 }
07-22 12:55:24.930 22374 23464 V threaded_app: New input event: type=2
07-22 12:55:24.947 22374 23464 V threaded_app: New input event: type=2
07-22 12:55:24.963 22374 23464 V threaded_app: New input event: type=2
07-22 12:55:24.979 22374 23464 V threaded_app: New input event: type=2
07-22 12:55:24.996 22374 23464 V threaded_app: New input event: type=2
07-22 12:55:24.996 22374 22374 D ViewRootImpl[GameActivity]: processMotionEvent
MotionEvent { action=ACTION_UP, actionButton=0, id[0]=0, x[0]=2003.0, y[0]=527.0,
toolType[0]=TOOL_TYPE_FINGER, buttonState=0, classification=NONE, metaState=0,
flags=0x1, edgeFlags=0x0, pointerCount=1, historySize=0, eventTime=18024854,
downTime=18024746, deviceId=3, source=0x1002, displayId=0 }
07-22 12:55:25.004 22374 23464 V threaded_app: New input event: type=2
07-22 12:55:25.011 22374 22374 D ViewRootImpl[GameActivity]: dispatchPointerEvent
handled=false, event=MotionEvent { action=ACTION_UP, actionButton=0, id[0]=0,
x[0]=2003.0, y[0]=527.0, toolType[0]=TOOL_TYPE_FINGER, buttonState=0,
classification=NONE, metaState=0, flags=0x1, edgeFlags=0x0, pointerCount=1,
historySize=0, eventTime=18024854, downTime=18024746, deviceId=3, source=0x1002,
displayId=0 }
07-22 12:55:26.449 22374 22374 V threaded_app: Pause: 0x73da1a0d00
07-22 12:55:26.450 22374 23464 V threaded_app: activityState=13
07-22 12:55:26.452 22374 23464 D UE4 : Case APP_CMD_PAUSE
07-22 12:55:26.453 22374 22374 V SensorManager: unRegisterListener by
com.epicgames.ue4.GameActivity
07-22 12:55:26.511 22374 22374 E Parcel : Reading a NULL string not supported
here.
07-22 12:55:26.576 22374 23463 I GED : ged_boost_gpu_freq, level 100, eOrigin
2, final_idx 15, oppidx_max 15, oppidx_min 0
07-22 12:55:26.740 20123 20123 I libc : SetHeapTaggingLevel: tag level set to 0
07-22 12:55:26.759 20123 20123 I ll.loader:blac: Late-enabling -Xcheck:jni
07-22 12:55:26.911 20123 20123 I ll.loader:blac: Unquickening 23 vdex files!
07-22 12:55:26.977 20123 20123 E ll.loader:blac: Unknown bits set in runtime_flags:
0x40000000
07-22 12:55:27.817 20123 20123 E RefClass:
java.lang.reflect.InvocationTargetException
07-22 12:55:27.829 20123 20123 I OneTrace: Mark active for pid=20123? true
07-22 12:55:29.360 20123 20141 I ll.loader:blac: Background concurrent copying GC
freed 4944(317KB) AllocSpace objects, 0(0B) LOS objects, 49% free, 1731KB/3463KB,
paused 226us total 368.440ms
07-22 12:55:29.452 20123 20123 I oplus.android.OplusFrameworkFactoryImpl: get
feature:IOplusScreenModeFeature
07-22 12:55:29.453 20123 20123 I oplus.android.OplusFrameworkFactoryImpl:
getOplusScreenModeFeature
07-22 12:55:30.504 20123 20123 D NetworkSecurityConfig: Using Network Security
Config from resource network_security_config debugBuild: true
07-22 12:55:30.515 20123 20123 D NetworkSecurityConfig: Using Network Security
Config from resource network_security_config debugBuild: true
07-22 12:55:30.708 20123 20123 W ll.loader:blac: Unsupported class loader
07-22 12:55:31.587 16836 16836 E Parcel : Reading a NULL string not supported
here.
07-22 12:55:31.826 16836 16870 I OpenGLRenderer: Davey! duration=859ms; Flags=1,
IntendedVsync=18030825563648, Vsync=18030842230315,
OldestInputEvent=9223372036854775807, NewestInputEvent=0,
HandleInputStart=18030858014151, AnimationStart=18030858886997,
PerformTraversalsStart=18030858896997, DrawStart=18031623918382,
SyncQueued=18031657556459, SyncStart=18031658875920,
IssueDrawCommandsStart=18031659018843, SwapBuffers=18031666045690,
FrameCompleted=18031685918690, DequeueBufferDuration=3641538,
QueueBufferDuration=2477231, GpuCompleted=18028131312997,
07-22 12:55:31.961 20123 20123 W ll.loader:blac: Unsupported class loader
07-22 12:55:32.073 16836 16870 I OpenGLRenderer: Davey! duration=1106ms; Flags=1,
IntendedVsync=18030825563648, Vsync=18030842230315,
OldestInputEvent=9223372036854775807, NewestInputEvent=0,
HandleInputStart=18030858014151, AnimationStart=18030858886997,
PerformTraversalsStart=18030858896997, DrawStart=18031881135997,
SyncQueued=18031899671843, SyncStart=18031900676074,
IssueDrawCommandsStart=18031902333228, SwapBuffers=18031914720151,
FrameCompleted=18031932733613, DequeueBufferDuration=2048231,
QueueBufferDuration=13487769, GpuCompleted=17979929688533,
07-22 12:55:32.857 20123 20123 W ll.loader:blac: Verification of void
com.gcore.fake.hook.BinderInvocationStub.replaceSystemService(java.lang.String)
took 139.856ms (85.80 bytecodes/s) (1592B approximate peak alloc)
07-22 12:55:33.698 16186 16186 I MeemoBGService: onTrimMemory:10
07-22 12:55:33.698 16186 16186 I chatty : uid=10026(kill.loader)
com.pubg.imobile:plugin identical 1 line
07-22 12:55:33.698 16186 16186 I MeemoBGService: onTrimMemory:10
07-22 12:55:33.703 25525 25525 I MeemoBGService: onTrimMemory:10
07-22 12:55:33.704 25525 25525 I chatty : uid=10026(kill.loader)
com.pubg.imobile:plugin identical 1 line
07-22 12:55:33.704 25525 25525 I MeemoBGService: onTrimMemory:10
07-22 12:55:34.104 20123 20123 D HookManager: hook:
com.gcore.fake.service.IWifiManagerProxy@e765771
07-22 12:55:34.241 20123 20123 D HookManager: hook:
com.gcore.fake.service.ISystemUpdateProxy@abbbb30
07-22 12:55:34.265 20123 20123 D HookManager: hook error:
com.gcore.fake.service.ISystemUpdateProxy@abbbb30
07-22 12:55:34.265 20123 20123 D HookManager: hook:
com.gcore.fake.service.ILauncherAppsProxy@1a6c0cf
07-22 12:55:34.304 20123 20123 D HookManager: hook:
com.gcore.fake.service.ITelephonyManagerProxy@fcfc048
07-22 12:55:34.505 20123 20123 D HookManager: hook:
com.gcore.fake.service.IMediaRouterServiceProxy@587a81d
07-22 12:55:34.670 20123 20123 D HookManager: hook:
com.gcore.fake.service.IAppWidgetManagerProxy@f82cdde
07-22 12:55:34.853 20123 20123 D HookManager: hook:
com.gcore.fake.service.IShortcutManagerProxy@c5a14db
07-22 12:55:34.948 20123 20123 D HookManager: hook:
com.gcore.fake.service.IWifiScannerProxy@bba2724
07-22 12:55:35.013 20123 20123 D HookManager: hook error:
com.gcore.fake.service.IWifiScannerProxy@bba2724
07-22 12:55:35.021 20123 20123 D HookManager: hook:
com.gcore.fake.service.IStorageStatsManagerProxy@7d28d
07-22 12:55:35.083 20123 20123 D HookManager: hook:
com.gcore.fake.service.context.ContentServiceStub@c6c6a8e
07-22 12:55:35.202 20123 20123 D HookManager: hook:
com.gcore.fake.service.IMediaSessionManagerProxy@ec5eacb
07-22 12:55:35.442 20123 20123 D HookManager: hook:
com.gcore.fake.service.IGraphicsStatsProxy@f87a154
07-22 12:55:35.495 22374 22374 E [CrashKitReport-Native]: get signal 3
07-22 12:55:35.495 22374 22374 E [CrashKitReport-Native]: last errno is 0
07-22 12:55:35.496 22374 22374 E [CrashKitReport-Native]: Catch a sigquit now.
07-22 12:55:35.537 20123 20123 D HookManager: hook:
com.gcore.fake.service.IActivityTaskManagerProxy@82fa7f9
07-22 12:55:35.814 20123 20123 D HookManager: hook:
com.gcore.fake.service.IConnectivityManagerProxy@c800784
07-22 12:55:35.967 20123 20123 D HookManager: hook:
com.gcore.fake.service.IPowerManagerProxy@4d8169
07-22 12:55:36.085 20123 20123 D HookManager: hook:
com.gcore.fake.service.IAutofillManagerProxy@290f4fa
07-22 12:55:36.181 20123 20123 D HookManager: hook:
com.gcore.fake.service.INotificationManagerProxy@97af4a1
07-22 12:55:36.423 20123 20123 D HookManager: hook:
com.gcore.fake.service.IPackageManagerProxy@93659b4
07-22 12:55:36.584 16836 16836 D View : [Warning] assignParent to null: this =
com.gloader.service.ESPView{f0e55ea V.ED..... ........ 0,0-1080,2268}
07-22 12:55:36.626 16836 16836 D View : [Warning] assignParent to null: this =
android.widget.FrameLayout{ba604d1 V.E...... ........ 0,0-105,105}
07-22 12:55:36.665 16836 16836 I InputTransport: Destroy ARC handle: 0x73c7f8bb00

You might also like