01-01 00:00:04.354 I/SystemConfig( 1383): Reading permissions from
/vendor/etc/permissions/android.hardware.se.omapi.ese.xml
01-01 00:00:04.354 I/SystemConfig( 1383): Reading permissions from
/vendor/etc/permissions/android.hardware.camera.flash-autofocus.xml
01-01 00:00:04.354 I/SystemConfig( 1383): Reading permissions from
/vendor/etc/permissions/android.software.vulkan.deqp.level.xml
01-01 00:00:04.354 I/SystemConfig( 1383): Reading permissions from
/vendor/etc/permissions/android.software.sip.voip.xml
01-01 00:00:04.354 I/SystemConfig( 1383): Reading permissions from
/vendor/etc/permissions/android.hardware.vulkan.version-1_1.xml
01-01 00:00:04.354 I/SystemConfig( 1383): Reading permissions from
/vendor/etc/permissions/android.hardware.nfc.xml
01-01 00:00:04.354 I/SystemConfig( 1383): Reading permissions from
/vendor/etc/permissions/android.hardware.nfc.hce.xml
01-01 00:00:04.354 I/SystemConfig( 1383): Reading permissions from
/vendor/etc/permissions/android.hardware.nfc.hcef.xml
01-01 00:00:04.354 I/SystemConfig( 1383): Reading permissions from
/vendor/etc/permissions/android.hardware.sensor.compass.xml
01-01 00:00:04.354 I/SystemConfig( 1383): Reading permissions from
/vendor/etc/permissions/android.hardware.sensor.stepdetector.xml
01-01 00:00:04.355 I/SystemConfig( 1383): Reading permissions from
/vendor/etc/permissions/android.hardware.sensor.stepcounter.xml
01-01 00:00:04.355 I/SystemConfig( 1383): Reading permissions from
/vendor/etc/permissions/android.hardware.wifi.aware.xml
01-01 00:00:04.355 I/SystemConfig( 1383): Reading permissions from
/vendor/etc/permissions/android.hardware.wifi.rtt.xml
01-01 00:00:04.355 I/SystemConfig( 1383): Reading permissions from
/vendor/etc/permissions/android.hardware.bluetooth_le.xml
01-01 00:00:04.355 I/SystemConfig( 1383): Reading permissions from
/vendor/etc/permissions/android.hardware.audio.pro.xml
01-01 00:00:04.355 I/SystemConfig( 1383): Reading permissions from
/vendor/etc/permissions/android.hardware.sensor.gyroscope.xml
01-01 00:00:04.355 I/SystemConfig( 1383): Reading permissions from
/vendor/etc/permissions/android.hardware.audio.low_latency.xml
01-01 00:00:04.355 I/SystemConfig( 1383): Reading permissions from
/vendor/etc/permissions/android.hardware.location.gps.xml
01-01 00:00:04.355 I/SystemConfig( 1383): Reading permissions from
/vendor/etc/permissions/android.hardware.touchscreen.multitouch.jazzhand.xml
01-01 00:00:04.355 I/SystemConfig( 1383): Reading permissions from
/vendor/etc/permissions/android.hardware.camera.concurrent.xml
01-01 00:00:04.356 I/SystemConfig( 1383): Reading permissions from
/vendor/etc/permissions/android.hardware.sensor.accelerometer.xml
01-01 00:00:04.356 I/SystemConfig( 1383): Reading permissions from
/vendor/etc/permissions/com.nxp.mifare.xml
01-01 00:00:04.356 I/SystemConfig( 1383): Reading permissions from
/vendor/etc/permissions/android.hardware.telephony.ims.xml
01-01 00:00:04.356 D/CoreStateController( 1383): CoreStateController()
01-01 00:00:04.356 I/SystemConfig( 1383): Reading permissions from
/vendor/etc/permissions/vendor.android.hardware.camera.preview-dis.back.xml
01-01 00:00:04.356 I/SystemConfig( 1383): Reading permissions from
/vendor/etc/permissions/samsung.hardware.uwb.xml
01-01 00:00:04.356 I/SystemConfig( 1383): Reading permissions from
/vendor/etc/permissions/android.hardware.opengles.aep.xml
01-01 00:00:04.356 I/SystemConfig( 1383): Reading permissions from
/vendor/etc/permissions/android.software.ipsec_tunnels.xml
01-01 00:00:04.356 I/SystemConfig( 1383): Reading permissions from
/vendor/etc/permissions/android.hardware.sensor.light.xml
01-01 00:00:04.356 I/SystemConfig( 1383): Reading permissions from
/vendor/etc/permissions/android.hardware.camera.full.xml
01-01 00:00:04.356 I/SystemConfig( 1383): Reading permissions from
/vendor/etc/permissions/android.hardware.bluetooth.xml
01-01 00:00:04.357 I/SystemConfig( 1383): Reading permissions from
/vendor/etc/permissions/android.hardware.wifi.passpoint.xml
01-01 00:00:04.357 I/SystemConfig( 1383): Reading permissions from
/vendor/etc/permissions/android.hardware.usb.host.xml
01-01 00:00:04.357 I/SystemConfig( 1383): Reading aerProductName from
/system/etc/aer_product_name.xml
01-01 00:00:04.358 W/SystemConfig( 1383): fname = o1stur
01-01 00:00:04.358 W/SystemConfig( 1383): ro.product.name = t2qsqw
01-01 00:00:04.358 W/SystemConfig( 1383): fname = o1sxtur
01-01 00:00:04.358 W/SystemConfig( 1383): ro.product.name = t2qsqw
01-01 00:00:04.358 W/SystemConfig( 1383): fname = o1sxser
01-01 00:00:04.358 W/SystemConfig( 1383): ro.product.name = t2qsqw
01-01 00:00:04.358 W/SystemConfig( 1383): fname = o1sxx
01-01 00:00:04.358 W/SystemConfig( 1383): ro.product.name = t2qsqw
01-01 00:00:04.358 W/SystemConfig( 1383): fname = o1sxxx
01-01 00:00:04.358 W/SystemConfig( 1383): ro.product.name = t2qsqw
01-01 00:00:04.358 W/SystemConfig( 1383): fname = o1sxeea
01-01 00:00:04.358 W/SystemConfig( 1383): ro.product.name = t2qsqw
01-01 00:00:04.358 W/SystemConfig( 1383): fname = o1sksx
01-01 00:00:04.358 W/SystemConfig( 1383): ro.product.name = t2qsqw
01-01 00:00:04.358 W/SystemConfig( 1383): fname = o1sser
01-01 00:00:04.358 W/SystemConfig( 1383): ro.product.name = t2qsqw
01-01 00:00:04.358 W/SystemConfig( 1383): fname = o1qcsx
01-01 00:00:04.358 W/SystemConfig( 1383): ro.product.name = t2qsqw
01-01 00:00:04.358 W/SystemConfig( 1383): fname = o1quew
01-01 00:00:04.358 W/SystemConfig( 1383): ro.product.name = t2qsqw
01-01 00:00:04.358 W/SystemConfig( 1383): fname = o1qzhx
01-01 00:00:04.358 W/SystemConfig( 1383): ro.product.name = t2qsqw
01-01 00:00:04.358 W/SystemConfig( 1383): fname = o1qsqw
01-01 00:00:04.358 W/SystemConfig( 1383): ro.product.name = t2qsqw
01-01 00:00:04.358 W/SystemConfig( 1383): fname = SC-51B
01-01 00:00:04.358 W/SystemConfig( 1383): ro.product.name = t2qsqw
01-01 00:00:04.358 W/SystemConfig( 1383): fname = SCG09_jp_kdi
01-01 00:00:04.358 W/SystemConfig( 1383): ro.product.name = t2qsqw
01-01 00:00:04.358 W/SystemConfig( 1383): fname = t2sksx
01-01 00:00:04.358 W/SystemConfig( 1383): ro.product.name = t2qsqw
01-01 00:00:04.358 W/SystemConfig( 1383): fname = t2sxxx
01-01 00:00:04.358 W/SystemConfig( 1383): ro.product.name = t2qsqw
01-01 00:00:04.358 W/SystemConfig( 1383): fname = t2sxser
01-01 00:00:04.358 W/SystemConfig( 1383): ro.product.name = t2qsqw
01-01 00:00:04.358 W/SystemConfig( 1383): fname = t2sxeea
01-01 00:00:04.358 W/SystemConfig( 1383): ro.product.name = t2qsqw
01-01 00:00:04.358 W/SystemConfig( 1383): fname = t2sxtur
01-01 00:00:04.358 W/SystemConfig( 1383): ro.product.name = t2qsqw
01-01 00:00:04.358 W/SystemConfig( 1383): fname = t2qzhx
01-01 00:00:04.358 W/SystemConfig( 1383): ro.product.name = t2qsqw
01-01 00:00:04.358 W/SystemConfig( 1383): fname = t2qsqw
01-01 00:00:04.358 W/SystemConfig( 1383): ro.product.name = t2qsqw
01-01 00:00:04.358 W/SystemConfig( 1383): fname = t2qcsx
01-01 00:00:04.358 W/SystemConfig( 1383): ro.product.name = t2qsqw
01-01 00:00:04.358 W/SystemConfig( 1383): fname = t2quew
01-01 00:00:04.358 W/SystemConfig( 1383): ro.product.name = t2qsqw
01-01 00:00:04.358 W/SystemConfig( 1383): fname = SCG10_jp_kdi
01-01 00:00:04.358 W/SystemConfig( 1383): ro.product.name = t2qsqw
01-01 00:00:04.358 W/SystemConfig( 1383): fname = p3sksx
01-01 00:00:04.358 W/SystemConfig( 1383): ro.product.name = t2qsqw
01-01 00:00:04.358 W/SystemConfig( 1383): fname = p3sxeea
01-01 00:00:04.358 W/SystemConfig( 1383): ro.product.name = t2qsqw
01-01 00:00:04.358 W/SystemConfig( 1383): fname = p3sxtur
01-01 00:00:04.358 W/SystemConfig( 1383): ro.product.name = t2qsqw
01-01 00:00:04.358 W/SystemConfig( 1383): fname = p3sxser
01-01 00:00:04.358 W/SystemConfig( 1383): ro.product.name = t2qsqw
01-01 00:00:04.358 W/SystemConfig( 1383): fname = p3sxxx
01-01 00:00:04.358 W/SystemConfig( 1383): ro.product.name = t2qsqw
01-01 00:00:04.358 W/SystemConfig( 1383): fname = p3qcsx
01-01 00:00:04.358 W/SystemConfig( 1383): ro.product.name = t2qsqw
01-01 00:00:04.358 W/SystemConfig( 1383): fname = p3qsqw
01-01 00:00:04.358 W/SystemConfig( 1383): ro.product.name = t2qsqw
01-01 00:00:04.358 W/SystemConfig( 1383): fname = p3quew
01-01 00:00:04.358 W/SystemConfig( 1383): ro.product.name = t2qsqw
01-01 00:00:04.358 W/SystemConfig( 1383): fname = p3qzhx
01-01 00:00:04.358 W/SystemConfig( 1383): ro.product.name = t2qsqw
01-01 00:00:04.358 W/SystemConfig( 1383): fname = SC-52B
01-01 00:00:04.358 W/SystemConfig( 1383): ro.product.name = t2qsqw
01-01 00:00:04.358 W/SystemConfig( 1383): fname = q2qsqw
01-01 00:00:04.358 W/SystemConfig( 1383): ro.product.name = t2qsqw
01-01 00:00:04.358 W/SystemConfig( 1383): fname = q2qxxx
01-01 00:00:04.358 W/SystemConfig( 1383): ro.product.name = t2qsqw
01-01 00:00:04.358 W/SystemConfig( 1383): fname = q2qcsx
01-01 00:00:04.358 W/SystemConfig( 1383): ro.product.name = t2qsqw
01-01 00:00:04.358 W/SystemConfig( 1383): fname = q2qzhx
01-01 00:00:04.358 W/SystemConfig( 1383): ro.product.name = t2qsqw
01-01 00:00:04.358 W/SystemConfig( 1383): fname = q2qksx
01-01 00:00:04.358 W/SystemConfig( 1383): ro.product.name = t2qsqw
01-01 00:00:04.358 W/SystemConfig( 1383): fname = q2qxtur
01-01 00:00:04.358 W/SystemConfig( 1383): ro.product.name = t2qsqw
01-01 00:00:04.358 W/SystemConfig( 1383): fname = q2qxser
01-01 00:00:04.358 W/SystemConfig( 1383): ro.product.name = t2qsqw
01-01 00:00:04.358 W/SystemConfig( 1383): fname = q2qxeea
01-01 00:00:04.358 W/SystemConfig( 1383): ro.product.name = t2qsqw
01-01 00:00:04.358 W/SystemConfig( 1383): fname = q2quew
01-01 00:00:04.358 W/SystemConfig( 1383): ro.product.name = t2qsqw
01-01 00:00:04.358 W/SystemConfig( 1383): fname = SC-55B
01-01 00:00:04.358 W/SystemConfig( 1383): ro.product.name = t2qsqw
01-01 00:00:04.358 W/SystemConfig( 1383): fname = SCG11_jp_kdi
01-01 00:00:04.358 W/SystemConfig( 1383): ro.product.name = t2qsqw
01-01 00:00:04.358 W/SystemConfig( 1383): fname = b2quew
01-01 00:00:04.358 W/SystemConfig( 1383): ro.product.name = t2qsqw
01-01 00:00:04.358 W/SystemConfig( 1383): fname = b2qxxx
01-01 00:00:04.358 W/SystemConfig( 1383): ro.product.name = t2qsqw
01-01 00:00:04.358 W/SystemConfig( 1383): fname = b2qcsx
01-01 00:00:04.358 W/SystemConfig( 1383): ro.product.name = t2qsqw
01-01 00:00:04.358 W/SystemConfig( 1383): fname = b2qsqw
01-01 00:00:04.358 W/SystemConfig( 1383): ro.product.name = t2qsqw
01-01 00:00:04.358 W/SystemConfig( 1383): fname = b2qzhx
01-01 00:00:04.358 W/SystemConfig( 1383): ro.product.name = t2qsqw
01-01 00:00:04.358 W/SystemConfig( 1383): fname = b2qxser
01-01 00:00:04.358 W/SystemConfig( 1383): ro.product.name = t2qsqw
01-01 00:00:04.358 W/SystemConfig( 1383): fname = b2qxtur
01-01 00:00:04.358 W/SystemConfig( 1383): ro.product.name = t2qsqw
01-01 00:00:04.358 W/SystemConfig( 1383): fname = b2qxeea
01-01 00:00:04.358 W/SystemConfig( 1383): ro.product.name = t2qsqw
01-01 00:00:04.358 W/SystemConfig( 1383): fname = b2qksx
01-01 00:00:04.358 W/SystemConfig( 1383): ro.product.name = t2qsqw
01-01 00:00:04.358 W/SystemConfig( 1383): fname = SC-54B
01-01 00:00:04.358 W/SystemConfig( 1383): ro.product.name = t2qsqw
01-01 00:00:04.358 W/SystemConfig( 1383): fname = SCG12_jp_kdi
01-01 00:00:04.358 W/SystemConfig( 1383): ro.product.name = t2qsqw
01-01 00:00:04.359 W/SystemConfig( 1383): fname = a52qnstur
01-01 00:00:04.359 W/SystemConfig( 1383): ro.product.name = t2qsqw
01-01 00:00:04.359 W/SystemConfig( 1383): fname = a52qnseea
01-01 00:00:04.359 W/SystemConfig( 1383): ro.product.name = t2qsqw
01-01 00:00:04.359 W/SystemConfig( 1383): fname = a52qnsxx
01-01 00:00:04.359 W/SystemConfig( 1383): ro.product.name = t2qsqw
01-01 00:00:04.359 W/SystemConfig( 1383): fname = a52qnsser
01-01 00:00:04.359 W/SystemConfig( 1383): ro.product.name = t2qsqw
01-01 00:00:04.359 W/SystemConfig( 1383): fname = a52qub
01-01 00:00:04.359 W/SystemConfig( 1383): ro.product.name = t2qsqw
01-01 00:00:04.359 W/SystemConfig( 1383): fname = a52xque
01-01 00:00:04.359 W/SystemConfig( 1383): ro.product.name = t2qsqw
01-01 00:00:04.359 W/SystemConfig( 1383): fname = a52xqcs
01-01 00:00:04.359 W/SystemConfig( 1383): ro.product.name = t2qsqw
01-01 00:00:04.359 W/SystemConfig( 1383): fname = a52xqnaeea
01-01 00:00:04.359 W/SystemConfig( 1383): ro.product.name = t2qsqw
01-01 00:00:04.359 W/SystemConfig( 1383): fname = a52xqsq
01-01 00:00:04.359 W/SystemConfig( 1383): ro.product.name = t2qsqw
01-01 00:00:04.359 W/SystemConfig( 1383): fname = a52xqzh
01-01 00:00:04.359 W/SystemConfig( 1383): ro.product.name = t2qsqw
01-01 00:00:04.359 W/SystemConfig( 1383): fname = a52xqks
01-01 00:00:04.359 W/SystemConfig( 1383): ro.product.name = t2qsqw
01-01 00:00:04.359 W/SystemConfig( 1383): fname = a52xqnaxx
01-01 00:00:04.359 W/SystemConfig( 1383): ro.product.name = t2qsqw
01-01 00:00:04.359 W/SystemConfig( 1383): fname = SC-53B
01-01 00:00:04.359 W/SystemConfig( 1383): ro.product.name = t2qsqw
01-01 00:00:04.359 W/SystemConfig( 1383): fname = a52sxqeea
01-01 00:00:04.359 W/SystemConfig( 1383): ro.product.name = t2qsqw
01-01 00:00:04.359 W/SystemConfig( 1383): fname = a52sxqtur
01-01 00:00:04.359 W/SystemConfig( 1383): ro.product.name = t2qsqw
01-01 00:00:04.359 W/SystemConfig( 1383): fname = a52sxqser
01-01 00:00:04.359 W/SystemConfig( 1383): ro.product.name = t2qsqw
01-01 00:00:04.359 W/SystemConfig( 1383): fname = a52sxqzt
01-01 00:00:04.359 W/SystemConfig( 1383): ro.product.name = t2qsqw
01-01 00:00:04.359 W/SystemConfig( 1383): fname = a52sxqxx
01-01 00:00:04.359 W/SystemConfig( 1383): ro.product.name = t2qsqw
01-01 00:00:04.359 W/SystemConfig( 1383): fname = a52sxqks
01-01 00:00:04.359 W/SystemConfig( 1383): ro.product.name = t2qsqw
01-01 00:00:04.359 W/SystemConfig( 1383): fname = r9sxtur
01-01 00:00:04.359 W/SystemConfig( 1383): ro.product.name = t2qsqw
01-01 00:00:04.359 W/SystemConfig( 1383): fname = r9sxxx
01-01 00:00:04.359 W/SystemConfig( 1383): ro.product.name = t2qsqw
01-01 00:00:04.359 W/SystemConfig( 1383): fname = r9qksx
01-01 00:00:04.359 W/SystemConfig( 1383): ro.product.name = t2qsqw
01-01 00:00:04.359 W/SystemConfig( 1383): fname = r9qxeea
01-01 00:00:04.359 W/SystemConfig( 1383): ro.product.name = t2qsqw
01-01 00:00:04.359 W/SystemConfig( 1383): fname = r9qxtur
01-01 00:00:04.359 W/SystemConfig( 1383): ro.product.name = t2qsqw
01-01 00:00:04.359 W/SystemConfig( 1383): fname = r9qxser
01-01 00:00:04.359 W/SystemConfig( 1383): ro.product.name = t2qsqw
01-01 00:00:04.359 W/SystemConfig( 1383): fname = r9qzh
01-01 00:00:04.359 W/SystemConfig( 1383): ro.product.name = t2qsqw
01-01 00:00:04.359 W/SystemConfig( 1383): fname = r9quew
01-01 00:00:04.359 W/SystemConfig( 1383): ro.product.name = t2qsqw
01-01 00:00:04.359 W/SystemConfig( 1383): fname = r9qxxx
01-01 00:00:04.359 W/SystemConfig( 1383): ro.product.name = t2qsqw
01-01 00:00:04.359 W/SystemConfig( 1383): fname = r9qcsx
01-01 00:00:04.359 W/SystemConfig( 1383): ro.product.name = t2qsqw
01-01 00:00:04.359 W/SystemConfig( 1383): fname = r9qsqw
01-01 00:00:04.359 W/SystemConfig( 1383): ro.product.name = t2qsqw
01-01 00:00:04.359 W/SystemConfig( 1383): fname = a32ub
01-01 00:00:04.359 W/SystemConfig( 1383): ro.product.name = t2qsqw
01-01 00:00:04.359 W/SystemConfig( 1383): fname = a32ks
01-01 00:00:04.359 W/SystemConfig( 1383): ro.product.name = t2qsqw
01-01 00:00:04.359 W/SystemConfig( 1383): fname = a32eea
01-01 00:00:04.359 W/SystemConfig( 1383): ro.product.name = t2qsqw
01-01 00:00:04.359 W/SystemConfig( 1383): fname = a32tur
01-01 00:00:04.359 W/SystemConfig( 1383): ro.product.name = t2qsqw
01-01 00:00:04.359 W/SystemConfig( 1383): fname = a32ser
01-01 00:00:04.359 W/SystemConfig( 1383): ro.product.name = t2qsqw
01-01 00:00:04.359 W/SystemConfig( 1383): fname = a32xx
01-01 00:00:04.359 W/SystemConfig( 1383): ro.product.name = t2qsqw
01-01 00:00:04.359 W/SystemConfig( 1383): fname = a32xxx
01-01 00:00:04.359 W/SystemConfig( 1383): ro.product.name = t2qsqw
01-01 00:00:04.359 W/SystemConfig( 1383): fname = a32xcs
01-01 00:00:04.359 W/SystemConfig( 1383): ro.product.name = t2qsqw
01-01 00:00:04.359 W/SystemConfig( 1383): fname = a32xeea
01-01 00:00:04.359 W/SystemConfig( 1383): ro.product.name = t2qsqw
01-01 00:00:04.359 W/SystemConfig( 1383): fname = a32xue
01-01 00:00:04.359 W/SystemConfig( 1383): ro.product.name = t2qsqw
01-01 00:00:04.359 W/SystemConfig( 1383): fname = a32xtfn
01-01 00:00:04.359 W/SystemConfig( 1383): ro.product.name = t2qsqw
01-01 00:00:04.359 W/SystemConfig( 1383): fname = a32xzh
01-01 00:00:04.359 W/SystemConfig( 1383): ro.product.name = t2qsqw
01-01 00:00:04.359 W/SystemConfig( 1383): fname = a32xsq
01-01 00:00:04.359 W/SystemConfig( 1383): ro.product.name = t2qsqw
01-01 00:00:04.359 W/SystemConfig( 1383): fname = a32xktt
01-01 00:00:04.359 W/SystemConfig( 1383): ro.product.name = t2qsqw
01-01 00:00:04.359 W/SystemConfig( 1383): fname = SCG08_jp_kdi
01-01 00:00:04.359 W/SystemConfig( 1383): ro.product.name = t2qsqw
01-01 00:00:04.359 W/SystemConfig( 1383): fname = xcover5eea
01-01 00:00:04.359 W/SystemConfig( 1383): ro.product.name = t2qsqw
01-01 00:00:04.359 W/SystemConfig( 1383): fname = xcover5ser
01-01 00:00:04.359 W/SystemConfig( 1383): ro.product.name = t2qsqw
01-01 00:00:04.359 W/SystemConfig( 1383): fname = xcover5kx
01-01 00:00:04.359 W/SystemConfig( 1383): ro.product.name = t2qsqw
01-01 00:00:04.359 W/SystemConfig( 1383): fname = xcover5xx
01-01 00:00:04.359 W/SystemConfig( 1383): ro.product.name = t2qsqw
01-01 00:00:04.359 W/SystemConfig( 1383): fname = gts7fewifixx
01-01 00:00:04.359 W/SystemConfig( 1383): ro.product.name = t2qsqw
01-01 00:00:04.359 W/SystemConfig( 1383): fname = gts7fewifitur
01-01 00:00:04.359 W/SystemConfig( 1383): ro.product.name = t2qsqw
01-01 00:00:04.359 W/SystemConfig( 1383): fname = gts7fewifieea
01-01 00:00:04.359 W/SystemConfig( 1383): ro.product.name = t2qsqw
01-01 00:00:04.359 W/SystemConfig( 1383): fname = gts7fewifiser
01-01 00:00:04.359 W/SystemConfig( 1383): ro.product.name = t2qsqw
01-01 00:00:04.359 W/SystemConfig( 1383): fname = gts7xllitexx
01-01 00:00:04.359 W/SystemConfig( 1383): ro.product.name = t2qsqw
01-01 00:00:04.359 W/SystemConfig( 1383): fname = gts7xlliteser
01-01 00:00:04.359 W/SystemConfig( 1383): ro.product.name = t2qsqw
01-01 00:00:04.359 W/SystemConfig( 1383): fname = gts7xllitexeea
01-01 00:00:04.359 W/SystemConfig( 1383): ro.product.name = t2qsqw
01-01 00:00:04.359 W/SystemConfig( 1383): fname = gts7xllitekx
01-01 00:00:04.359 W/SystemConfig( 1383): ro.product.name = t2qsqw
01-01 00:00:04.359 W/SystemConfig( 1383): fname = gts7xllitetur
01-01 00:00:04.359 W/SystemConfig( 1383): ro.product.name = t2qsqw
01-01 00:00:04.359 W/SystemConfig( 1383): fname = gts7xllitekxx
01-01 00:00:04.359 W/SystemConfig( 1383): ro.product.name = t2qsqw
01-01 00:00:04.359 W/SystemConfig( 1383): fname = gts7xllitesqwnc
01-01 00:00:04.359 W/SystemConfig( 1383): ro.product.name = t2qsqw
01-01 00:00:04.359 W/SystemConfig( 1383): fname = gts7xllitexxx
01-01 00:00:04.359 W/SystemConfig( 1383): ro.product.name = t2qsqw
01-01 00:00:04.359 W/SystemConfig( 1383): fname = gts7xllitesqw
01-01 00:00:04.359 W/SystemConfig( 1383): ro.product.name = t2qsqw
01-01 00:00:04.359 W/SystemConfig( 1383): fname = gts7xllitewifieea
01-01 00:00:04.359 W/SystemConfig( 1383): ro.product.name = t2qsqw
01-01 00:00:04.359 W/SystemConfig( 1383): fname = gts7xllitewifixx
01-01 00:00:04.360 W/SystemConfig( 1383): ro.product.name = t2qsqw
01-01 00:00:04.360 W/SystemConfig( 1383): fname = gts7xllitewifitur
01-01 00:00:04.360 W/SystemConfig( 1383): ro.product.name = t2qsqw
01-01 00:00:04.360 W/SystemConfig( 1383): fname = gts7xllitewifiser
01-01 00:00:04.360 W/SystemConfig( 1383): ro.product.name = t2qsqw
01-01 00:00:04.360 W/SystemConfig( 1383): fname = b0sxser
01-01 00:00:04.360 W/SystemConfig( 1383): ro.product.name = t2qsqw
01-01 00:00:04.360 W/SystemConfig( 1383): fname = b0sxtur
01-01 00:00:04.360 W/SystemConfig( 1383): ro.product.name = t2qsqw
01-01 00:00:04.360 W/SystemConfig( 1383): fname = b0sxxx
01-01 00:00:04.360 W/SystemConfig( 1383): ro.product.name = t2qsqw
01-01 00:00:04.360 W/SystemConfig( 1383): fname = b0sxeea
01-01 00:00:04.360 W/SystemConfig( 1383): ro.product.name = t2qsqw
01-01 00:00:04.360 W/SystemConfig( 1383): fname = b0sksx
01-01 00:00:04.360 W/SystemConfig( 1383): ro.product.name = t2qsqw
01-01 00:00:04.360 W/SystemConfig( 1383): fname = b0quew
01-01 00:00:04.360 W/SystemConfig( 1383): ro.product.name = t2qsqw
01-01 00:00:04.360 W/SystemConfig( 1383): fname = b0qcsx
01-01 00:00:04.360 W/SystemConfig( 1383): ro.product.name = t2qsqw
01-01 00:00:04.360 W/SystemConfig( 1383): fname = b0qxxx
01-01 00:00:04.360 W/SystemConfig( 1383): ro.product.name = t2qsqw
01-01 00:00:04.360 W/SystemConfig( 1383): fname = b0qsqw
01-01 00:00:04.360 W/SystemConfig( 1383): ro.product.name = t2qsqw
01-01 00:00:04.360 W/SystemConfig( 1383): fname = b0qzhx
01-01 00:00:04.360 W/SystemConfig( 1383): ro.product.name = t2qsqw
01-01 00:00:04.360 W/SystemConfig( 1383): fname = b0qxtur
01-01 00:00:04.360 W/SystemConfig( 1383): ro.product.name = t2qsqw
01-01 00:00:04.360 W/SystemConfig( 1383): fname = r0sxxx
01-01 00:00:04.360 W/SystemConfig( 1383): ro.product.name = t2qsqw
01-01 00:00:04.360 W/SystemConfig( 1383): fname = r0sxeea
01-01 00:00:04.360 W/SystemConfig( 1383): ro.product.name = t2qsqw
01-01 00:00:04.360 W/SystemConfig( 1383): fname = r0sxtur
01-01 00:00:04.360 W/SystemConfig( 1383): ro.product.name = t2qsqw
01-01 00:00:04.360 W/SystemConfig( 1383): fname = r0sxser
01-01 00:00:04.360 W/SystemConfig( 1383): ro.product.name = t2qsqw
01-01 00:00:04.360 W/SystemConfig( 1383): fname = r0sksx
01-01 00:00:04.360 W/SystemConfig( 1383): ro.product.name = t2qsqw
01-01 00:00:04.360 W/SystemConfig( 1383): fname = r0qxtur
01-01 00:00:04.360 W/SystemConfig( 1383): ro.product.name = t2qsqw
01-01 00:00:04.360 W/SystemConfig( 1383): fname = r0qcsx
01-01 00:00:04.360 W/SystemConfig( 1383): ro.product.name = t2qsqw
01-01 00:00:04.360 W/SystemConfig( 1383): fname = r0qzhx
01-01 00:00:04.360 W/SystemConfig( 1383): ro.product.name = t2qsqw
01-01 00:00:04.360 W/SystemConfig( 1383): fname = r0quew
01-01 00:00:04.360 W/SystemConfig( 1383): ro.product.name = t2qsqw
01-01 00:00:04.360 W/SystemConfig( 1383): fname = r0qsqw
01-01 00:00:04.360 W/SystemConfig( 1383): ro.product.name = t2qsqw
01-01 00:00:04.360 W/SystemConfig( 1383): fname = r0qxxx
01-01 00:00:04.360 W/SystemConfig( 1383): ro.product.name = t2qsqw
01-01 00:00:04.360 W/SystemConfig( 1383): fname = g0sxxx
01-01 00:00:04.360 W/SystemConfig( 1383): ro.product.name = t2qsqw
01-01 00:00:04.360 W/SystemConfig( 1383): fname = g0sxtur
01-01 00:00:04.360 W/SystemConfig( 1383): ro.product.name = t2qsqw
01-01 00:00:04.360 W/SystemConfig( 1383): fname = g0sxeea
01-01 00:00:04.360 W/SystemConfig( 1383): ro.product.name = t2qsqw
01-01 00:00:04.360 W/SystemConfig( 1383): fname = g0sxser
01-01 00:00:04.360 W/SystemConfig( 1383): ro.product.name = t2qsqw
01-01 00:00:04.360 W/SystemConfig( 1383): fname = g0sksx
01-01 00:00:04.360 W/SystemConfig( 1383): ro.product.name = t2qsqw
01-01 00:00:04.360 W/SystemConfig( 1383): fname = g0quew
01-01 00:00:04.360 W/SystemConfig( 1383): ro.product.name = t2qsqw
01-01 00:00:04.360 W/SystemConfig( 1383): fname = g0qxtur
01-01 00:00:04.360 W/SystemConfig( 1383): ro.product.name = t2qsqw
01-01 00:00:04.360 W/SystemConfig( 1383): fname = g0qcsx
01-01 00:00:04.360 W/SystemConfig( 1383): ro.product.name = t2qsqw
01-01 00:00:04.360 W/SystemConfig( 1383): fname = g0qxxx
01-01 00:00:04.360 W/SystemConfig( 1383): ro.product.name = t2qsqw
01-01 00:00:04.360 W/SystemConfig( 1383): fname = g0qsqw
01-01 00:00:04.360 W/SystemConfig( 1383): ro.product.name = t2qsqw
01-01 00:00:04.360 W/SystemConfig( 1383): fname = g0qzhx
01-01 00:00:04.360 W/SystemConfig( 1383): ro.product.name = t2qsqw
01-01 00:00:04.360 W/SystemConfig( 1383): fname = gts8keea
01-01 00:00:04.360 W/SystemConfig( 1383): ro.product.name = t2qsqw
01-01 00:00:04.360 W/SystemConfig( 1383): fname = gts8xser
01-01 00:00:04.360 W/SystemConfig( 1383): ro.product.name = t2qsqw
01-01 00:00:04.360 W/SystemConfig( 1383): fname = gts8xeea
01-01 00:00:04.360 W/SystemConfig( 1383): ro.product.name = t2qsqw
01-01 00:00:04.360 W/SystemConfig( 1383): fname = gts8xxx
01-01 00:00:04.360 W/SystemConfig( 1383): ro.product.name = t2qsqw
01-01 00:00:04.360 W/SystemConfig( 1383): fname = gts8sq
01-01 00:00:04.360 W/SystemConfig( 1383): ro.product.name = t2qsqw
01-01 00:00:04.360 W/SystemConfig( 1383): fname = gts8wifixx
01-01 00:00:04.360 W/SystemConfig( 1383): ro.product.name = t2qsqw
01-01 00:00:04.360 W/SystemConfig( 1383): fname = gts8wifieea
01-01 00:00:04.360 W/SystemConfig( 1383): ro.product.name = t2qsqw
01-01 00:00:04.360 W/SystemConfig( 1383): fname = gts8pkxx
01-01 00:00:04.360 W/SystemConfig( 1383): ro.product.name = t2qsqw
01-01 00:00:04.360 W/SystemConfig( 1383): fname = gts8psqw
01-01 00:00:04.360 W/SystemConfig( 1383): ro.product.name = t2qsqw
01-01 00:00:04.360 W/SystemConfig( 1383): fname = gts8pxser
01-01 00:00:04.360 W/SystemConfig( 1383): ro.product.name = t2qsqw
01-01 00:00:04.360 W/SystemConfig( 1383): fname = gts8pxeea
01-01 00:00:04.360 W/SystemConfig( 1383): ro.product.name = t2qsqw
01-01 00:00:04.360 W/SystemConfig( 1383): fname = gts8pxxx
01-01 00:00:04.360 W/SystemConfig( 1383): ro.product.name = t2qsqw
01-01 00:00:04.360 W/SystemConfig( 1383): fname = gts8pwifixx
01-01 00:00:04.360 W/SystemConfig( 1383): ro.product.name = t2qsqw
01-01 00:00:04.360 W/SystemConfig( 1383): fname = gts8ukxx
01-01 00:00:04.360 W/SystemConfig( 1383): ro.product.name = t2qsqw
01-01 00:00:04.360 W/SystemConfig( 1383): fname = gts8uxser
01-01 00:00:04.360 W/SystemConfig( 1383): ro.product.name = t2qsqw
01-01 00:00:04.360 W/SystemConfig( 1383): fname = gts8uxeea
01-01 00:00:04.360 W/SystemConfig( 1383): ro.product.name = t2qsqw
01-01 00:00:04.360 W/SystemConfig( 1383): fname = gts8uxxx
01-01 00:00:04.360 W/SystemConfig( 1383): ro.product.name = t2qsqw
01-01 00:00:04.360 W/SystemConfig( 1383): fname = gts8uwifiser
01-01 00:00:04.360 W/SystemConfig( 1383): ro.product.name = t2qsqw
01-01 00:00:04.360 W/SystemConfig( 1383): fname = gts8uwifixx
01-01 00:00:04.360 W/SystemConfig( 1383): ro.product.name = t2qsqw
01-01 00:00:04.360 W/SystemConfig( 1383): fname = gts8uwifieea
01-01 00:00:04.360 W/SystemConfig( 1383): ro.product.name = t2qsqw
01-01 00:00:04.360 W/SystemConfig( 1383): fname = a13nseea
01-01 00:00:04.360 W/SystemConfig( 1383): ro.product.name = t2qsqw
01-01 00:00:04.360 W/SystemConfig( 1383): fname = a13nsxx
01-01 00:00:04.360 W/SystemConfig( 1383): ro.product.name = t2qsqw
01-01 00:00:04.360 W/SystemConfig( 1383): fname = a13nsser
01-01 00:00:04.360 W/SystemConfig( 1383): ro.product.name = t2qsqw
01-01 00:00:04.360 W/SystemConfig( 1383): fname = a13sq
01-01 00:00:04.360 W/SystemConfig( 1383): ro.product.name = t2qsqw
01-01 00:00:04.360 W/SystemConfig( 1383): fname = a13ser
01-01 00:00:04.360 W/SystemConfig( 1383): ro.product.name = t2qsqw
01-01 00:00:04.360 W/SystemConfig( 1383): fname = a13xue
01-01 00:00:04.360 W/SystemConfig( 1383): ro.product.name = t2qsqw
01-01 00:00:04.360 W/SystemConfig( 1383): fname = a13xsq
01-01 00:00:04.360 W/SystemConfig( 1383): ro.product.name = t2qsqw
01-01 00:00:04.360 W/SystemConfig( 1383): fname = a13xtfn
01-01 00:00:04.360 W/SystemConfig( 1383): ro.product.name = t2qsqw
01-01 00:00:04.360 W/SystemConfig( 1383): fname = a13xcs
01-01 00:00:04.360 W/SystemConfig( 1383): ro.product.name = t2qsqw
01-01 00:00:04.360 W/SystemConfig( 1383): fname = a33xks
01-01 00:00:04.361 W/SystemConfig( 1383): ro.product.name = t2qsqw
01-01 00:00:04.361 W/SystemConfig( 1383): fname = a33xzh
01-01 00:00:04.361 W/SystemConfig( 1383): ro.product.name = t2qsqw
01-01 00:00:04.361 W/SystemConfig( 1383): fname = a33xnsser
01-01 00:00:04.361 W/SystemConfig( 1383): ro.product.name = t2qsqw
01-01 00:00:04.361 W/SystemConfig( 1383): fname = a33xnsxx
01-01 00:00:04.361 W/SystemConfig( 1383): ro.product.name = t2qsqw
01-01 00:00:04.361 W/SystemConfig( 1383): fname = a33xnseea
01-01 00:00:04.361 W/SystemConfig( 1383): ro.product.name = t2qsqw
01-01 00:00:04.361 W/SystemConfig( 1383): fname = a53xnsser
01-01 00:00:04.361 W/SystemConfig( 1383): ro.product.name = t2qsqw
01-01 00:00:04.361 W/SystemConfig( 1383): fname = a53xnsxx
01-01 00:00:04.361 W/SystemConfig( 1383): ro.product.name = t2qsqw
01-01 00:00:04.361 W/SystemConfig( 1383): fname = a53xnstur
01-01 00:00:04.361 W/SystemConfig( 1383): ro.product.name = t2qsqw
01-01 00:00:04.361 W/SystemConfig( 1383): fname = a53xsqx
01-01 00:00:04.361 W/SystemConfig( 1383): ro.product.name = t2qsqw
01-01 00:00:04.361 W/SystemConfig( 1383): fname = a53xsqw
01-01 00:00:04.361 W/SystemConfig( 1383): ro.product.name = t2qsqw
01-01 00:00:04.361 W/SystemConfig( 1383): fname = a53xnaeea
01-01 00:00:04.361 W/SystemConfig( 1383): ro.product.name = t2qsqw
01-01 00:00:04.361 I/SystemConfig( 1383): Reading permissions from
/product/etc/sysconfig/google_duo.xml
01-01 00:00:04.361 I/SystemConfig( 1383): Reading permissions from
/product/etc/sysconfig/google-rollback-package-whitelist.xml
01-01 00:00:04.361 I/SystemConfig( 1383): Reading permissions from
/product/etc/sysconfig/carrierwifi-sysconfig.xml
01-01 00:00:04.361 I/SystemConfig( 1383): Reading permissions from
/product/etc/sysconfig/google-staged-installer-whitelist.xml
01-01 00:00:04.361 I/SystemConfig( 1383): Reading permissions from
/product/etc/sysconfig/wellbeing.xml
01-01 00:00:04.361 I/servicemanager( 685): Adding 'u:r:system_server:s0' service
(activity_task:1383)
01-01 00:00:04.361 I/SystemConfig( 1383): Reading permissions from
/product/etc/sysconfig/google_turbo.xml
01-01 00:00:04.361 I/SystemServiceManager( 1383): Starting
com.android.server.am.ActivityManagerService$Lifecycle
01-01 00:00:04.361 I/SystemConfig( 1383): Reading permissions from
/product/etc/sysconfig/google_dps.xml
01-01 00:00:04.362 I/SystemConfig( 1383): Adding association: com.google.android.as
<- com.android.bluetooth
01-01 00:00:04.362 I/SystemConfig( 1383): Adding association: com.google.android.as
<- com.android.providers.contacts
01-01 00:00:04.362 I/SystemConfig( 1383): Adding association: com.google.android.as
<- com.android.providers.media
01-01 00:00:04.362 I/SystemConfig( 1383): Adding association: com.google.android.as
<- com.android.providers.telephony
01-01 00:00:04.362 I/SystemConfig( 1383): Adding association: com.google.android.as
<- com.android.systemui
01-01 00:00:04.362 I/SystemConfig( 1383): Adding association: com.google.android.as
<- com.google.android.providers.media.module
01-01 00:00:04.362 I/SystemConfig( 1383): Adding association: com.google.android.as
<- com.google.android.as.oss
01-01 00:00:04.362 I/SystemConfig( 1383): Adding association:
com.google.android.as.oss <- com.google.android.as
01-01 00:00:04.362 I/SystemConfig( 1383): Reading permissions from
/product/etc/sysconfig/GoogleCellBroadcast_config.xml
01-01 00:00:04.362 I/SystemConfig( 1383): Reading permissions from
/product/etc/sysconfig/google.xml
01-01 00:00:04.362 I/SystemConfig( 1383): Reading permissions from
/product/etc/sysconfig/preinstalled-packages-platform-handheld-product.xml
01-01 00:00:04.362 I/SystemConfig( 1383): Reading permissions from
/product/etc/sysconfig/preinstalled-packages-platform-overlays.xml
01-01 00:00:04.362 I/SystemConfig( 1383): Reading permissions from
/product/etc/sysconfig/aer.xml
01-01 00:00:04.362 I/SystemConfig( 1383): Reading permissions from
/product/etc/permissions/com.android.imsserviceentitlement.xml
01-01 00:00:04.363 I/SystemConfig( 1383): Reading permissions from
/product/etc/permissions/carrierwifi.xml
01-01 00:00:04.363 I/SystemConfig( 1383): Reading permissions from
/product/etc/permissions/privapp-permissions-google-product.xml
01-01 00:00:04.363 I/SystemConfig( 1383): Reading permissions from
/product/etc/permissions/vendor.qti.hardware.data.connection-V1.1-java.xml
01-01 00:00:04.363 I/ActivityManager( 1383): Memory class: 256
01-01 00:00:04.364 I/SystemConfig( 1383): Reading permissions from
/product/etc/permissions/turboapk-permissions.xml
01-01 00:00:04.364 I/SystemConfig( 1383): Reading permissions from
/product/etc/permissions/split-permissions-google.xml
01-01 00:00:04.364 I/SystemConfig( 1383): Reading permissions from
/system_ext/etc/sysconfig/qti_whitelist_system_ext.xml
01-01 00:00:04.364 I/Binder ( 1383): Setting heavy hitter watcher config: false,
0, 0.0
01-01 00:00:04.365 I/SystemConfig( 1383): Reading permissions from
/system_ext/etc/permissions/com.samsung.systemui.xml
01-01 00:00:04.365 I/SystemConfig( 1383): Reading permissions from
/system_ext/etc/permissions/com.qualcomm.qti.imscmservice-V2.2-java.xml
01-01 00:00:04.365 I/SystemConfig( 1383): Reading permissions from
/system_ext/etc/permissions/com.android.carrierconfig.xml
01-01 00:00:04.366 I/SystemConfig( 1383): Reading permissions from
/system_ext/etc/permissions/com.qualcomm.qti.imscmservice.xml
01-01 00:00:04.366 I/SystemConfig( 1383): Reading permissions from
/system_ext/etc/permissions/com.qualcomm.qti.imscmservice-V2.1-java.xml
01-01 00:00:04.366 I/SystemConfig( 1383): Reading permissions from
/system_ext/etc/permissions/com.android.storagemanager.xml
01-01 00:00:04.367 I/SystemConfig( 1383): Reading permissions from
/system_ext/etc/permissions/privapp-permissions-google-system-ext.xml
01-01 00:00:04.367 I/SystemConfig( 1383): Reading permissions from
/system_ext/etc/permissions/com.android.systemui.xml
01-01 00:00:04.367 I/SystemConfig( 1383): Reading permissions from
/system_ext/etc/permissions/android.software.verified_boot.xml
01-01 00:00:04.368 I/SystemConfig( 1383): Reading permissions from
/system_ext/etc/permissions/privapp-permissions-qti-system-ext.xml
01-01 00:00:04.368 I/SystemConfig( 1383): Reading permissions from
/system_ext/etc/permissions/com.android.emergency.xml
01-01 00:00:04.368 I/SystemConfig( 1383): Reading permissions from
/system_ext/etc/permissions/izat.xt.srv.xml
01-01 00:00:04.368 I/SystemConfig( 1383): Reading permissions from
/system_ext/etc/permissions/com.qualcomm.qti.imscmservice-V2.0-java.xml
01-01 00:00:04.369 I/SystemConfig( 1383): Reading permissions from
/system_ext/etc/permissions/com.android.hotwordenrollment.common.util.xml
01-01 00:00:04.370 I/SystemConfig( 1383): Reading permissions from
/system/carrier/sysconfig/config-tmb-com.sprint.ms.cdm.xml
01-01 00:00:04.370 I/SystemConfig( 1383): Reading permissions from
/system/carrier/sysconfig/config-tmb-com.sprint.ce.updater.xml
01-01 00:00:04.370 I/SystemConfig( 1383): Reading permissions from
/system/carrier/sysconfig/config-tmb-com.sprint.ms.smf.services.xml
01-01 00:00:04.370 I/SystemConfig( 1383): Reading permissions from
/system/carrier/sysconfig/config-tmb-com.sprint.w.installer.xml
01-01 00:00:04.371 I/SystemConfig( 1383): Reading permissions from
/system/carrier/permissions/SMF-tmb-hiddenapi-package-whitelist.xml
01-01 00:00:04.371 I/SystemConfig( 1383): Reading permissions from
/system/carrier/permissions/privapp-permissions-tmb-com.sprint.ms.cdm.xml
01-01 00:00:04.371 I/SystemConfig( 1383): Reading permissions from
/system/carrier/permissions/privapp-permissions-tmb-com.sprint.w.installer.xml
01-01 00:00:04.372 I/SystemConfig( 1383): Reading permissions from
/system/carrier/permissions/privapp-permissions-tmb-com.sprint.ce.updater.xml
01-01 00:00:04.372 I/SystemConfig( 1383): Reading permissions from
/system/carrier/permissions/CDM-tmb-hiddenapi-package-whitelist.xml
01-01 00:00:04.372 I/SystemConfig( 1383): Reading permissions from
/system/carrier/permissions/privapp-permissions-com.tmobile.echolocate.xml
01-01 00:00:04.372 I/SystemConfig( 1383): Reading permissions from
/system/carrier/permissions/privapp-permissions-com.tmobile.pr.mytmobile.xml
01-01 00:00:04.373 I/SystemConfig( 1383): Reading permissions from
/system/carrier/permissions/privapp-permissions-tmb-com.sprint.ms.smf.services.xml
01-01 00:00:04.373 W/SystemConfig( 1383): No directory
/prism/etc/carriers/TMB/sysconfig, skipping
01-01 00:00:04.373 W/SystemConfig( 1383): No directory
/prism/etc/carriers/TMB/permissions, skipping
01-01 00:00:04.374 I/SystemConfig( 1383): Reading permissions from
/apex/com.android.ipsec/etc/permissions/android.net.ipsec.ike.xml
01-01 00:00:04.376 D/SystemConfig( 1383): readAllPermissions took to complete: 77ms
01-01 00:00:04.376 D/SystemServerTimingAsync( 1383):
InitThreadPoolExec:ReadingSystemConfig took to complete: 77ms
01-01 00:00:04.379 I/ActivityManager( 1383): Connection with lmkd established
01-01 00:00:04.379 I/lmkd ( 684): lmkd data connection established
01-01 00:00:04.380 I/DHA_PROPERTY( 1383): highRes_MaxCached : 12
normalRes_MaxCached : 16
01-01 00:00:04.380 I/DHA_PROPERTY( 1383): DHA STEP 2
01-01 00:00:04.380 I/DHA_PROPERTY( 1383): DHA TH RATE 3.0
01-01 00:00:04.380 I/DHA_PROPERTY( 1383): DHA mSzDHAThreshold 33554432
01-01 00:00:04.380 I/DHA_PROPERTY( 1383): DHA DHA_INCREASE_THRESHOLD 2097152
01-01 00:00:04.381 I/CameraManagerGlobal( 1383):
unregisterCameraDeviceStateCallback
01-01 00:00:04.381 I/CameraManagerGlobal( 1383): registerCameraDeviceStateCallback
01-01 00:00:04.381 I/CameraManagerGlobal( 1383): Connecting to camera service
01-01 00:00:04.383 D/ActivityManager_KPM( 1383): Current Launcher:
com.sec.android.app.launcher
01-01 00:00:04.383 D/IAFDDBManager( 1383): mDBInitReTryCnt=1
01-01 00:00:04.384 I/ActivityManager( 1383): SwappinessController() - default
value: 130
01-01 00:00:04.384 I/ActivityManager_KPM( 1383): KillPolicyManager()
01-01 00:00:04.384 I/ActivityManager_KPM( 1383): initKillPolicyManager()
01-01 00:00:04.387 D/BatteryStatsImpl( 1383): Reading daily items from
/data/system/batterystats-daily.xml
01-01 00:00:04.388 I/hwservicemanager( 686): getTransport: Cannot find entry
[email protected]::IPowerStats/default in either framework or device
VINTF manifest.
01-01 00:00:04.388 E/BatteryStatsService( 1383): Unable to load Power.Stats.HAL.
Setting rail availability to false
01-01 00:00:04.389 E/BluetoothAdapter( 1383): Bluetooth binder is null
01-01 00:00:04.389 D/BatteryExternalStatsWorker( 1383): update stats : write (63)
01-01 00:00:04.389 I/KernelCpuUidFreqTimeReader( 1383):
mPerClusterTimesAvailable=true
01-01 00:00:04.418 I/AppOps ( 1383): No existing app ops /data/system/appops.xml;
starting empty
01-01 00:00:04.419 I/IntentFirewall( 1383): Read new rules (A:0 B:0 S:0)
01-01 00:00:04.422 W/KernelMemoryBandwidthStats( 1383): No kernel memory bandwidth
stats available
01-01 00:00:04.422 D/CoreStateObserverController( 1383): CoreStateController()
01-01 00:00:04.422 D/BatteryExternalStatsWorker( 1383): done
updateExternalStatsLocked
01-01 00:00:04.423 D/CoreStateObserverController( 1383): CoreStateController()
01-01 00:00:04.425 V/ActivityManagerServiceExt( 1383): ActivityManagerServiceExt ::
created
01-01 00:00:04.426 D/FreecessController( 1383): freezer.state == FROZEN
01-01 00:00:04.429 I/servicemanager( 685): Adding 'u:r:system_server:s0' service
(batterystats:1383)
01-01 00:00:04.430 I/servicemanager( 685): Adding 'u:r:system_server:s0' service
(appops:1383)
01-01 00:00:04.430 D/AppOps ( 1383): AppOpsService published
01-01 00:00:04.430 D/SystemServerTiming( 1383): StartActivityManager took to
complete: 79ms
01-01 00:00:04.430 I/SystemServerTiming( 1383): StartDataLoaderManagerService
01-01 00:00:04.430 I/SystemServiceManager( 1383): Starting
com.android.server.pm.DataLoaderManagerService
01-01 00:00:04.431 I/servicemanager( 685): Adding 'u:r:system_server:s0' service
(dataloader_manager:1383)
01-01 00:00:04.431 D/SystemServerTiming( 1383): StartDataLoaderManagerService took
to complete: 1ms
01-01 00:00:04.431 I/SystemServerTiming( 1383): StartIncrementalService
01-01 00:00:04.433 I/incfs-mounts( 1383): [incfs] Loaded incremental-fs mount info:
0 instances, 0 mount points
01-01 00:00:04.434 I/servicemanager( 685): Adding 'u:r:system_server:s0' service
(incremental:1383)
01-01 00:00:04.434 D/SystemServerTiming( 1383): StartIncrementalService took to
complete: 3ms
01-01 00:00:04.434 I/SystemServerTiming( 1383): StartPowerManager
01-01 00:00:04.434 I/SystemServiceManager( 1383): Starting
com.android.server.power.PowerManagerService
01-01 00:00:04.437 D/PowerManagerService( 1383): Setting HAL interactive mode to
true
01-01 00:00:04.438 I/PowerManagerService-JNI( 1383): Loaded misc power HAL service
01-01 00:00:04.438 I/Sec MiscPowerHAL( 1131): !@sysfs_write +:
/sys/class/sec/tsp/input/enabled: 1
01-01 00:00:04.438 I/Sec MiscPowerHAL( 1131): !@sysfs_write -:
/sys/class/sec/tsp/input/enabled: 1
01-01 00:00:04.438 I/Sec MiscPowerHAL( 1131): !@sysfs_write +:
/sys/class/power_supply/battery/lcd: 1
01-01 00:00:04.438 I/Sec MiscPowerHAL( 1131): !@sysfs_write -:
/sys/class/power_supply/battery/lcd: 1
01-01 00:00:04.438 I/servicemanager( 685): Found
android.hardware.power.IPower/default in device VINTF manifest.
01-01 00:00:04.439 I/hw-BpHwBinder( 686): onLastStrongRef automatically unlinking
death recipients
01-01 00:00:04.440 I/servicemanager( 685): Adding 'u:r:system_server:s0' service
(power:1383)
01-01 00:00:04.440 D/SystemServerTiming( 1383): StartPowerManager took to complete:
6ms
01-01 00:00:04.440 I/SystemServerTiming( 1383): StartThermalManager
01-01 00:00:04.440 I/SystemServiceManager( 1383): Starting
com.android.server.power.ThermalManagerService
01-01 00:00:04.441 I/servicemanager( 685): Adding 'u:r:system_server:s0' service
(thermalservice:1383)
01-01 00:00:04.441 D/SystemServerTiming( 1383): StartThermalManager took to
complete: 1ms
01-01 00:00:04.441 I/SystemServerTiming( 1383): StartHintManager
01-01 00:00:04.441 I/SystemServiceManager( 1383): Starting
com.android.server.power.hint.HintManagerService
01-01 00:00:04.441 E/PowerHalController( 1383): getHintSessionPreferredRate failed:
Status(-129, EX_TRANSACTION_FAILED): 'UNKNOWN_TRANSACTION: '
01-01 00:00:04.441 I/servicemanager( 685): Adding 'u:r:system_server:s0' service
(performance_hint:1383)
01-01 00:00:04.441 D/SystemServerTiming( 1383): StartHintManager took to complete:
0ms
01-01 00:00:04.441 I/SystemServerTiming( 1383): InitPowerManagement
01-01 00:00:04.442 D/PowerManagerService( 1383): [api]
registerLowPowerModeObserver: com.android.server.am.BatteryStatsService@f36db1f
(uid: 1000 pid: 1383)
01-01 00:00:04.442 D/SystemServerTiming( 1383): InitPowerManagement took to
complete: 1ms
01-01 00:00:04.442 I/SystemServerTiming( 1383): VaultKeeperService
01-01 00:00:04.442 I/SystemServiceManager( 1383): Starting
com.android.server.VaultKeeperService$LifeCycle
01-01 00:00:04.442 D/VaultKeeperService$Lifecycle( 1383): onStart()
01-01 00:00:04.446 I/servicemanager( 685): Adding 'u:r:system_server:s0' service
(VaultKeeperService:1383)
01-01 00:00:04.446 D/SystemServerTiming( 1383): VaultKeeperService took to
complete: 4ms
01-01 00:00:04.446 I/SystemServerTiming( 1383): PACMService
01-01 00:00:04.446 I/SystemServiceManager( 1383): Starting
com.android.server.PACMService
01-01 00:00:04.457 I/PACMService( 1383): Success to start PACM Service(S-ver :
10.6.0/ P-ver : 1)
01-01 00:00:04.457 D/PACMService( 1383): onStart()
01-01 00:00:04.457 D/SystemServerTiming( 1383): PACMService took to complete: 11ms
01-01 00:00:04.457 I/SystemServerTiming( 1383): StartRecoverySystemService
01-01 00:00:04.457 I/SystemServiceManager( 1383): Starting
com.android.server.recoverysystem.RecoverySystemService$Lifecycle
01-01 00:00:04.458 I/servicemanager( 685): Adding 'u:r:system_server:s0' service
(recovery:1383)
01-01 00:00:04.458 D/SystemServerTiming( 1383): StartRecoverySystemService took to
complete: 1ms
01-01 00:00:04.458 I/PackageWatchdog( 1383): Syncing state, reason: added new
observer
01-01 00:00:04.458 I/PackageWatchdog( 1383): Not pruning observers, elapsed time:
0ms
01-01 00:00:04.458 I/PackageWatchdog( 1383): Cancelling state sync, nothing to sync
01-01 00:00:04.458 I/PackageWatchdog( 1383): Saving observer state to file
01-01 00:00:04.458 D/PACMSOCKET( 1383): [v.1] Ready to connect.
01-01 00:00:04.459 I/SystemServerTiming( 1383): StartLightsService
01-01 00:00:04.459 I/SystemServiceManager( 1383): Starting
com.android.server.lights.LightsService
01-01 00:00:04.459 I/servicemanager( 685): Found
android.hardware.light.ILights/default in device VINTF manifest.
01-01 00:00:04.460 I/servicemanager( 685): Found
android.hardware.light.ILights/default in device VINTF manifest.
01-01 00:00:04.461 W/Binder ( 1383): Outgoing transactions from this process must
be FLAG_ONEWAY
01-01 00:00:04.461 W/Binder ( 1383): java.lang.Throwable
01-01 00:00:04.461 W/Binder ( 1383): at
android.os.BinderProxy.transact(BinderProxy.java:545)
01-01 00:00:04.461 W/Binder ( 1383): at
vendor.samsung.hardware.light.ISehLights$Stub$Proxy.getLights(ISehLights.java:181)
01-01 00:00:04.461 W/Binder ( 1383): at
com.android.server.lights.LightsService.populateAvailableLightsFromAidl(LightsServi
ce.java:821)
01-01 00:00:04.461 W/Binder ( 1383): at
com.android.server.lights.LightsService.populateAvailableLights(LightsService.java:
801)
01-01 00:00:04.461 W/Binder ( 1383): at
com.android.server.lights.LightsService.<init>(LightsService.java:750)
01-01 00:00:04.461 W/Binder ( 1383): at
com.android.server.lights.LightsService.<init>(LightsService.java:738)
01-01 00:00:04.461 W/Binder ( 1383): at
java.lang.reflect.Constructor.newInstance0(Native Method)
01-01 00:00:04.461 W/Binder ( 1383): at
java.lang.reflect.Constructor.newInstance(Constructor.java:343)
01-01 00:00:04.461 W/Binder ( 1383): at
com.android.server.SystemServiceManager.startService(SystemServiceManager.java:180)
01-01 00:00:04.461 W/Binder ( 1383): at
com.android.server.SystemServer.startBootstrapServices(SystemServer.java:1504)
01-01 00:00:04.461 W/Binder ( 1383): at
com.android.server.SystemServer.run(SystemServer.java:1212)
01-01 00:00:04.461 W/Binder ( 1383): at
com.android.server.SystemServer.main(SystemServer.java:937)
01-01 00:00:04.461 W/Binder ( 1383): at java.lang.reflect.Method.invoke(Native
Method)
01-01 00:00:04.461 W/Binder ( 1383): at
com.android.internal.os.RuntimeInit$MethodAndArgsCaller.run(RuntimeInit.java:563)
01-01 00:00:04.461 W/Binder ( 1383): at
com.android.internal.os.ZygoteInit.main(ZygoteInit.java:1111)
01-01 00:00:04.461 I/vendor.samsung.hardware.light-service( 1081): sehGetLights
01-01 00:00:04.461 I/SehLight( 1081): getLightsInternal
01-01 00:00:04.461 I/SehLight( 1081): getLightsInternal : 0
01-01 00:00:04.461 D/PowerManagerUtil( 1383): fileExist
/sys/class/sec/led/led_lowpower: false
01-01 00:00:04.461 D/LightsService( 1383): [SvcLED] mUseSoftwareAutoBrightness:
true, mUseLEDAutoBrightness: false, mDelayForcedSvcLEDTask: 0, mUsePatternLED:
true
01-01 00:00:04.462 I/servicemanager( 685): Adding 'u:r:system_server:s0' service
(lights:1383)
01-01 00:00:04.462 D/SystemServerTiming( 1383): StartLightsService took to
complete: 3ms
01-01 00:00:04.462 I/SystemServerTiming( 1383): StartPdpService
01-01 00:00:04.462 I/SystemServiceManager( 1383): Starting
com.android.server.pdp.PdpService
01-01 00:00:04.462 D/PdpService( 1383): [PDP] onStart
01-01 00:00:04.462 D/SystemServerTiming( 1383): StartPdpService took to complete:
0ms
01-01 00:00:04.462 I/SystemServerTiming( 1383): StartSidekickService
01-01 00:00:04.462 D/SystemServerTiming( 1383): StartSidekickService took to
complete: 0ms
01-01 00:00:04.462 I/SystemServerTiming( 1383): StartDisplayManager
01-01 00:00:04.462 I/SystemServiceManager( 1383): Starting
com.android.server.display.DisplayManagerService
01-01 00:00:04.466 I/SDM ( 1096): HWCColorModeStc::GetColorModeCount: Supported
color mode count = 3
01-01 00:00:04.466 I/SDM ( 1096): HWCColorModeStc::GetColorModes: Color mode =
0 is supported
01-01 00:00:04.466 I/SDM ( 1096): HWCColorModeStc::GetColorModes: Color mode =
7 is supported
01-01 00:00:04.466 I/SDM ( 1096): HWCColorModeStc::GetColorModes: Color mode =
9 is supported
01-01 00:00:04.466 I/servicemanager( 685): Adding 'u:r:system_server:s0' service
(display:1383)
01-01 00:00:04.466 D/SystemServerTiming( 1383): StartDisplayManager took to
complete: 4ms
01-01 00:00:04.466 I/SystemServerTiming( 1383): WaitForDisplay
01-01 00:00:04.466 I/SystemServer( 1383): !@Boot_EBS_D:
PHASE_WAIT_FOR_DEFAULT_DISPLAY
01-01 00:00:04.466 I/SystemServiceManager( 1383): Starting phase 100
01-01 00:00:04.466 I/SystemServerTiming( 1383): OnBootPhase_100
01-01 00:00:04.466 I/SystemServerTiming( 1383):
OnBootPhase_100_com.android.server.security.FileIntegrityService
01-01 00:00:04.466 D/SystemServerTiming( 1383):
OnBootPhase_100_com.android.server.security.FileIntegrityService took to complete:
0ms
01-01 00:00:04.466 I/SystemServerTiming( 1383):
OnBootPhase_100_com.android.server.pm.Installer
01-01 00:00:04.466 D/SystemServerTiming( 1383):
OnBootPhase_100_com.android.server.pm.Installer took to complete: 0ms
01-01 00:00:04.466 I/SystemServerTiming( 1383):
OnBootPhase_100_com.android.server.os.DeviceIdentifiersPolicyService
01-01 00:00:04.466 D/SystemServerTiming( 1383):
OnBootPhase_100_com.android.server.os.DeviceIdentifiersPolicyService took to
complete: 0ms
01-01 00:00:04.466 I/SystemServerTiming( 1383):
OnBootPhase_100_com.android.server.uri.UriGrantsManagerService$Lifecycle
01-01 00:00:04.466 D/SystemServerTiming( 1383):
OnBootPhase_100_com.android.server.uri.UriGrantsManagerService$Lifecycle took to
complete: 0ms
01-01 00:00:04.466 I/SystemServerTiming( 1383):
OnBootPhase_100_com.android.server.powerstats.PowerStatsService
01-01 00:00:04.466 D/SystemServerTiming( 1383):
OnBootPhase_100_com.android.server.powerstats.PowerStatsService took to complete:
0ms
01-01 00:00:04.466 I/SystemServerTiming( 1383):
OnBootPhase_100_com.android.server.wm.ActivityTaskManagerService$Lifecycle
01-01 00:00:04.466 D/SystemServerTiming( 1383):
OnBootPhase_100_com.android.server.wm.ActivityTaskManagerService$Lifecycle took to
complete: 0ms
01-01 00:00:04.466 I/SystemServerTiming( 1383):
OnBootPhase_100_com.android.server.am.ActivityManagerService$Lifecycle
01-01 00:00:04.466 D/SystemServerTiming( 1383):
OnBootPhase_100_com.android.server.am.ActivityManagerService$Lifecycle took to
complete: 0ms
01-01 00:00:04.466 I/SystemServerTiming( 1383):
OnBootPhase_100_com.android.server.pm.DataLoaderManagerService
