01-01 00:00:01.401 I/QC2PipelineCodec( 1113): initializeConfiguration for decoder
01-01 00:00:01.401 I/QC2PipelinedEntity( 1113): pipelineid=100 QC2PipelinedEntity
01-01 00:00:01.401 I/QC2PipelinedEntity( 1113): pipelineid=101 QC2PipelinedEntity
01-01 00:00:01.401 I/QC2PipelineCodec( 1113): Init pipelineid=0
01-01 00:00:01.401 I/QC2PipelinedEntity( 1113): pipelineid=100 instantiation
succeeded
01-01 00:00:01.402 I/QC2V4l2Driver( 1113): [hevcD_0] Device /dev/video32 opened
with fd: 7
01-01 00:00:01.403 I/sscrpcd ( 768):
vendor/qcom/proprietary/adsprpc/src/apps_std_imp.c:851: Successfully opened file
/mnt/vendor/persist/sensors/registry/registry/default_sensors.gyro_cal.attr_0
01-01 00:00:01.404 I/sscrpcd ( 768):
vendor/qcom/proprietary/adsprpc/src/apps_std_imp.c:851: Successfully opened file
/mnt/vendor/persist/sensors/registry/registry/default_sensors.gyro_cal.attr_0
01-01 00:00:01.404 I/heimdall( 1163): update_proc_tgid:436, put getprop(1328) in
root memcg
01-01 00:00:01.404 I/QC2PipelineCodec( 1113): Init pipelineid=0 status=0
01-01 00:00:01.404 I/QC2PipelineCodec( 1113): Init pipelineid=1
01-01 00:00:01.405 I/QC2PipelinedEntity( 1113): pipelineid=101 instantiation
succeeded
01-01 00:00:01.405 I/QC2Filter( 1113): FUNCTION_BEGIN:init
01-01 00:00:01.405 I/QC2Filter( 1113): FUNCTION_BEGIN:handleInit
01-01 00:00:01.405 I/QC2ImageFormatFilter( 1113):
FUNCTION_BEGIN:setFilterOperatingMode
01-01 00:00:01.405 I/QC2ImageFormatFilter( 1113):
FUNCTION_END:setFilterOperatingMode TIME=0 ms
01-01 00:00:01.405 I/QC2ImageFormatFilter( 1113): FUNCTION_BEGIN:onInit
01-01 00:00:01.405 I/QC2ImageFormatFilter( 1113): mCodecName is
c2.qti.ImageFormat.filter session id is 0
01-01 00:00:01.405 I/QC2ImageFormatFilter( 1113): mInputMime is
c2.qti.hevc.decoder, mOutputMime is
01-01 00:00:01.405 I/QC2ImageFormatFilter( 1113): FUNCTION_END:onInit TIME=0 ms
01-01 00:00:01.405 I/QC2Filter( 1113): FUNCTION_END:handleInit TIME=0 ms
01-01 00:00:01.405 I/QC2Filter( 1113): FUNCTION_END:init TIME=0 ms
01-01 00:00:01.405 I/QC2PipelineCodec( 1113): Init pipelineid=1 status=0
01-01 00:00:01.405 I/QC2PipelineCodec( 1113): getCapsHelpers internal
01-01 00:00:01.405 I/QC2PipelineCodec( 1113): getCapsHelpersInternal:
piplinedcodecs size=2
01-01 00:00:01.405 I/StandardCaps( 1113): PixelFormatOutputHelper:
01-01 00:00:01.405 I/StandardCaps( 1113): VENUS_NV12
01-01 00:00:01.405 I/StandardCaps( 1113): VENUS_NV12_UBWC
01-01 00:00:01.405 I/sscrpcd ( 768):
vendor/qcom/proprietary/adsprpc/src/apps_std_imp.c:851: Successfully opened file
/mnt/vendor/persist/sensors/registry/registry/lsm6dso_0.hs.config
01-01 00:00:01.405 I/StandardCaps( 1113): VENUS_TP10
01-01 00:00:01.405 I/StandardCaps( 1113): VENUS_P010
01-01 00:00:01.405 I/StandardCaps( 1113): PictureSizeOutputHelper: min [96 96] max
[8192 8192] default [96 96]
01-01 00:00:01.405 I/StandardCaps( 1113): PictureSizeInputHelper: min [96 96] max
[8192 8192] default [96 96]
01-01 00:00:01.405 I/StandardCaps( 1113): MaxPictureSizeOutputHelper: min [96 96]
max [8192 8192] default [96 96]
01-01 00:00:01.405 I/sscrpcd ( 768):
vendor/qcom/proprietary/adsprpc/src/apps_std_imp.c:851: Successfully opened file
/mnt/vendor/persist/sensors/registry/registry/lsm6dso_0.hs.config
01-01 00:00:01.405 I/StandardCaps( 1113): FrameRateInputHelper: min 1 max 960 step
0 default 30
01-01 00:00:01.406 I/StandardCaps( 1113): OperatingRateHelper: min 30, max 32767,
step 0, default 30
01-01 00:00:01.406 E/QC2V4l2Caps( 1113): Failed to read platform HDR value
01-01 00:00:01.406 I/StandardCaps( 1113): ProfileLevelInputHelper: Profiles
01-01 00:00:01.406 I/StandardCaps( 1113): HEVC_MAIN
01-01 00:00:01.406 I/StandardCaps( 1113): HEVC_MAIN_STLL
01-01 00:00:01.406 I/StandardCaps( 1113): HEVC_MAIN10
01-01 00:00:01.406 I/StandardCaps( 1113): ProfileLevelInputHelper: Levels
01-01 00:00:01.406 I/StandardCaps( 1113): Main 1.0
01-01 00:00:01.406 I/StandardCaps( 1113): Main 2.0
01-01 00:00:01.406 I/StandardCaps( 1113): Main 2.1
01-01 00:00:01.406 I/StandardCaps( 1113): Main 3.0
01-01 00:00:01.406 I/StandardCaps( 1113): Main 3.1
01-01 00:00:01.406 I/StandardCaps( 1113): Main 4.0
01-01 00:00:01.406 I/StandardCaps( 1113): Main 4.1
01-01 00:00:01.406 I/StandardCaps( 1113): Main 5.0
01-01 00:00:01.406 I/StandardCaps( 1113): Main 5.1
01-01 00:00:01.406 I/StandardCaps( 1113): Main 5.2
01-01 00:00:01.406 I/StandardCaps( 1113): Main 6.0
01-01 00:00:01.406 I/StandardCaps( 1113): Main 6.1
01-01 00:00:01.406 I/StandardCaps( 1113): High 1.0
01-01 00:00:01.406 I/StandardCaps( 1113): High 2.0
01-01 00:00:01.406 I/StandardCaps( 1113): High 2.1
01-01 00:00:01.406 I/StandardCaps( 1113): High 3.0
01-01 00:00:01.407 I/StandardCaps( 1113): High 3.1
01-01 00:00:01.407 I/StandardCaps( 1113): High 4.0
01-01 00:00:01.407 I/StandardCaps( 1113): High 4.1
01-01 00:00:01.407 I/StandardCaps( 1113): High 5.0
01-01 00:00:01.407 I/StandardCaps( 1113): High 5.1
01-01 00:00:01.407 I/StandardCaps( 1113): High 5.2
01-01 00:00:01.407 I/StandardCaps( 1113): High 6.0
01-01 00:00:01.407 I/StandardCaps( 1113): High 6.1
01-01 00:00:01.407 I/sscrpcd ( 768):
vendor/qcom/proprietary/adsprpc/src/apps_std_imp.c:851: Successfully opened file
/mnt/vendor/persist/sensors/registry/registry/lps22hh_0_platform.pressure.fac_cal.s
cale
01-01 00:00:01.407 I/sscrpcd ( 768):
vendor/qcom/proprietary/adsprpc/src/apps_std_imp.c:851: Successfully opened file
/mnt/vendor/persist/sensors/registry/registry/lps22hh_0_platform.pressure.fac_cal.s
cale
01-01 00:00:01.408 I/VendorCaps( 1113): RenderFrameRateOutputHelper: min 0 max 120
step 30 default 0
01-01 00:00:01.408 I/VendorCaps( 1113): VideoRefreshRateOutputHelper: min 0 max 120
step 1 default 60
01-01 00:00:01.408 I/QC2Filter( 1113): FUNCTION_BEGIN:getCapsHelpers
01-01 00:00:01.408 I/QC2ImageFormatFilter( 1113): FUNCTION_BEGIN:onGetCapsHelpers
01-01 00:00:01.409 I/QC2ImageFormatFilter( 1113): FUNCTION_END:onGetCapsHelpers
TIME=0 ms
01-01 00:00:01.409 I/QC2Filter( 1113): FUNCTION_END:getCapsHelpers TIME=0 ms
01-01 00:00:01.409 I/QC2PipelineCodec( 1113): capshelpers vectorId 0 inputDelay=0
01-01 00:00:01.409 I/QC2PipelinedEntity( 1113): pipelineid=100 inputDelay=0
01-01 00:00:01.409 I/QC2PipelineCodec( 1113): capshelpers vectorId 0 outputDelay=1
01-01 00:00:01.409 I/QC2PipelinedEntity( 1113): pipelineid=100 outputDelay=1
01-01 00:00:01.409 I/QC2PipelineCodec( 1113): capshelpers vectorId 1 inputDelay=1
01-01 00:00:01.409 I/QC2PipelinedEntity( 1113): pipelineid=101 inputDelay=1
01-01 00:00:01.409 I/QC2PipelineCodec( 1113): capshelpers vectorId 1 outputDelay=1
01-01 00:00:01.409 I/QC2PipelinedEntity( 1113): pipelineid=101 outputDelay=1
01-01 00:00:01.409 I/QC2PipelineCodec( 1113): computeDelays
01-01 00:00:01.409 I/QC2PipelinedEntity( 1113): pipelineid=100 extraAllocation=2
set maxOutputBuffers=4
01-01 00:00:01.409 I/QC2PipelinedEntity( 1113): pipelineid=101 extraAllocation=2
set maxOutputBuffers=3
01-01 00:00:01.409 I/QC2PipelineCodec( 1113): ComputeDelay: iDelay=0 pDelay=0
oDelay=7
01-01 00:00:01.409 I/QC2PipelineCodec( 1113): TotalInputDelay=0 (0)
totalOutputDelay=7 (7)
01-01 00:00:01.409 I/sscrpcd ( 768):
vendor/qcom/proprietary/adsprpc/src/apps_std_imp.c:851: Successfully opened file
/mnt/vendor/persist/sensors/registry/registry/default_sensors.sar
01-01 00:00:01.409 I/QC2PipelineCodec( 1113): ActualOutputDelayHelper value=7
01-01 00:00:01.409 I/QC2PipelineCodec( 1113): Resolve conflict 92008001 [qti-ext-
dec-forceNonUBWC]
01-01 00:00:01.409 I/QC2PipelineCodec( 1113): Resolve conflict 60000825
[algo.secure-mode]
01-01 00:00:01.409 I/QC2PipelineCodec( 1113): Resolve conflict 4000080e
[input.delay]
01-01 00:00:01.409 I/QC2PipelineCodec( 1113): Dont merge
delay/size/format/framerate params
01-01 00:00:01.409 I/QC2PipelineCodec( 1113): Resolve conflict 9001080c
[output.media-type]
01-01 00:00:01.409 I/QC2PipelineCodec( 1113): Resolve conflict 5000080e
[output.delay]
01-01 00:00:01.409 I/QC2PipelineCodec( 1113): Dont merge
delay/size/format/framerate params
01-01 00:00:01.409 I/QC2PipelineCodec( 1113): Resolve conflict a0000804
[component.kind]
01-01 00:00:01.409 I/QC2PipelineCodec( 1113): Resolve conflict 8001080c
[input.media-type]
01-01 00:00:01.409 I/QC2PipelineCodec( 1113): Resolve conflict a0000805
[component.domain]
01-01 00:00:01.409 I/QC2PipelineCodec( 1113): capsHelper add param=a0009013
01-01 00:00:01.409 I/QC2PipelineCodec( 1113): capsHelper add param=a0009012
01-01 00:00:01.409 I/QC2PipelineCodec( 1113): capsHelper add param=a0009011
01-01 00:00:01.409 I/QC2PipelineCodec( 1113): capsHelper add param=9200c047
01-01 00:00:01.409 I/QC2PipelineCodec( 1113): capsHelper add param=d200c03f
01-01 00:00:01.409 I/QC2PipelineCodec( 1113): capsHelper add param=9200c036
01-01 00:00:01.409 I/QC2PipelineCodec( 1113): capsHelper add param=d200c00e
01-01 00:00:01.410 I/QC2PipelineCodec( 1113): capsHelper add param=5200c012
01-01 00:00:01.410 I/QC2PipelineCodec( 1113): capsHelper add param=8200c042
01-01 00:00:01.410 I/QC2PipelineCodec( 1113): capsHelper add param=a0009010
01-01 00:00:01.410 I/QC2PipelineCodec( 1113): capsHelper add param=d200c000
01-01 00:00:01.410 I/QC2PipelineCodec( 1113): capsHelper add param=92008001
01-01 00:00:01.410 I/QC2PipelineCodec( 1113): capsHelper add param=d200c04a
01-01 00:00:01.410 I/QC2PipelineCodec( 1113): capsHelper add param=d201c00d
01-01 00:00:01.410 I/QC2PipelineCodec( 1113): capsHelper add param=d2008002
01-01 00:00:01.410 I/sscrpcd ( 768):
vendor/qcom/proprietary/adsprpc/src/apps_std_imp.c:851: Successfully opened file
/mnt/vendor/persist/sensors/registry/registry/default_sensors.sar
01-01 00:00:01.410 I/QC2PipelineCodec( 1113): capsHelper add param=d200c00b
01-01 00:00:01.410 I/QC2PipelineCodec( 1113): capsHelper add param=d200c034
01-01 00:00:01.410 I/QC2PipelineCodec( 1113): capsHelper add param=d200c013
01-01 00:00:01.410 I/QC2PipelineCodec( 1113): capsHelper add param=d200c01b
01-01 00:00:01.410 I/QC2PipelineCodec( 1113): capsHelper add param=c2001809
01-01 00:00:01.410 I/QC2PipelineCodec( 1113): isParamPipelineOwned 5000080e true
01-01 00:00:01.410 I/QC2PipelineCodec( 1113): capsHelper skip param 5000080e
01-01 00:00:01.410 I/QC2PipelineCodec( 1113): capsHelper add param=a0009014
01-01 00:00:01.410 I/QC2PipelineCodec( 1113): isParamPipelineOwned 4000080e true
01-01 00:00:01.410 I/QC2PipelineCodec( 1113): capsHelper skip param 4000080e
01-01 00:00:01.410 I/QC2PipelineCodec( 1113): capsHelper add param=d2001802
01-01 00:00:01.410 I/QC2PipelineCodec( 1113): capsHelper add param=c2000808
01-01 00:00:01.410 I/QC2PipelineCodec( 1113): capsHelper add param=60000824
01-01 00:00:01.410 I/QC2PipelineCodec( 1113): capsHelper add param=a0000801
01-01 00:00:01.410 I/QC2PipelineCodec( 1113): capsHelper add param=d2011811
01-01 00:00:01.410 I/QC2PipelineCodec( 1113): capsHelper add param=60000823
01-01 00:00:01.410 I/QC2PipelineCodec( 1113): capsHelper add param=c2002000
01-01 00:00:01.410 I/QC2PipelineCodec( 1113): capsHelper add param=d2001809
01-01 00:00:01.410 I/QC2PipelineCodec( 1113): capsHelper add param=d200c006
01-01 00:00:01.410 I/QC2PipelineCodec( 1113): capsHelper add param=52002003
01-01 00:00:01.410 I/QC2PipelineCodec( 1113): capsHelper add param=9001080c
01-01 00:00:01.410 I/QC2PipelineCodec( 1113): capsHelper add param=8001080c
01-01 00:00:01.410 I/QC2PipelineCodec( 1113): capsHelper add param=d2001800
01-01 00:00:01.410 I/QC2PipelineCodec( 1113): capsHelper add param=9200081b
01-01 00:00:01.410 I/QC2PipelineCodec( 1113): capsHelper add param=8200c035
01-01 00:00:01.410 I/QC2PipelineCodec( 1113): capsHelper add param=a0000804
01-01 00:00:01.410 I/QC2PipelineCodec( 1113): capsHelper add param=60000825
01-01 00:00:01.410 I/QC2PipelineCodec( 1113): capsHelper add param=5200180b
01-01 00:00:01.410 I/QC2PipelineCodec( 1113): capsHelper add param=d200180a
01-01 00:00:01.410 I/QC2PipelineCodec( 1113): capsHelper add param=d200c007
01-01 00:00:01.410 I/QC2PipelineCodec( 1113): capsHelper add param=d200c00c
01-01 00:00:01.410 I/QC2PipelineCodec( 1113): capsHelper add param=c2001800
01-01 00:00:01.410 I/QC2PipelineCodec( 1113): capsHelper add param=8200081b
01-01 00:00:01.410 I/QC2PipelineCodec( 1113): capsHelper add param=a0000805
01-01 00:00:01.410 I/QC2PipelineCodec( 1113): capsHelper add param=9200c046
01-01 00:00:01.410 I/QC2PipelineCodec( 1113): capsHelper add param=5001081a
01-01 00:00:01.410 I/QC2PipelineCodec( 1113): capsHelper add param=c200081e
01-01 00:00:01.410 I/QC2PipelineCodec( 1113): computeDelays
01-01 00:00:01.410 I/QC2PipelinedEntity( 1113): pipelineid=100 extraAllocation=2
set maxOutputBuffers=4
01-01 00:00:01.410 I/QC2PipelinedEntity( 1113): pipelineid=101 extraAllocation=2
set maxOutputBuffers=3
01-01 00:00:01.410 I/QC2PipelineCodec( 1113): ComputeDelay: iDelay=0 pDelay=0
oDelay=7
01-01 00:00:01.411 I/QC2PipelineCodec( 1113): Delays initialized iDelay=0 pDelay=0
oDelay=7
01-01 00:00:01.411 I/QC2PipelineCodec( 1113): init: end; processing-time=10 ms
01-01 00:00:01.411 I/QC2Registry( 1113): Initialized pipelined Codec for
c2.qti.hevc.decoder
01-01 00:00:01.411 I/QC2PipelineCodec( 1113): getCapsHelpersInternal:
piplinedcodecs size=2
01-01 00:00:01.411 I/StandardCaps( 1113): PixelFormatOutputHelper:
01-01 00:00:01.411 I/StandardCaps( 1113): VENUS_NV12
01-01 00:00:01.411 I/StandardCaps( 1113): VENUS_NV12_UBWC
01-01 00:00:01.411 I/StandardCaps( 1113): VENUS_TP10
01-01 00:00:01.411 I/StandardCaps( 1113): VENUS_P010
01-01 00:00:01.411 I/StandardCaps( 1113): PictureSizeOutputHelper: min [96 96] max
[8192 8192] default [96 96]
01-01 00:00:01.411 I/StandardCaps( 1113): PictureSizeInputHelper: min [96 96] max
[8192 8192] default [96 96]
01-01 00:00:01.411 I/StandardCaps( 1113): MaxPictureSizeOutputHelper: min [96 96]
max [8192 8192] default [96 96]
01-01 00:00:01.412 I/StandardCaps( 1113): FrameRateInputHelper: min 1 max 960 step
0 default 30
01-01 00:00:01.412 I/StandardCaps( 1113): OperatingRateHelper: min 30, max 32767,
step 0, default 30
01-01 00:00:01.412 I/sscrpcd ( 768):
vendor/qcom/proprietary/adsprpc/src/apps_std_imp.c:851: Successfully opened file
/mnt/vendor/persist/sensors/registry/registry/sns_gyro_cal_config
01-01 00:00:01.412 E/QC2V4l2Caps( 1113): Failed to read platform HDR value
01-01 00:00:01.412 I/StandardCaps( 1113): ProfileLevelInputHelper: Profiles
01-01 00:00:01.412 I/StandardCaps( 1113): HEVC_MAIN
01-01 00:00:01.412 I/StandardCaps( 1113): HEVC_MAIN_STLL
01-01 00:00:01.412 I/StandardCaps( 1113): HEVC_MAIN10
01-01 00:00:01.412 I/StandardCaps( 1113): ProfileLevelInputHelper: Levels
01-01 00:00:01.412 I/StandardCaps( 1113): Main 1.0
01-01 00:00:01.412 I/StandardCaps( 1113): Main 2.0
01-01 00:00:01.412 I/StandardCaps( 1113): Main 2.1
01-01 00:00:01.412 I/StandardCaps( 1113): Main 3.0
01-01 00:00:01.412 I/StandardCaps( 1113): Main 3.1
01-01 00:00:01.412 I/StandardCaps( 1113): Main 4.0
01-01 00:00:01.412 I/StandardCaps( 1113): Main 4.1
01-01 00:00:01.412 I/StandardCaps( 1113): Main 5.0
01-01 00:00:01.412 I/StandardCaps( 1113): Main 5.1
01-01 00:00:01.412 I/StandardCaps( 1113): Main 5.2
01-01 00:00:01.412 I/StandardCaps( 1113): Main 6.0
01-01 00:00:01.412 I/StandardCaps( 1113): Main 6.1
01-01 00:00:01.412 I/StandardCaps( 1113): High 1.0
01-01 00:00:01.413 I/StandardCaps( 1113): High 2.0
01-01 00:00:01.413 I/StandardCaps( 1113): High 2.1
01-01 00:00:01.413 I/StandardCaps( 1113): High 3.0
01-01 00:00:01.413 I/StandardCaps( 1113): High 3.1
01-01 00:00:01.413 I/StandardCaps( 1113): High 4.0
01-01 00:00:01.413 I/StandardCaps( 1113): High 4.1
01-01 00:00:01.413 I/sscrpcd ( 768):
vendor/qcom/proprietary/adsprpc/src/apps_std_imp.c:851: Successfully opened file
/mnt/vendor/persist/sensors/registry/registry/sns_gyro_cal_config
01-01 00:00:01.413 I/StandardCaps( 1113): High 5.0
01-01 00:00:01.413 I/StandardCaps( 1113): High 5.1
01-01 00:00:01.413 I/StandardCaps( 1113): High 5.2
01-01 00:00:01.413 I/StandardCaps( 1113): High 6.0
01-01 00:00:01.413 I/StandardCaps( 1113): High 6.1
01-01 00:00:01.414 I/VendorCaps( 1113): RenderFrameRateOutputHelper: min 0 max 120
step 30 default 0
01-01 00:00:01.414 I/VendorCaps( 1113): VideoRefreshRateOutputHelper: min 0 max 120
step 1 default 60
01-01 00:00:01.414 I/QC2Filter( 1113): FUNCTION_BEGIN:getCapsHelpers
01-01 00:00:01.414 I/QC2ImageFormatFilter( 1113): FUNCTION_BEGIN:onGetCapsHelpers
01-01 00:00:01.415 I/sscrpcd ( 768):
vendor/qcom/proprietary/adsprpc/src/apps_std_imp.c:851: Successfully opened file
/mnt/vendor/persist/sensors/registry/registry/lps22hh_0_platform.pressure.fac_cal.b
ias
01-01 00:00:01.415 I/QC2ImageFormatFilter( 1113): FUNCTION_END:onGetCapsHelpers
TIME=0 ms
01-01 00:00:01.415 I/QC2Filter( 1113): FUNCTION_END:getCapsHelpers TIME=0 ms
01-01 00:00:01.415 I/QC2PipelineCodec( 1113): capshelpers vectorId 0 inputDelay=0
01-01 00:00:01.415 I/QC2PipelinedEntity( 1113): pipelineid=100 inputDelay=0
01-01 00:00:01.415 I/QC2PipelineCodec( 1113): capshelpers vectorId 0 outputDelay=1
01-01 00:00:01.415 I/QC2PipelinedEntity( 1113): pipelineid=100 outputDelay=1
01-01 00:00:01.415 I/sscrpcd ( 768):
vendor/qcom/proprietary/adsprpc/src/apps_std_imp.c:851: Successfully opened file
/mnt/vendor/persist/sensors/registry/registry/lps22hh_0_platform.pressure.fac_cal.b
ias
01-01 00:00:01.415 I/QC2PipelineCodec( 1113): capshelpers vectorId 1 inputDelay=1
01-01 00:00:01.415 I/QC2PipelinedEntity( 1113): pipelineid=101 inputDelay=1
01-01 00:00:01.416 I/QC2PipelineCodec( 1113): capshelpers vectorId 1 outputDelay=1
01-01 00:00:01.416 I/QC2PipelinedEntity( 1113): pipelineid=101 outputDelay=1
01-01 00:00:01.416 I/QC2PipelineCodec( 1113): computeDelays
01-01 00:00:01.416 I/QC2PipelinedEntity( 1113): pipelineid=100 extraAllocation=2
set maxOutputBuffers=4
01-01 00:00:01.416 I/QC2PipelinedEntity( 1113): pipelineid=101 extraAllocation=2
set maxOutputBuffers=3
01-01 00:00:01.416 I/QC2PipelineCodec( 1113): ComputeDelay: iDelay=0 pDelay=0
oDelay=7
01-01 00:00:01.416 I/QC2PipelineCodec( 1113): TotalInputDelay=0 (0)
totalOutputDelay=7 (7)
01-01 00:00:01.416 I/QC2PipelineCodec( 1113): ActualOutputDelayHelper value=7
01-01 00:00:01.416 I/QC2PipelineCodec( 1113): Resolve conflict 92008001 [qti-ext-
dec-forceNonUBWC]
01-01 00:00:01.416 I/QC2PipelineCodec( 1113): Resolve conflict 60000825
[algo.secure-mode]
01-01 00:00:01.416 I/QC2PipelineCodec( 1113): Resolve conflict 4000080e
[input.delay]
01-01 00:00:01.416 I/QC2PipelineCodec( 1113): Dont merge
delay/size/format/framerate params
01-01 00:00:01.416 I/QC2PipelineCodec( 1113): Resolve conflict 9001080c
[output.media-type]
01-01 00:00:01.416 I/QC2PipelineCodec( 1113): Resolve conflict 5000080e
[output.delay]
01-01 00:00:01.416 I/QC2PipelineCodec( 1113): Dont merge
delay/size/format/framerate params
01-01 00:00:01.416 I/QC2PipelineCodec( 1113): Resolve conflict a0000804
[component.kind]
01-01 00:00:01.416 I/QC2PipelineCodec( 1113): Resolve conflict 8001080c
[input.media-type]
01-01 00:00:01.416 I/QC2PipelineCodec( 1113): Resolve conflict a0000805
[component.domain]
01-01 00:00:01.416 I/QC2PipelineCodec( 1113): capsHelper add param=a0009013
01-01 00:00:01.416 I/QC2PipelineCodec( 1113): capsHelper add param=a0009012
01-01 00:00:01.416 I/QC2PipelineCodec( 1113): capsHelper add param=a0009011
01-01 00:00:01.416 I/QC2PipelineCodec( 1113): capsHelper add param=9200c047
01-01 00:00:01.416 I/QC2PipelineCodec( 1113): capsHelper add param=d200c03f
01-01 00:00:01.416 I/QC2PipelineCodec( 1113): capsHelper add param=9200c036
01-01 00:00:01.418 I/sscrpcd ( 768):
vendor/qcom/proprietary/adsprpc/src/apps_std_imp.c:851: Successfully opened file
/mnt/vendor/persist/sensors/registry/registry/power.mcps
01-01 00:00:01.418 I/sscrpcd ( 768):
vendor/qcom/proprietary/adsprpc/src/apps_std_imp.c:851: Successfully opened file
/mnt/vendor/persist/sensors/registry/registry/power.mcps
01-01 00:00:01.421 I/sscrpcd ( 768):
vendor/qcom/proprietary/adsprpc/src/apps_std_imp.c:851: Successfully opened file
/mnt/vendor/persist/sensors/registry/registry/lsm6dso_0_platform.temp.fac_cal
01-01 00:00:01.421 I/sscrpcd ( 768):
vendor/qcom/proprietary/adsprpc/src/apps_std_imp.c:851: Successfully opened file
/mnt/vendor/persist/sensors/registry/registry/lsm6dso_0_platform.temp.fac_cal
01-01 00:00:01.423 I/sscrpcd ( 768):
vendor/qcom/proprietary/adsprpc/src/apps_std_imp.c:851: Successfully opened file
/mnt/vendor/persist/sensors/registry/registry/lsm6dso_0_platform.temp.fac_cal.bias
01-01 00:00:01.423 I/sscrpcd ( 768):
vendor/qcom/proprietary/adsprpc/src/apps_std_imp.c:851: Successfully opened file
/mnt/vendor/persist/sensors/registry/registry/lsm6dso_0_platform.temp.fac_cal.bias
01-01 00:00:01.416 I/QC2PipelineCodec( 1113): capsHelper add param=d200c00e
01-01 00:00:01.424 I/QC2PipelineCodec( 1113): capsHelper add param=5200c012
01-01 00:00:01.424 I/QC2PipelineCodec( 1113): capsHelper add param=8200c042
01-01 00:00:01.424 I/QC2PipelineCodec( 1113): capsHelper add param=a0009010
01-01 00:00:01.424 I/QC2PipelineCodec( 1113): capsHelper add param=d200c000
01-01 00:00:01.424 I/QC2PipelineCodec( 1113): capsHelper add param=92008001
01-01 00:00:01.424 I/QC2PipelineCodec( 1113): capsHelper add param=d200c04a
01-01 00:00:01.424 I/QC2PipelineCodec( 1113): capsHelper add param=d201c00d
01-01 00:00:01.424 I/QC2PipelineCodec( 1113): capsHelper add param=d2008002
01-01 00:00:01.424 I/QC2PipelineCodec( 1113): capsHelper add param=d200c00b
01-01 00:00:01.424 I/QC2PipelineCodec( 1113): capsHelper add param=d200c034
01-01 00:00:01.424 I/QC2PipelineCodec( 1113): capsHelper add param=d200c013
01-01 00:00:01.424 I/QC2PipelineCodec( 1113): capsHelper add param=d200c01b
01-01 00:00:01.424 I/QC2PipelineCodec( 1113): capsHelper add param=c2001809
01-01 00:00:01.424 I/QC2PipelineCodec( 1113): isParamPipelineOwned 5000080e true
01-01 00:00:01.424 I/QC2PipelineCodec( 1113): capsHelper skip param 5000080e
01-01 00:00:01.424 I/QC2PipelineCodec( 1113): capsHelper add param=a0009014
01-01 00:00:01.424 I/QC2PipelineCodec( 1113): isParamPipelineOwned 4000080e true
01-01 00:00:01.424 I/QC2PipelineCodec( 1113): capsHelper skip param 4000080e
01-01 00:00:01.424 I/QC2PipelineCodec( 1113): capsHelper add param=d2001802
01-01 00:00:01.424 I/QC2PipelineCodec( 1113): capsHelper add param=c2000808
01-01 00:00:01.424 I/QC2PipelineCodec( 1113): capsHelper add param=60000824
01-01 00:00:01.424 I/QC2PipelineCodec( 1113): capsHelper add param=a0000801
01-01 00:00:01.424 I/QC2PipelineCodec( 1113): capsHelper add param=d2011811
01-01 00:00:01.424 I/QC2PipelineCodec( 1113): capsHelper add param=60000823
01-01 00:00:01.424 I/QC2PipelineCodec( 1113): capsHelper add param=c2002000
01-01 00:00:01.425 I/QC2PipelineCodec( 1113): capsHelper add param=d2001809
01-01 00:00:01.425 I/QC2PipelineCodec( 1113): capsHelper add param=d200c006
01-01 00:00:01.425 I/QC2PipelineCodec( 1113): capsHelper add param=52002003
01-01 00:00:01.425 I/QC2PipelineCodec( 1113): capsHelper add param=9001080c
01-01 00:00:01.425 I/QC2PipelineCodec( 1113): capsHelper add param=8001080c
01-01 00:00:01.425 I/QC2PipelineCodec( 1113): capsHelper add param=d2001800
01-01 00:00:01.425 I/sscrpcd ( 768):
vendor/qcom/proprietary/adsprpc/src/apps_std_imp.c:851: Successfully opened file
/mnt/vendor/persist/sensors/registry/registry/sns_mag_cal_persist_s0c0
01-01 00:00:01.425 I/QC2PipelineCodec( 1113): capsHelper add param=9200081b
01-01 00:00:01.425 I/QC2PipelineCodec( 1113): capsHelper add param=8200c035
01-01 00:00:01.425 I/QC2PipelineCodec( 1113): capsHelper add param=a0000804
01-01 00:00:01.425 I/QC2PipelineCodec( 1113): capsHelper add param=60000825
01-01 00:00:01.425 I/QC2PipelineCodec( 1113): capsHelper add param=5200180b
01-01 00:00:01.425 I/QC2PipelineCodec( 1113): capsHelper add param=d200180a
01-01 00:00:01.425 I/QC2PipelineCodec( 1113): capsHelper add param=d200c007
01-01 00:00:01.425 I/QC2PipelineCodec( 1113): capsHelper add param=d200c00c
01-01 00:00:01.425 I/QC2PipelineCodec( 1113): capsHelper add param=c2001800
01-01 00:00:01.425 I/QC2PipelineCodec( 1113): capsHelper add param=8200081b
01-01 00:00:01.425 I/QC2PipelineCodec( 1113): capsHelper add param=a0000805
01-01 00:00:01.425 I/QC2PipelineCodec( 1113): capsHelper add param=9200c046
01-01 00:00:01.425 I/QC2PipelineCodec( 1113): capsHelper add param=5001081a
01-01 00:00:01.425 I/QC2PipelineCodec( 1113): capsHelper add param=c200081e
01-01 00:00:01.425 I/sscrpcd ( 768):
vendor/qcom/proprietary/adsprpc/src/apps_std_imp.c:851: Successfully opened file
/mnt/vendor/persist/sensors/registry/registry/sns_mag_cal_persist_s0c0
01-01 00:00:01.425 I/QC2PipelineCodec( 1113): release: begin
01-01 00:00:01.425 I/QC2PipelinedEntity( 1113): pipelinedid=100 release
01-01 00:00:01.426 I/sscrpcd ( 768):
vendor/qcom/proprietary/adsprpc/src/apps_std_imp.c:851: Successfully opened file
/mnt/vendor/persist/sensors/registry/registry/sns_gyro_cal_table_s0.g3.39
01-01 00:00:01.427 I/sscrpcd ( 768):
vendor/qcom/proprietary/adsprpc/src/apps_std_imp.c:851: Successfully opened file
/mnt/vendor/persist/sensors/registry/registry/sns_gyro_cal_table_s0.g3.39
01-01 00:00:01.429 I/sscrpcd ( 768):
vendor/qcom/proprietary/adsprpc/src/apps_std_imp.c:851: Successfully opened file
/mnt/vendor/persist/sensors/registry/registry/ak0991x_0_platform
01-01 00:00:01.429 I/QC2V4l2Driver( 1113): [hevcD_0] Closed device driver with fd:
7
01-01 00:00:01.429 I/QC2PipelinedEntity( 1113): pipelinedid=101 release
01-01 00:00:01.429 I/QC2Filter( 1113): FUNCTION_BEGIN:release
01-01 00:00:01.429 I/QC2Filter( 1113): FUNCTION_END:release TIME=0 ms
01-01 00:00:01.429 I/QC2PipelinedEntity( 1113): pipelineid=101 ~QC2PipelinedEntity
01-01 00:00:01.429 I/sscrpcd ( 768):
vendor/qcom/proprietary/adsprpc/src/apps_std_imp.c:851: Successfully opened file
/mnt/vendor/persist/sensors/registry/registry/ak0991x_0_platform
01-01 00:00:01.431 I/sscrpcd ( 768):
vendor/qcom/proprietary/adsprpc/src/apps_std_imp.c:851: Successfully opened file
/mnt/vendor/persist/sensors/registry/registry/lsm6dso_0.accel.config
01-01 00:00:01.432 I/QC2PipelinedEntity( 1113): pipelineid=100 ~QC2PipelinedEntity
01-01 00:00:01.432 I/sscrpcd ( 768):
vendor/qcom/proprietary/adsprpc/src/apps_std_imp.c:851: Successfully opened file
/mnt/vendor/persist/sensors/registry/registry/lsm6dso_0.accel.config
01-01 00:00:01.432 I/QC2PipelineCodec( 1113): release: end; processing-time=6 ms
01-01 00:00:01.432 I/QC2PipelineCodec( 1113): QC2PipelinedDecoder dtor
01-01 00:00:01.432 D/MtpDeviceJNI( 949): register_android_mtp_MtpDevice
01-01 00:00:01.432 I/QC2ImageFormatFilter( 1113):
FUNCTION_BEGIN:~QC2ImageFormatFilter
01-01 00:00:01.432 I/QC2ImageFormatFilter( 1113):
FUNCTION_END:~QC2ImageFormatFilter TIME=0 ms
01-01 00:00:01.432 I/QC2Filter( 1113): FUNCTION_BEGIN:~QC2Filter
01-01 00:00:01.432 I/QC2Filter( 1113): FUNCTION_BEGIN:release
01-01 00:00:01.432 I/QC2Filter( 1113): FUNCTION_END:release TIME=0 ms
01-01 00:00:01.432 I/QC2Filter( 1113): FUNCTION_END:~QC2Filter TIME=0 ms
01-01 00:00:01.432 E/QC2V4l2Driver( 1113): Invalid device driver fd:-1
01-01 00:00:01.432 I/QC2V4l2Driver( 1113): [hevcD_0] Closed device driver with fd:
-1
01-01 00:00:01.433 I/QC2Comp ( 1113): codec capability queried!
01-01 00:00:01.433 I/QC2CompStore( 1113): Added capabilities for
c2.qti.hevc.decoder
01-01 00:00:01.433 I/sscrpcd ( 768):
vendor/qcom/proprietary/adsprpc/src/apps_std_imp.c:851: Successfully opened file
/mnt/vendor/persist/sensors/registry/registry/sns_amd
01-01 00:00:01.433 I/sscrpcd ( 768):
vendor/qcom/proprietary/adsprpc/src/apps_std_imp.c:851: Successfully opened file
/mnt/vendor/persist/sensors/registry/registry/sns_amd
01-01 00:00:01.434 I/zygote ( 950): Verified 2784 classes from mainline modules
in 240.967ms
01-01 00:00:01.436 I/QC2Registry( 1113): Getting stages for pipelined codec
01-01 00:00:01.436 I/QC2V4l2Codec( 1113): [hevcDLowLat_0] output buffer allocation
timeout threshold set to 1000ms
01-01 00:00:01.436 I/QC2Registry( 1113): Pipelining enabled
01-01 00:00:01.436 I/QC2Registry( 1113): Doesn't support pipelining. Create
standalone codec
01-01 00:00:01.436 I/QC2Registry( 1113): Return standalone codec caps for
c2.qti.hevc.decoder.low_latency
01-01 00:00:01.437 I/QC2V4l2Driver( 1113): [hevcDLowLat_0] Device /dev/video32
opened with fd: 7
01-01 00:00:01.439 I/heimdall( 1163): update_proc_tgid:436, put getprop(1335) in
root memcg
01-01 00:00:01.442 I/sscrpcd ( 768):
vendor/qcom/proprietary/adsprpc/src/apps_std_imp.c:851: Successfully opened file
/mnt/vendor/persist/sensors/registry/registry/power.island
01-01 00:00:01.443 I/sscrpcd ( 768):
vendor/qcom/proprietary/adsprpc/src/apps_std_imp.c:851: Successfully opened file
/mnt/vendor/persist/sensors/registry/registry/power.island
01-01 00:00:01.445 I/sscrpcd ( 768):
vendor/qcom/proprietary/adsprpc/src/apps_std_imp.c:851: Successfully opened file
/mnt/vendor/persist/sensors/registry/registry/default_sensors.gyro_rot_matrix.attr_
0
01-01 00:00:01.445 I/StandardCaps( 1113): PixelFormatOutputHelper:
01-01 00:00:01.445 I/StandardCaps( 1113): VENUS_NV12
01-01 00:00:01.445 I/StandardCaps( 1113): VENUS_NV12_UBWC
01-01 00:00:01.445 I/StandardCaps( 1113): VENUS_TP10
01-01 00:00:01.445 I/StandardCaps( 1113): VENUS_P010
01-01 00:00:01.445 I/StandardCaps( 1113): PictureSizeOutputHelper: min [96 96] max
[8192 8192] default [96 96]
01-01 00:00:01.445 I/StandardCaps( 1113): PictureSizeInputHelper: min [96 96] max
[8192 8192] default [96 96]
01-01 00:00:01.445 I/StandardCaps( 1113): MaxPictureSizeOutputHelper: min [96 96]
max [8192 8192] default [96 96]
01-01 00:00:01.445 I/StandardCaps( 1113): FrameRateInputHelper: min 1 max 960 step
0 default 30
01-01 00:00:01.445 I/StandardCaps( 1113): OperatingRateHelper: min 30, max 32767,
step 0, default 30
01-01 00:00:01.445 E/QC2V4l2Caps( 1113): Failed to read platform HDR value
01-01 00:00:01.446 I/StandardCaps( 1113): ProfileLevelInputHelper: Profiles
01-01 00:00:01.446 I/StandardCaps( 1113): HEVC_MAIN
01-01 00:00:01.446 I/StandardCaps( 1113): HEVC_MAIN_STLL
01-01 00:00:01.446 I/StandardCaps( 1113): HEVC_MAIN10
01-01 00:00:01.446 I/StandardCaps( 1113): ProfileLevelInputHelper: Levels
01-01 00:00:01.446 I/StandardCaps( 1113): Main 1.0
01-01 00:00:01.446 I/StandardCaps( 1113): Main 2.0
01-01 00:00:01.446 I/StandardCaps( 1113): Main 2.1
01-01 00:00:01.446 I/StandardCaps( 1113): Main 3.0
01-01 00:00:01.446 I/StandardCaps( 1113): Main 3.1
01-01 00:00:01.446 I/StandardCaps( 1113): Main 4.0
01-01 00:00:01.446 I/StandardCaps( 1113): Main 4.1
01-01 00:00:01.446 I/StandardCaps( 1113): Main 5.0
01-01 00:00:01.446 I/StandardCaps( 1113): Main 5.1
01-01 00:00:01.446 I/StandardCaps( 1113): Main 5.2
01-01 00:00:01.446 I/StandardCaps( 1113): Main 6.0
01-01 00:00:01.446 I/StandardCaps( 1113): Main 6.1
01-01 00:00:01.446 I/StandardCaps( 1113): High 1.0
01-01 00:00:01.446 I/StandardCaps( 1113): High 2.0
01-01 00:00:01.446 I/StandardCaps( 1113): High 2.1
01-01 00:00:01.446 I/StandardCaps( 1113): High 3.0
01-01 00:00:01.446 I/StandardCaps( 1113): High 3.1
01-01 00:00:01.446 I/StandardCaps( 1113): High 4.0
01-01 00:00:01.446 I/StandardCaps( 1113): High 4.1
01-01 00:00:01.446 I/sscrpcd ( 768):
vendor/qcom/proprietary/adsprpc/src/apps_std_imp.c:851: Successfully opened file
/mnt/vendor/persist/sensors/registry/registry/default_sensors.gyro_rot_matrix.attr_
0
01-01 00:00:01.446 I/StandardCaps( 1113): High 5.0
01-01 00:00:01.446 I/StandardCaps( 1113): High 5.1
01-01 00:00:01.446 I/StandardCaps( 1113): High 5.2
01-01 00:00:01.446 I/StandardCaps( 1113): High 6.0
01-01 00:00:01.446 I/StandardCaps( 1113): High 6.1
01-01 00:00:01.446 I/VendorCaps( 1113): RenderFrameRateOutputHelper: min 0 max 120
step 30 default 0
01-01 00:00:01.446 I/VendorCaps( 1113): VideoRefreshRateOutputHelper: min 0 max 120
step 1 default 60
01-01 00:00:01.447 I/QC2V4l2Driver( 1113): [hevcDLowLat_0] Closed device driver
with fd: 7
01-01 00:00:01.447 E/QC2V4l2Driver( 1113): Invalid device driver fd:-1
01-01 00:00:01.447 I/QC2V4l2Driver( 1113): [hevcDLowLat_0] Closed device driver
with fd: -1
01-01 00:00:01.447 I/QC2Comp ( 1113): codec capability queried!
01-01 00:00:01.447 I/QC2CompStore( 1113): Added capabilities for
c2.qti.hevc.decoder.low_latency
01-01 00:00:01.447 E/ion ( 1095): ioctl c0044901 failed with code -1:
Inappropriate ioctl for device
01-01 00:00:01.447 I/sscrpcd ( 768):
vendor/qcom/proprietary/adsprpc/src/apps_std_imp.c:851: Successfully opened file
/mnt/vendor/persist/sensors/registry/registry/lps22hh_0_platform.temp.fac_cal
01-01 00:00:01.447 I/sscrpcd ( 768):
vendor/qcom/proprietary/adsprpc/src/apps_std_imp.c:851: Successfully opened file
/mnt/vendor/persist/sensors/registry/registry/lps22hh_0_platform.temp.fac_cal
01-01 00:00:01.447 I/QC2Registry( 1113): Getting stages for pipelined codec
01-01 00:00:01.447 I/QC2V4l2Codec( 1113): [hevcDSec_0] output buffer allocation
timeout threshold set to 1000ms
01-01 00:00:01.447 I/QC2Registry( 1113): Pipelining enabled
01-01 00:00:01.447 I/QC2Registry( 1113): Requested codec is pipelined. Create codec
list
01-01 00:00:01.448 I/QC2Registry( 1113): Filter c2.qti.ImageFormat.filter can't be
pipelined
01-01 00:00:01.448 I/QC2Registry( 1113): Created 0 codecs for pipelined codec
c2.qti.hevc.decoder.secure
01-01 00:00:01.448 I/QC2Registry( 1113): Return standalone codec caps for
c2.qti.hevc.decoder.secure
01-01 00:00:01.448 I/QC2V4l2Driver( 1113): [hevcDSec_0] Device /dev/video32 opened
with fd: 7
01-01 00:00:01.449 I/sscrpcd ( 768):
vendor/qcom/proprietary/adsprpc/src/apps_std_imp.c:851: Successfully opened file
/mnt/vendor/persist/sensors/registry/registry/ak0991x_0_platform.mag.fac_cal.bias
01-01 00:00:01.449 I/sscrpcd ( 768):
vendor/qcom/proprietary/adsprpc/src/apps_std_imp.c:851: Successfully opened file
/mnt/vendor/persist/sensors/registry/registry/ak0991x_0_platform.mag.fac_cal.bias
01-01 00:00:01.449 I/SurfaceFlinger( 1175): setPluggableVsyncPrioritized:
mGearVrManagerService is nullptr
01-01 00:00:01.449 D/DisplayDevice( 1175): setLayerStack : layerstack=-1,
DisplayDevice{4630947232161729154, internal, primary, ""}
01-01 00:00:01.450 I/StandardCaps( 1113): PixelFormatOutputHelper:
01-01 00:00:01.450 I/SurfaceFlinger( 1175): Dispatching display hotplug event
displayId=4630947232161729154, connected=1
01-01 00:00:01.450 I/StandardCaps( 1113): VENUS_NV12
01-01 00:00:01.450 I/StandardCaps( 1113): VENUS_NV12_UBWC
01-01 00:00:01.450 I/StandardCaps( 1113): VENUS_TP10
01-01 00:00:01.450 W/surfaceflinger( 1175): SpecFence::Init: Spec fence is not
supported.
01-01 00:00:01.450 E/surfaceflinger( 1175): DisplayExtnImpl::TryUnifiedDraw: Spec
fence is not supported on display 0
01-01 00:00:01.450 I/StandardCaps( 1113): VENUS_P010
01-01 00:00:01.450 I/SDM ( 1096): HWCSession::RegisterCallback: Handling built-
in displays...
01-01 00:00:01.450 I/StandardCaps( 1113): PictureSizeOutputHelper: min [96 96] max
[8192 8192] default [96 96]
01-01 00:00:01.450 I/StandardCaps( 1113): PictureSizeInputHelper: min [96 96] max
[8192 8192] default [96 96]
01-01 00:00:01.450 I/StandardCaps( 1113): MaxPictureSizeOutputHelper: min [96 96]
max [8192 8192] default [96 96]
01-01 00:00:01.450 I/StandardCaps( 1113): FrameRateInputHelper: min 1 max 960 step
0 default 30
01-01 00:00:01.450 I/StandardCaps( 1113): OperatingRateHelper: min 30, max 32767,
step 0, default 30
01-01 00:00:01.450 I/SDM ( 1096): HWCSession::RegisterCallback: Handling
pluggable displays...
01-01 00:00:01.450 I/SDM ( 1096): HWCSession::HandlePluggableDisplays: Handling
hotplug...
01-01 00:00:01.450 E/QC2V4l2Caps( 1113): Failed to read platform HDR value
01-01 00:00:01.451 I/StandardCaps( 1113): ProfileLevelInputHelper: Profiles
01-01 00:00:01.451 I/StandardCaps( 1113): HEVC_MAIN
01-01 00:00:01.451 I/StandardCaps( 1113): HEVC_MAIN_STLL
01-01 00:00:01.451 I/StandardCaps( 1113): HEVC_MAIN10
01-01 00:00:01.451 I/StandardCaps( 1113): ProfileLevelInputHelper: Levels
01-01 00:00:01.451 I/StandardCaps( 1113): Main 1.0
01-01 00:00:01.451 I/SDM ( 1096): HWCSession::HandlePluggableDisplays: Handling
hotplug... Done.
01-01 00:00:01.451 I/StandardCaps( 1113): Main 2.0
01-01 00:00:01.451 I/SDM ( 1096): HWCSession::RegisterCallback: Registering
callback: Refresh
01-01 00:00:01.451 I/SDM ( 1096): HWCSession::RegisterCallback: Registering
callback: Vsync2.4
01-01 00:00:01.451 I/SDM ( 1096): HWCSession::RegisterCallback: Registering
callback: VsyncPeriodTimingChanged
01-01 00:00:01.451 I/SDM ( 1096): HWCSession::RegisterCallback: Registering
callback: SeamlessPossible
01-01 00:00:01.451 I/StandardCaps( 1113): Main 2.1
01-01 00:00:01.451 I/StandardCaps( 1113): Main 3.0
01-01 00:00:01.451 I/StandardCaps( 1113): Main 3.1
01-01 00:00:01.451 I/StandardCaps( 1113): Main 4.0
01-01 00:00:01.451 I/StandardCaps( 1113): Main 4.1
01-01 00:00:01.451 I/StandardCaps( 1113): Main 5.0
01-01 00:00:01.451 I/StandardCaps( 1113): Main 5.1
01-01 00:00:01.451 I/StandardCaps( 1113): Main 5.2
01-01 00:00:01.451 I/StandardCaps( 1113): Main 6.0
01-01 00:00:01.451 I/StandardCaps( 1113): Main 6.1
01-01 00:00:01.451 I/StandardCaps( 1113): High 1.0
01-01 00:00:01.451 I/SurfaceFlinger( 1175): Enabling HAL virtual displays
01-01 00:00:01.451 I/StandardCaps( 1113): High 2.0
01-01 00:00:01.451 I/StandardCaps( 1113): High 2.1
01-01 00:00:01.451 I/StandardCaps( 1113): High 3.0
01-01 00:00:01.451 I/StandardCaps( 1113): High 3.1
01-01 00:00:01.451 I/StandardCaps( 1113): High 4.0
01-01 00:00:01.451 I/StandardCaps( 1113): High 4.1
01-01 00:00:01.451 I/StandardCaps( 1113): High 5.0
01-01 00:00:01.451 I/StandardCaps( 1113): High 5.1
01-01 00:00:01.451 I/sscrpcd ( 768):
vendor/qcom/proprietary/adsprpc/src/apps_std_imp.c:851: Successfully opened file
/mnt/vendor/persist/sensors/registry/registry/lsm6dso_0_platform.ff
01-01 00:00:01.451 I/StandardCaps( 1113): High 5.2
01-01 00:00:01.451 I/StandardCaps( 1113): High 6.0
01-01 00:00:01.451 I/StandardCaps( 1113): High 6.1
01-01 00:00:01.451 I/SurfaceFlinger( 1175): IsAsyncVDSCreationSupported 0
01-01 00:00:01.451 I/sscrpcd ( 768):
vendor/qcom/proprietary/adsprpc/src/apps_std_imp.c:851: Successfully opened file
/mnt/vendor/persist/sensors/registry/registry/lsm6dso_0_platform.ff
01-01 00:00:01.452 I/VendorCaps( 1113): RenderFrameRateOutputHelper: min 0 max 120
step 30 default 0
01-01 00:00:01.452 I/VendorCaps( 1113): VideoRefreshRateOutputHelper: min 0 max 120
step 1 default 60
01-01 00:00:01.454 I/sscrpcd ( 768):
vendor/qcom/proprietary/adsprpc/src/apps_std_imp.c:851: Successfully opened file
/mnt/vendor/persist/sensors/registry/registry/lps22hh_0.presssure
01-01 00:00:01.454 D/libEGL ( 1175): loaded
/vendor/lib64/egl/libGLESv1_CM_adreno.so
01-01 00:00:01.454 I/sscrpcd ( 768):
vendor/qcom/proprietary/adsprpc/src/apps_std_imp.c:851: Successfully opened file
/mnt/vendor/persist/sensors/registry/registry/lps22hh_0.presssure
01-01 00:00:01.455 I/QC2V4l2Driver( 1113): [hevcDSec_0] Closed device driver with
fd: 7
01-01 00:00:01.455 E/QC2V4l2Driver( 1113): Invalid device driver fd:-1
01-01 00:00:01.455 I/QC2V4l2Driver( 1113): [hevcDSec_0] Closed device driver with
fd: -1
01-01 00:00:01.455 I/QC2Comp ( 1113): codec capability queried!
01-01 00:00:01.456 I/QC2CompStore( 1113): Added capabilities for
c2.qti.hevc.decoder.secure
01-01 00:00:01.456 W/SurfaceFlinger( 1175): Failed to set thread name on dispatch
thread
01-01 00:00:01.456 I/sscrpcd ( 768):
vendor/qcom/proprietary/adsprpc/src/apps_std_imp.c:851: Successfully opened file
/mnt/vendor/persist/sensors/registry/registry/sns_reg_config
01-01 00:00:01.456 I/sscrpcd ( 768):
vendor/qcom/proprietary/adsprpc/src/apps_std_imp.c:851: Successfully opened file
/mnt/vendor/persist/sensors/registry/registry/sns_reg_config
01-01 00:00:01.459 I/QC2Registry( 1113): Getting stages for pipelined codec
01-01 00:00:01.459 I/QC2V4l2Codec( 1113): [vp9D_0] output buffer allocation timeout
threshold set to 1000ms
01-01 00:00:01.459 I/QC2Registry( 1113): Pipelining enabled
01-01 00:00:01.459 I/QC2Registry( 1113): Requested codec is pipelined. Create codec
list
01-01 00:00:01.459 I/QC2Registry( 1113): Interface not provided. Enable by deafault
01-01 00:00:01.459 I/QC2Filter( 1113): FUNCTION_BEGIN:QC2Filter
01-01 00:00:01.459 I/QC2Filter( 1113): FUNCTION_END:QC2Filter TIME=0 ms
01-01 00:00:01.459 I/QC2ImageFormatFilter( 1113):
FUNCTION_BEGIN:QC2ImageFormatFilter
01-01 00:00:01.459 I/QC2ImageFormatFilter( 1113): FUNCTION_END:QC2ImageFormatFilter
TIME=0 ms
01-01 00:00:01.459 I/QC2Registry( 1113): Created 1 codecs for pipelined codec
c2.qti.vp9.decoder
01-01 00:00:01.459 D/spcomlib( 766): [add_ch] add ch [sp_keymaster].
01-01 00:00:01.459 D/spcomlib( 766): [spcom_register_client_with_max_retry]
spcom_register_client() name [sp_keymaster] fd [15] pid [518399859888] done.
01-01 00:00:01.459 D/spcomlib( 766): [spcom_is_ch_connected] channel connection
state:1
01-01 00:00:01.459 D/spcomlib( 766): [find_ch] found ch [sp_keymaster].
01-01 00:00:01.459 D/spcomlib( 766): [spcom_lock_ion_buffer] Write() lock ION buf.
01-01 00:00:01.460 I/QC2PipelineCodec( 1113): ctor: logmask=0x0 pvtlogmask=0x0
01-01 00:00:01.460 I/QC2PipelineCodec( 1113): QC2PipelinedDecoder ctor
01-01 00:00:01.460 I/QC2PipelineCodec( 1113): Created pipelined codec
01-01 00:00:01.460 I/QC2Registry( 1113): Created pipelined Codec for
c2.qti.vp9.decoder
01-01 00:00:01.460 I/QC2PipelineCodec( 1113): init: begin
01-01 00:00:01.460 I/QC2PipelineCodec( 1113): initializeConfiguration for decoder
01-01 00:00:01.460 I/QC2PipelinedEntity( 1113): pipelineid=100 QC2PipelinedEntity
01-01 00:00:01.460 I/QC2PipelinedEntity( 1113): pipelineid=101 QC2PipelinedEntity
01-01 00:00:01.460 I/QC2PipelineCodec( 1113): Init pipelineid=0
01-01 00:00:01.461 I/QC2PipelinedEntity( 1113): pipelineid=100 instantiation
succeeded
01-01 00:00:01.461 I/QC2V4l2Driver( 1113): [vp9D_0] Device /dev/video32 opened with
fd: 7
01-01 00:00:01.462 I/heimdall( 1163): update_proc_tgid:436, put
/system/bin/bootanimation(1342) in root memcg
01-01 00:00:01.462 D/libEGL ( 1175): loaded /vendor/lib64/egl/libGLESv2_adreno.so
01-01 00:00:01.463 I/heimdall( 1163): update_proc_tgid:436, put
/system/bin/samsungpowersoundplay(1347) in root memcg
01-01 00:00:01.463 I/QC2PipelineCodec( 1113): Init pipelineid=0 status=0
01-01 00:00:01.463 I/QC2PipelineCodec( 1113): Init pipelineid=1
01-01 00:00:01.464 I/QC2PipelinedEntity( 1113): pipelineid=101 instantiation
succeeded
01-01 00:00:01.464 I/QC2Filter( 1113): FUNCTION_BEGIN:init
01-01 00:00:01.464 I/QC2Filter( 1113): FUNCTION_BEGIN:handleInit
01-01 00:00:01.464 I/QC2ImageFormatFilter( 1113):
FUNCTION_BEGIN:setFilterOperatingMode
01-01 00:00:01.464 I/QC2ImageFormatFilter( 1113):
FUNCTION_END:setFilterOperatingMode TIME=0 ms
01-01 00:00:01.464 I/QC2ImageFormatFilter( 1113): FUNCTION_BEGIN:onInit
01-01 00:00:01.464 I/QC2ImageFormatFilter( 1113): mCodecName is
c2.qti.ImageFormat.filter session id is 0
01-01 00:00:01.464 I/QC2ImageFormatFilter( 1113): mInputMime is c2.qti.vp9.decoder,
mOutputMime is
01-01 00:00:01.464 I/QC2ImageFormatFilter( 1113): FUNCTION_END:onInit TIME=0 ms
01-01 00:00:01.464 I/QC2Filter( 1113): FUNCTION_END:handleInit TIME=0 ms
01-01 00:00:01.464 I/QC2Filter( 1113): FUNCTION_END:init TIME=0 ms
01-01 00:00:01.464 I/QC2PipelineCodec( 1113): Init pipelineid=1 status=0
01-01 00:00:01.464 I/QC2PipelineCodec( 1113): getCapsHelpers internal
01-01 00:00:01.464 I/QC2PipelineCodec( 1113): getCapsHelpersInternal:
piplinedcodecs size=2
01-01 00:00:01.464 I/StandardCaps( 1113): PixelFormatOutputHelper:
01-01 00:00:01.464 I/StandardCaps( 1113): VENUS_NV12
01-01 00:00:01.464 I/StandardCaps( 1113): VENUS_NV12_UBWC
01-01 00:00:01.464 I/StandardCaps( 1113): VENUS_TP10
01-01 00:00:01.464 I/StandardCaps( 1113): VENUS_P010
01-01 00:00:01.464 I/StandardCaps( 1113): PictureSizeOutputHelper: min [96 96] max
[4096 4096] default [96 96]
01-01 00:00:01.464 I/StandardCaps( 1113): PictureSizeInputHelper: min [96 96] max
[4096 4096] default [96 96]
01-01 00:00:01.464 I/StandardCaps( 1113): MaxPictureSizeOutputHelper: min [96 96]
max [4096 4096] default [96 96]
01-01 00:00:01.464 I/StandardCaps( 1113): FrameRateInputHelper: min 1 max 960 step
0 default 30
01-01 00:00:01.464 I/StandardCaps( 1113): OperatingRateHelper: min 30, max 32767,
step 0, default 30
01-01 00:00:01.464 E/QC2V4l2Caps( 1113): Failed to read platform HDR value
01-01 00:00:01.464 E/QC2V4l2Caps( 1113): c2 level not found for v4l2 level 0
01-01 00:00:01.464 I/StandardCaps( 1113): ProfileLevelInputHelper: Profiles
01-01 00:00:01.464 I/StandardCaps( 1113): VP9_PROFILE_0
01-01 00:00:01.464 I/StandardCaps( 1113): VP9_PROFILE_2
01-01 00:00:01.464 I/StandardCaps( 1113): ProfileLevelInputHelper: Levels
01-01 00:00:01.464 I/StandardCaps( 1113): 1.0
01-01 00:00:01.464 I/StandardCaps( 1113): 1.1
01-01 00:00:01.464 I/StandardCaps( 1113): 2.0
01-01 00:00:01.464 I/StandardCaps( 1113): 2.1
01-01 00:00:01.464 I/StandardCaps( 1113): 3.0
01-01 00:00:01.464 I/StandardCaps( 1113): 3.1
01-01 00:00:01.464 I/StandardCaps( 1113): 4.0
01-01 00:00:01.464 I/StandardCaps( 1113): 4.1
01-01 00:00:01.464 I/StandardCaps( 1113): 5.0
01-01 00:00:01.464 I/StandardCaps( 1113): 5.1
01-01 00:00:01.464 I/VendorCaps( 1113): RenderFrameRateOutputHelper: min 0 max 120
step 30 default 0
01-01 00:00:01.464 I/VendorCaps( 1113): VideoRefreshRateOutputHelper: min 0 max 120
step 1 default 60
01-01 00:00:01.464 I/QC2Filter( 1113): FUNCTION_BEGIN:getCapsHelpers
01-01 00:00:01.464 I/QC2ImageFormatFilter( 1113): FUNCTION_BEGIN:onGetCapsHelpers
01-01 00:00:01.464 I/QC2ImageFormatFilter( 1113): FUNCTION_END:onGetCapsHelpers
TIME=0 ms
01-01 00:00:01.464 I/QC2Filter( 1113): FUNCTION_END:getCapsHelpers TIME=0 ms
01-01 00:00:01.464 I/QC2PipelineCodec( 1113): capshelpers vectorId 0 inputDelay=0
01-01 00:00:01.464 I/QC2PipelinedEntity( 1113): pipelineid=100 inputDelay=0
01-01 00:00:01.464 I/QC2PipelineCodec( 1113): capshelpers vectorId 0 outputDelay=1
01-01 00:00:01.464 I/QC2PipelinedEntity( 1113): pipelineid=100 outputDelay=1
01-01 00:00:01.464 I/QC2PipelineCodec( 1113): capshelpers vectorId 1 inputDelay=1
01-01 00:00:01.464 I/QC2PipelinedEntity( 1113): pipelineid=101 inputDelay=1
01-01 00:00:01.464 I/QC2PipelineCodec( 1113): capshelpers vectorId 1 outputDelay=1
01-01 00:00:01.464 I/QC2PipelinedEntity( 1113): pipelineid=101 outputDelay=1
01-01 00:00:01.464 I/QC2PipelineCodec( 1113): computeDelays
01-01 00:00:01.464 I/QC2PipelinedEntity( 1113): pipelineid=100 extraAllocation=2
set maxOutputBuffers=4
01-01 00:00:01.464 I/QC2PipelinedEntity( 1113): pipelineid=101 extraAllocation=2
set maxOutputBuffers=3
01-01 00:00:01.464 I/QC2PipelineCodec( 1113): ComputeDelay: iDelay=0 pDelay=0
oDelay=7
01-01 00:00:01.464 I/QC2PipelineCodec( 1113): TotalInputDelay=0 (0)
totalOutputDelay=7 (7)
01-01 00:00:01.464 I/QC2PipelineCodec( 1113): ActualOutputDelayHelper value=7
01-01 00:00:01.464 I/QC2PipelineCodec( 1113): Resolve conflict 92008001 [qti-ext-
dec-forceNonUBWC]
01-01 00:00:01.464 I/QC2PipelineCodec( 1113): Resolve conflict 60000825
[algo.secure-mode]
01-01 00:00:01.464 I/QC2PipelineCodec( 1113): Resolve conflict 4000080e
[input.delay]
01-01 00:00:01.464 I/QC2PipelineCodec( 1113): Dont merge
delay/size/format/framerate params
01-01 00:00:01.464 I/QC2PipelineCodec( 1113): Resolve conflict 9001080c
[output.media-type]
01-01 00:00:01.464 I/QC2PipelineCodec( 1113): Resolve conflict 5000080e
[output.delay]
01-01 00:00:01.464 I/QC2PipelineCodec( 1113): Dont merge
delay/size/format/framerate params
01-01 00:00:01.464 I/QC2PipelineCodec( 1113): Resolve conflict a0000804
[component.kind]
01-01 00:00:01.464 I/QC2PipelineCodec( 1113): Resolve conflict 8001080c
[input.media-type]
01-01 00:00:01.464 I/QC2PipelineCodec( 1113): Resolve conflict a0000805
[component.domain]
01-01 00:00:01.465 I/QC2PipelineCodec( 1113): capsHelper add param=a0009013
01-01 00:00:01.465 I/QC2PipelineCodec( 1113): capsHelper add param=a0009012
01-01 00:00:01.465 I/QC2PipelineCodec( 1113): capsHelper add param=a0009011
01-01 00:00:01.465 I/QC2PipelineCodec( 1113): capsHelper add param=9200c047
01-01 00:00:01.465 I/QC2PipelineCodec( 1113): capsHelper add param=d200c03f
01-01 00:00:01.465 I/QC2PipelineCodec( 1113): capsHelper add param=9200c036
01-01 00:00:01.465 I/QC2PipelineCodec( 1113): capsHelper add param=d200c00e
01-01 00:00:01.465 I/QC2PipelineCodec( 1113): capsHelper add param=5200c012
01-01 00:00:01.465 I/QC2PipelineCodec( 1113): capsHelper add param=8200c042
01-01 00:00:01.465 I/QC2PipelineCodec( 1113): capsHelper add param=a0009010
01-01 00:00:01.465 I/QC2PipelineCodec( 1113): capsHelper add param=d200c000
01-01 00:00:01.465 I/QC2PipelineCodec( 1113): capsHelper add param=92008001
01-01 00:00:01.465 I/QC2PipelineCodec( 1113): capsHelper add param=d200c04a
01-01 00:00:01.465 I/QC2PipelineCodec( 1113): capsHelper add param=d201c00d
01-01 00:00:01.465 I/QC2PipelineCodec( 1113): capsHelper add param=d2008002
01-01 00:00:01.465 I/QC2PipelineCodec( 1113): capsHelper add param=d200c00b
01-01 00:00:01.465 I/QC2PipelineCodec( 1113): capsHelper add param=d200c034
01-01 00:00:01.465 I/QC2PipelineCodec( 1113): capsHelper add param=d200c013
01-01 00:00:01.465 I/QC2PipelineCodec( 1113): capsHelper add param=d200c01b
01-01 00:00:01.465 I/QC2PipelineCodec( 1113): capsHelper add param=c2001809
01-01 00:00:01.465 I/QC2PipelineCodec( 1113): isParamPipelineOwned 5000080e true
01-01 00:00:01.465 I/QC2PipelineCodec( 1113): capsHelper skip param 5000080e
01-01 00:00:01.465 I/QC2PipelineCodec( 1113): capsHelper add param=a0009014
01-01 00:00:01.465 I/QC2PipelineCodec( 1113): isParamPipelineOwned 4000080e true
01-01 00:00:01.465 I/QC2PipelineCodec( 1113): capsHelper skip param 4000080e
01-01 00:00:01.465 I/QC2PipelineCodec( 1113): capsHelper add param=d2001802
01-01 00:00:01.465 I/QC2PipelineCodec( 1113): capsHelper add param=c2000808
01-01 00:00:01.465 I/QC2PipelineCodec( 1113): capsHelper add param=60000824
01-01 00:00:01.465 I/QC2PipelineCodec( 1113): capsHelper add param=a0000801
01-01 00:00:01.465 I/QC2PipelineCodec( 1113): capsHelper add param=d2011811
01-01 00:00:01.465 I/QC2PipelineCodec( 1113): capsHelper add param=60000823
01-01 00:00:01.465 I/QC2PipelineCodec( 1113): capsHelper add param=c2002000
01-01 00:00:01.465 I/QC2PipelineCodec( 1113): capsHelper add param=d2001809
01-01 00:00:01.465 I/QC2PipelineCodec( 1113): capsHelper add param=d200c006
