01-01 00:00:01.278 I/heimdall( 1163): update_proc_tgid:436, put (197) in root memcg
01-01 00:00:01.278 I/heimdall( 1163): update_proc_tgid:436, put (198) in root memcg
01-01 00:00:01.278 I/heimdall( 1163): update_proc_tgid:436, put (199) in root memcg
01-01 00:00:01.278 I/heimdall( 1163): update_proc_tgid:436, put (200) in root memcg
01-01 00:00:01.278 I/heimdall( 1163): update_proc_tgid:436, put (201) in root memcg
01-01 00:00:01.278 I/heimdall( 1163): update_proc_tgid:436, put (202) in root memcg
01-01 00:00:01.278 I/heimdall( 1163): update_proc_tgid:436, put (203) in root memcg
01-01 00:00:01.279 I/heimdall( 1163): update_proc_tgid:436, put (204) in root memcg
01-01 00:00:01.279 I/heimdall( 1163): update_proc_tgid:436, put (205) in root memcg
01-01 00:00:01.279 I/heimdall( 1163): update_proc_tgid:436, put (206) in root memcg
01-01 00:00:01.279 I/heimdall( 1163): update_proc_tgid:436, put (207) in root memcg
01-01 00:00:01.279 I/heimdall( 1163): update_proc_tgid:436, put (208) in root memcg
01-01 00:00:01.279 I/heimdall( 1163): update_proc_tgid:436, put (209) in root memcg
01-01 00:00:01.279 I/heimdall( 1163): update_proc_tgid:436, put (210) in root memcg
01-01 00:00:01.280 I/heimdall( 1163): update_proc_tgid:436, put (211) in root memcg
01-01 00:00:01.280 I/heimdall( 1163): update_proc_tgid:436, put (212) in root memcg
01-01 00:00:01.280 I/heimdall( 1163): update_proc_tgid:436, put (213) in root memcg
01-01 00:00:01.280 I/heimdall( 1163): update_proc_tgid:436, put (214) in root memcg
01-01 00:00:01.280 I/heimdall( 1163): update_proc_tgid:436, put (215) in root memcg
01-01 00:00:01.281 I/heimdall( 1163): update_proc_tgid:436, put (216) in root memcg
01-01 00:00:01.281 I/heimdall( 1163): update_proc_tgid:436, put (217) in root memcg
01-01 00:00:01.281 I/heimdall( 1163): update_proc_tgid:436, put (218) in root memcg
01-01 00:00:01.281 I/heimdall( 1163): update_proc_tgid:436, put (219) in root memcg
01-01 00:00:01.281 I/heimdall( 1163): update_proc_tgid:436, put (220) in root memcg
01-01 00:00:01.281 I/heimdall( 1163): update_proc_tgid:436, put (221) in root memcg
01-01 00:00:01.281 I/heimdall( 1163): update_proc_tgid:436, put (222) in root memcg
01-01 00:00:01.281 I/heimdall( 1163): update_proc_tgid:436, put (223) in root memcg
01-01 00:00:01.281 I/heimdall( 1163): update_proc_tgid:436, put (224) in root memcg
01-01 00:00:01.282 I/heimdall( 1163): update_proc_tgid:436, put (225) in root memcg
01-01 00:00:01.282 I/heimdall( 1163): update_proc_tgid:436, put (226) in root memcg
01-01 00:00:01.282 I/heimdall( 1163): update_proc_tgid:436, put (229) in root memcg
01-01 00:00:01.282 I/heimdall( 1163): update_proc_tgid:436, put (230) in root memcg
01-01 00:00:01.282 I/heimdall( 1163): update_proc_tgid:436, put (263) in root memcg
01-01 00:00:01.282 I/heimdall( 1163): update_proc_tgid:436, put (264) in root memcg
01-01 00:00:01.282 I/heimdall( 1163): update_proc_tgid:436, put (265) in root memcg
01-01 00:00:01.282 I/heimdall( 1163): update_proc_tgid:436, put (266) in root memcg
01-01 00:00:01.283 I/heimdall( 1163): update_proc_tgid:436, put (267) in root memcg
01-01 00:00:01.283 I/heimdall( 1163): update_proc_tgid:436, put (268) in root memcg
01-01 00:00:01.283 I/heimdall( 1163): update_proc_tgid:436, put (269) in root memcg
01-01 00:00:01.283 I/heimdall( 1163): update_proc_tgid:436, put (270) in root memcg
01-01 00:00:01.283 I/heimdall( 1163): update_proc_tgid:436, put (271) in root memcg
01-01 00:00:01.283 I/heimdall( 1163): update_proc_tgid:436, put (272) in root memcg
01-01 00:00:01.283 I/heimdall( 1163): update_proc_tgid:436, put (273) in root memcg
01-01 00:00:01.283 I/heimdall( 1163): update_proc_tgid:436, put (274) in root memcg
01-01 00:00:01.283 I/heimdall( 1163): update_proc_tgid:436, put (275) in root memcg
01-01 00:00:01.284 I/heimdall( 1163): update_proc_tgid:436, put (276) in root memcg
01-01 00:00:01.284 I/heimdall( 1163): update_proc_tgid:436, put (277) in root memcg
01-01 00:00:01.284 I/heimdall( 1163): update_proc_tgid:436, put (278) in root memcg
01-01 00:00:01.284 I/heimdall( 1163): update_proc_tgid:436, put (279) in root memcg
01-01 00:00:01.284 I/heimdall( 1163): update_proc_tgid:436, put (280) in root memcg
01-01 00:00:01.284 I/heimdall( 1163): update_proc_tgid:436, put (281) in root memcg
01-01 00:00:01.284 I/heimdall( 1163): update_proc_tgid:436, put (282) in root memcg
01-01 00:00:01.284 I/heimdall( 1163): update_proc_tgid:436, put (283) in root memcg
01-01 00:00:01.285 I/heimdall( 1163): update_proc_tgid:436, put (284) in root memcg
01-01 00:00:01.285 I/heimdall( 1163): update_proc_tgid:436, put (285) in root memcg
01-01 00:00:01.285 I/heimdall( 1163): update_proc_tgid:436, put (286) in root memcg
01-01 00:00:01.285 I/heimdall( 1163): update_proc_tgid:436, put (287) in root memcg
01-01 00:00:01.285 I/heimdall( 1163): update_proc_tgid:436, put (288) in root memcg
01-01 00:00:01.286 I/heimdall( 1163): update_proc_tgid:436, put (289) in root memcg
01-01 00:00:01.286 I/heimdall( 1163): update_proc_tgid:436, put (290) in root memcg
01-01 00:00:01.286 I/heimdall( 1163): update_proc_tgid:436, put (291) in root memcg
01-01 00:00:01.286 I/heimdall( 1163): update_proc_tgid:436, put (292) in root memcg
01-01 00:00:01.286 I/heimdall( 1163): update_proc_tgid:436, put (293) in root memcg
01-01 00:00:01.286 I/heimdall( 1163): update_proc_tgid:436, put (294) in root memcg
01-01 00:00:01.286 I/heimdall( 1163): update_proc_tgid:436, put (295) in root memcg
01-01 00:00:01.286 I/heimdall( 1163): update_proc_tgid:436, put (296) in root memcg
01-01 00:00:01.286 I/heimdall( 1163): update_proc_tgid:436, put (297) in root memcg
01-01 00:00:01.287 I/heimdall( 1163): update_proc_tgid:436, put (298) in root memcg
01-01 00:00:01.287 I/heimdall( 1163): update_proc_tgid:436, put (299) in root memcg
01-01 00:00:01.287 I/heimdall( 1163): update_proc_tgid:436, put (300) in root memcg
01-01 00:00:01.287 I/heimdall( 1163): update_proc_tgid:436, put (301) in root memcg
01-01 00:00:01.287 I/Unihal ( 1121): MultiCameraManager.cpp: GetInstance: 60:
ModuleApiVersion=206, HalApiVersion=100
01-01 00:00:01.287 I/Unihal ( 1121): VendorHalLoader.cpp: AdjustPublicModuleOps:
94: open_legacy() is adjusted as NULL.
01-01 00:00:01.287 I/heimdall( 1163): update_proc_tgid:436, put (302) in root memcg
01-01 00:00:01.287 I/heimdall( 1163): update_proc_tgid:436, put (303) in root memcg
01-01 00:00:01.287 I/heimdall( 1163): update_proc_tgid:436, put (304) in root memcg
01-01 00:00:01.288 I/heimdall( 1163): update_proc_tgid:436, put (305) in root memcg
01-01 00:00:01.288 W/ZygoteInitThreadPool( 949): Completed :
com.android.internal.telephony.GsmAlphabet took 515ms
01-01 00:00:01.288 I/heimdall( 1163): update_proc_tgid:436, put (306) in root memcg
01-01 00:00:01.288 I/heimdall( 1163): update_proc_tgid:436, put (307) in root memcg
01-01 00:00:01.288 I/heimdall( 1163): update_proc_tgid:436, put (308) in root memcg
01-01 00:00:01.288 I/heimdall( 1163): update_proc_tgid:436, put (309) in root memcg
01-01 00:00:01.288 I/heimdall( 1163): update_proc_tgid:436, put (310) in root memcg
01-01 00:00:01.288 I/heimdall( 1163): update_proc_tgid:436, put (311) in root memcg
01-01 00:00:01.289 I/heimdall( 1163): update_proc_tgid:436, put (312) in root memcg
01-01 00:00:01.289 I/heimdall( 1163): update_proc_tgid:436, put (313) in root memcg
01-01 00:00:01.289 I/heimdall( 1163): update_proc_tgid:436, put (314) in root memcg
01-01 00:00:01.289 I/heimdall( 1163): update_proc_tgid:436, put (315) in root memcg
01-01 00:00:01.289 I/Unihal ( 1121): GlobalMonitor.cpp: MonitoringTask: 322:
Monitoring is started.
01-01 00:00:01.289 I/heimdall( 1163): update_proc_tgid:436, put (316) in root memcg
01-01 00:00:01.289 I/heimdall( 1163): update_proc_tgid:436, put (317) in root memcg
01-01 00:00:01.289 I/heimdall( 1163): update_proc_tgid:436, put (318) in root memcg
01-01 00:00:01.290 I/heimdall( 1163): update_proc_tgid:436, put (319) in root memcg
01-01 00:00:01.290 I/heimdall( 1163): update_proc_tgid:436, put (320) in root memcg
01-01 00:00:01.292 I/CamX ( 1121): [CORE_CFG][HAL ] camxhal3module.cpp:506
HAL3Module() ***************************************************
01-01 00:00:01.292 I/CamX ( 1121): [CORE_CFG][HAL ] camxhal3module.cpp:507
HAL3Module() SHA1:
01-01 00:00:01.292 I/CamX ( 1121): [CORE_CFG][HAL ] camxhal3module.cpp:508
HAL3Module() COMMITID:
01-01 00:00:01.292 I/CamX ( 1121): [CORE_CFG][HAL ] camxhal3module.cpp:509
HAL3Module() BUILD TS: 1/21/2022 11:51:0
01-01 00:00:01.292 I/CamX ( 1121): [CORE_CFG][HAL ] camxhal3module.cpp:510
HAL3Module() ***************************************************
01-01 00:00:01.292 I/sscrpcd ( 768):
vendor/qcom/proprietary/adsprpc/src/rpcmem_android.c:159: rpcmem_init_internal:
opened ION device fd 5, configured heap IDs: system (0x2000000), contig (0x10),
secure (0x400), secure flags (0x80080000)
01-01 00:00:01.292 I/sscrpcd ( 768):
vendor/qcom/proprietary/adsprpc/src/fastrpc_apps_user.c:2976:
fastrpc_apps_user_init done with default domain:2 and &fastrpc_trace:0x70a28a9f88
01-01 00:00:01.292 E/sscrpcd ( 768):
vendor/qcom/proprietary/sensors-see/sscrpcd/src/sscrpcd.cpp:82:adsp_default_listene
r_start called for [sensorspd]
01-01 00:00:01.292 I/sscrpcd ( 768):
vendor/qcom/proprietary/adsprpc/src/fastrpc_pm.c:85: fastrpc_wake_lock_init done
for sscrpcd:768
01-01 00:00:01.292 I/sscrpcd ( 768):
vendor/qcom/proprietary/adsprpc/src/fastrpc_apps_user.c:1670: wakelock_control:
enabled wakelock control for domain 2
01-01 00:00:01.292 E/sscrpcd ( 768):
vendor/qcom/proprietary/sensors-see/sscrpcd/src/sscrpcd.cpp:60:fastrpc wakelock
control is enabled
01-01 00:00:01.292 I/sscrpcd ( 768):
vendor/qcom/proprietary/adsprpc/src/fastrpc_apps_user.c:1312: remote_handle_open:
Successfully opened handle 0x0 for '":;./\createstaticpd:sensorspd on domain 2
01-01 00:00:01.293 I/sscrpcd ( 768):
vendor/qcom/proprietary/adsprpc/src/fastrpc_apps_user.c:1645:
update_kernel_wakelock_status: updated kernel wakelock control status to 1 for
domain 2
01-01 00:00:01.294 I/heimdall( 1163): update_proc_tgid:436, put (321) in root memcg
01-01 00:00:01.294 I/heimdall( 1163): update_proc_tgid:436, put (322) in root memcg
01-01 00:00:01.294 I/heimdall( 1163): update_proc_tgid:436, put (323) in root memcg
01-01 00:00:01.295 I/hwservicemanager( 686): getTransport: Cannot find entry
[email protected]::IEffectsFactory/default in either framework or
device VINTF manifest.
01-01 00:00:01.296 I/heimdall( 1163): update_proc_tgid:436, put (324) in root memcg
01-01 00:00:01.296 I/heimdall( 1163): update_proc_tgid:436, put (325) in root memcg
01-01 00:00:01.296 I/heimdall( 1163): update_proc_tgid:436, put (326) in root memcg
01-01 00:00:01.296 I/heimdall( 1163): update_proc_tgid:436, put (327) in root memcg
01-01 00:00:01.297 I/heimdall( 1163): update_proc_tgid:436, put (328) in root memcg
01-01 00:00:01.297 I/heimdall( 1163): update_proc_tgid:436, put (329) in root memcg
01-01 00:00:01.297 I/heimdall( 1163): update_proc_tgid:436, put (330) in root memcg
01-01 00:00:01.297 I/heimdall( 1163): update_proc_tgid:436, put (331) in root memcg
01-01 00:00:01.297 I/heimdall( 1163): update_proc_tgid:436, put (332) in root memcg
01-01 00:00:01.297 I/heimdall( 1163): update_proc_tgid:436, put (333) in root memcg
01-01 00:00:01.298 I/heimdall( 1163): update_proc_tgid:436, put (334) in root memcg
01-01 00:00:01.298 W/ZygoteInitThreadPool( 949): Class not found for preloading:
com.android.internal.telephony.ims.MmTelFeatureCompatAdapter$4
01-01 00:00:01.298 W/ZygoteInitThreadPool( 949): Class not found for preloading:
com.android.internal.telephony.ims.MmTelFeatureCompatAdapter$5
01-01 00:00:01.298 I/heimdall( 1163): update_proc_tgid:436, put (335) in root memcg
01-01 00:00:01.298 I/heimdall( 1163): update_proc_tgid:436, put (336) in root memcg
01-01 00:00:01.298 I/heimdall( 1163): update_proc_tgid:436, put (337) in root memcg
01-01 00:00:01.298 I/heimdall( 1163): update_proc_tgid:436, put (338) in root memcg
01-01 00:00:01.298 I/heimdall( 1163): update_proc_tgid:436, put (339) in root memcg
01-01 00:00:01.298 I/heimdall( 1163): update_proc_tgid:436, put (340) in root memcg
01-01 00:00:01.298 I/heimdall( 1163): update_proc_tgid:436, put (341) in root memcg
01-01 00:00:01.299 I/heimdall( 1163): update_proc_tgid:436, put (342) in root memcg
01-01 00:00:01.299 I/heimdall( 1163): update_proc_tgid:436, put (343) in root memcg
01-01 00:00:01.299 I/heimdall( 1163): update_proc_tgid:436, put (344) in root memcg
01-01 00:00:01.299 I/heimdall( 1163): update_proc_tgid:436, put (345) in root memcg
01-01 00:00:01.299 I/heimdall( 1163): update_proc_tgid:436, put (366) in root memcg
01-01 00:00:01.299 I/heimdall( 1163): update_proc_tgid:436, put (367) in root memcg
01-01 00:00:01.299 I/heimdall( 1163): update_proc_tgid:436, put (368) in root memcg
01-01 00:00:01.300 I/heimdall( 1163): update_proc_tgid:436, put (369) in root memcg
01-01 00:00:01.300 I/heimdall( 1163): update_proc_tgid:436, put (370) in root memcg
01-01 00:00:01.300 D/hw-ProcessState( 1175): Binder ioctl to enable oneway spam
detection failed: Invalid argument
01-01 00:00:01.300 I/heimdall( 1163): update_proc_tgid:436, put (371) in root memcg
01-01 00:00:01.300 I/heimdall( 1163): update_proc_tgid:436, put (372) in root memcg
01-01 00:00:01.300 I/heimdall( 1163): update_proc_tgid:436, put (373) in root memcg
01-01 00:00:01.300 I/heimdall( 1163): update_proc_tgid:436, put (374) in root memcg
01-01 00:00:01.301 I/hwservicemanager( 686): getTransport: Cannot find entry
[email protected]::ISurfaceFlingerConfigs/default in either
framework or device VINTF manifest.
01-01 00:00:01.301 I/heimdall( 1163): update_proc_tgid:436, put (375) in root memcg
01-01 00:00:01.301 D/ProcessState( 1175): Binder ioctl to enable oneway spam
detection failed: Invalid argument
01-01 00:00:01.301 I/heimdall( 1163): update_proc_tgid:436, put (376) in root memcg
01-01 00:00:01.301 I/ServiceManager( 1166): Waiting for service 'media.metrics' on
'/dev/binder'...
01-01 00:00:01.301 I/heimdall( 1163): update_proc_tgid:436, put (377) in root memcg
01-01 00:00:01.301 I/heimdall( 1163): update_proc_tgid:436, put (378) in root memcg
01-01 00:00:01.301 I/heimdall( 1163): update_proc_tgid:436, put (379) in root memcg
01-01 00:00:01.301 I/heimdall( 1163): update_proc_tgid:436, put (380) in root memcg
01-01 00:00:01.302 I/heimdall( 1163): update_proc_tgid:436, put (381) in root memcg
01-01 00:00:01.302 I/heimdall( 1163): update_proc_tgid:436, put (382) in root memcg
01-01 00:00:01.302 I/heimdall( 1163): update_proc_tgid:436, put (383) in root memcg
01-01 00:00:01.302 I/sscrpcd ( 768):
vendor/qcom/proprietary/adsprpc/src/fastrpc_perf.c:273: fastrpc_perf_init: enabled
systrace 0x0 and RPC traces (kernel 0, dsp 0) with frequency 1000
01-01 00:00:01.302 I/heimdall( 1163): update_proc_tgid:436, put (384) in root memcg
01-01 00:00:01.302 I/heimdall( 1163): update_proc_tgid:436, put (385) in root memcg
01-01 00:00:01.302 I/heimdall( 1163): update_proc_tgid:436, put (386) in root memcg
01-01 00:00:01.302 I/heimdall( 1163): update_proc_tgid:436, put (387) in root memcg
01-01 00:00:01.303 I/heimdall( 1163): update_proc_tgid:436, put (388) in root memcg
01-01 00:00:01.303 I/heimdall( 1163): update_proc_tgid:436, put (389) in root memcg
01-01 00:00:01.303 I/sscrpcd ( 768):
vendor/qcom/proprietary/adsprpc/src/fastrpc_apps_user.c:1312: remote_handle_open:
Successfully opened handle 0x37901390 for adsp_default_listener on domain 2
01-01 00:00:01.303 I/heimdall( 1163): update_proc_tgid:436, put (390) in root memcg
01-01 00:00:01.303 I/sscrpcd ( 768):
vendor/qcom/proprietary/adsprpc/src/log_config.c:345: file_watcher_thread starting
for domain 2
01-01 00:00:01.303 E/sscrpcd ( 768):
vendor/qcom/proprietary/adsprpc/src/log_config.c:268:Error 0x200: fopen failed
for /vendor/lib/rfsa/adsp/sscrpcd.farf. (No such file or directory)
01-01 00:00:01.303 I/sscrpcd ( 768):
vendor/qcom/proprietary/adsprpc/src/fastrpc_apps_user.c:1312: remote_handle_open:
Successfully opened handle 0x379015f0 for adsp_default_listener on domain 2
01-01 00:00:01.303 I/heimdall( 1163): update_proc_tgid:436, put (391) in root memcg
01-01 00:00:01.303 I/heimdall( 1163): update_proc_tgid:436, put (392) in root memcg
01-01 00:00:01.303 I/heimdall( 1163): update_proc_tgid:436, put (393) in root memcg
01-01 00:00:01.303 I/sscrpcd ( 768):
vendor/qcom/proprietary/adsprpc/src/fastrpc_apps_user.c:1312: remote_handle_open:
Successfully opened handle 0x9 for '":;./\geteventfd on domain 2
01-01 00:00:01.303 I/heimdall( 1163): update_proc_tgid:436, put (394) in root memcg
01-01 00:00:01.304 I/sscrpcd ( 768):
vendor/qcom/proprietary/adsprpc/src/listener_android.c:111: listener thread
starting
01-01 00:00:01.304 I/heimdall( 1163): update_proc_tgid:436, put (395) in root memcg
01-01 00:00:01.304 I/heimdall( 1163): update_proc_tgid:436, put (396) in root memcg
01-01 00:00:01.304 E/ion ( 768): ioctl c0044901 failed with code -1:
Inappropriate ioctl for device
01-01 00:00:01.304 I/heimdall( 1163): update_proc_tgid:436, put (397) in root memcg
01-01 00:00:01.304 I/heimdall( 1163): update_proc_tgid:436, put (398) in root memcg
01-01 00:00:01.304 I/heimdall( 1163): update_proc_tgid:436, put (399) in root memcg
01-01 00:00:01.304 I/heimdall( 1163): update_proc_tgid:436, put (400) in root memcg
01-01 00:00:01.305 I/heimdall( 1163): update_proc_tgid:436, put (401) in root memcg
01-01 00:00:01.305 I/heimdall( 1163): update_proc_tgid:436, put (402) in root memcg
01-01 00:00:01.305 I/sscrpcd ( 768):
vendor/qcom/proprietary/adsprpc/src/mod_table.c:687:
open_mod_table_open_from_static: reverse module apps_std opened with handle
0xa28ac9d0 (idx 0)
01-01 00:00:01.305 I/heimdall( 1163): update_proc_tgid:436, put (403) in root memcg
01-01 00:00:01.305 I/heimdall( 1163): update_proc_tgid:436, put (404) in root memcg
01-01 00:00:01.305 I/heimdall( 1163): update_proc_tgid:436, put (405) in root memcg
01-01 00:00:01.306 I/heimdall( 1163): update_proc_tgid:436, put (406) in root memcg
01-01 00:00:01.306 E/sscrpcd ( 768):
vendor/qcom/proprietary/adsprpc/src/log_config.c:268:Error 0x200: fopen failed
for /vendor/dsp/sdsp/sscrpcd.farf. (No such file or directory)
01-01 00:00:01.306 I/sscrpcd ( 768):
vendor/qcom/proprietary/adsprpc/src/apps_std_imp.c:851: Successfully opened file
/vendor/etc/sensors/sns_reg_config
01-01 00:00:01.306 E/sscrpcd ( 768):
vendor/qcom/proprietary/adsprpc/src/log_config.c:268:Error 0x200: fopen failed
for /vendor/dsp/sscrpcd.farf. (No such file or directory)
01-01 00:00:01.306 I/heimdall( 1163): update_proc_tgid:436, put (407) in root memcg
01-01 00:00:01.306 I/sscrpcd ( 768):
vendor/qcom/proprietary/adsprpc/src/apps_std_imp.c:851: Successfully opened file
/vendor/etc/sensors/sns_reg_config
01-01 00:00:01.306 I/heimdall( 1163): update_proc_tgid:436, put (408) in root memcg
01-01 00:00:01.306 I/heimdall( 1163): update_proc_tgid:436, put (409) in root memcg
01-01 00:00:01.306 I/heimdall( 1163): update_proc_tgid:436, put (410) in root memcg
01-01 00:00:01.307 I/heimdall( 1163): update_proc_tgid:436, put (411) in root memcg
01-01 00:00:01.307 I/sscrpcd ( 768):
vendor/qcom/proprietary/adsprpc/src/apps_std_imp.c:851: Successfully opened file
/vendor/etc/sensors/sns_reg_config
01-01 00:00:01.307 I/heimdall( 1163): update_proc_tgid:436, put (412) in root memcg
01-01 00:00:01.307 I/heimdall( 1163): update_proc_tgid:436, put (413) in root memcg
01-01 00:00:01.307 I/heimdall( 1163): update_proc_tgid:436, put (414) in root memcg
01-01 00:00:01.307 I/heimdall( 1163): update_proc_tgid:436, put (415) in root memcg
01-01 00:00:01.307 I/heimdall( 1163): update_proc_tgid:436, put (416) in root memcg
01-01 00:00:01.307 I/heimdall( 1163): update_proc_tgid:436, put (417) in root memcg
01-01 00:00:01.307 I/heimdall( 1163): update_proc_tgid:436, put (418) in root memcg
01-01 00:00:01.308 I/heimdall( 1163): update_proc_tgid:436, put (419) in root memcg
01-01 00:00:01.308 I/heimdall( 1163): update_proc_tgid:436, put (420) in root memcg
01-01 00:00:01.308 I/heimdall( 1163): update_proc_tgid:436, put (421) in root memcg
01-01 00:00:01.308 I/heimdall( 1163): update_proc_tgid:436, put (422) in root memcg
01-01 00:00:01.308 I/heimdall( 1163): update_proc_tgid:436, put (423) in root memcg
01-01 00:00:01.308 I/heimdall( 1163): update_proc_tgid:436, put (424) in root memcg
01-01 00:00:01.309 I/heimdall( 1163): update_proc_tgid:436, put (425) in root memcg
01-01 00:00:01.309 I/heimdall( 1163): update_proc_tgid:436, put (426) in root memcg
01-01 00:00:01.309 I/heimdall( 1163): update_proc_tgid:436, put (427) in root memcg
01-01 00:00:01.309 I/heimdall( 1163): update_proc_tgid:436, put (428) in root memcg
01-01 00:00:01.309 I/heimdall( 1163): update_proc_tgid:436, put (429) in root memcg
01-01 00:00:01.309 I/heimdall( 1163): update_proc_tgid:436, put (430) in root memcg
01-01 00:00:01.309 I/heimdall( 1163): update_proc_tgid:436, put (431) in root memcg
01-01 00:00:01.310 I/heimdall( 1163): update_proc_tgid:436, put (432) in root memcg
01-01 00:00:01.310 I/heimdall( 1163): update_proc_tgid:436, put (433) in root memcg
01-01 00:00:01.310 I/sscrpcd ( 768):
vendor/qcom/proprietary/adsprpc/src/apps_std_imp.c:851: Successfully opened file
/sys/devices/soc0/hw_platform
01-01 00:00:01.310 I/sscrpcd ( 768):
vendor/qcom/proprietary/adsprpc/src/apps_std_imp.c:851: Successfully opened file
/sys/devices/soc0/hw_platform
01-01 00:00:01.310 I/heimdall( 1163): update_proc_tgid:436, put (434) in root memcg
01-01 00:00:01.310 I/sscrpcd ( 768):
vendor/qcom/proprietary/adsprpc/src/mod_table.c:464: is_reverse_handle_opened:
reverse module apps_std already found with handle 0xa28ac9d0 (idx 0)
01-01 00:00:01.310 I/sscrpcd ( 768):
vendor/qcom/proprietary/adsprpc/src/mod_table.c:687:
open_mod_table_open_from_static: reverse module apps_std opened with handle
0xa28ac9d0 (idx 0)
01-01 00:00:01.311 I/heimdall( 1163): update_proc_tgid:436, put
/vendor/bin/sh(1299) in root memcg
01-01 00:00:01.311 I/heimdall( 1163): update_proc_tgid:436, put (435) in root memcg
01-01 00:00:01.311 W/SurfaceFlinger( 1175): Unable to open libdolphin.so: dlopen
failed: library "libdolphin.so" not found.
01-01 00:00:01.312 W/SurfaceFlinger( 1175): Unable to open libdolphin.so: dlopen
failed: library "libdolphin.so" not found.
01-01 00:00:01.312 I/SurfaceFlinger( 1175): Using HWComposer service: default
01-01 00:00:01.312 I/heimdall( 1163): update_proc_tgid:436, put (436) in root memcg
01-01 00:00:01.312 I/SurfaceFlinger( 1175): SurfaceFlinger is starting
01-01 00:00:01.312 I/sscrpcd ( 768):
vendor/qcom/proprietary/adsprpc/src/apps_std_imp.c:851: Successfully opened file
/sys/devices/soc0/platform_subtype
01-01 00:00:01.312 I/hwservicemanager( 686): getTransport: Cannot find entry
[email protected]::ISurfaceFlingerConfigs/default in either
framework or device VINTF manifest.
01-01 00:00:01.312 E/sscrpcd ( 768):
vendor/qcom/proprietary/adsprpc/src/listener_android.c:64::error: 512: AEE_SUCCESS
== (nErr = mod_table_close(handle, errStr, errStrLen, dlErr))
01-01 00:00:01.312 I/SurfaceFlinger( 1175): Sub Display Orientation: ROTATION_0.
01-01 00:00:01.312 I/SurfaceFlinger( 1175): Internal Display Orientation:
ROTATION_0
01-01 00:00:01.313 I/SurfaceFlinger( 1175): Enabling backpressure propagation for
Client Composition
01-01 00:00:01.313 I/sscrpcd ( 768):
vendor/qcom/proprietary/adsprpc/src/apps_std_imp.c:851: Successfully opened file
/sys/devices/soc0/platform_subtype
01-01 00:00:01.314 I/heimdall( 1163): update_proc_tgid:436, put (437) in root memcg
01-01 00:00:01.314 I/heimdall( 1163): update_proc_tgid:436, put (438) in root memcg
01-01 00:00:01.314 I/heimdall( 1163): update_proc_tgid:436, put (439) in root memcg
01-01 00:00:01.314 I/heimdall( 1163): update_proc_tgid:436, put (440) in root memcg
01-01 00:00:01.314 I/heimdall( 1163): update_proc_tgid:436, put (441) in root memcg
01-01 00:00:01.315 I/heimdall( 1163): update_proc_tgid:436, put (442) in root memcg
01-01 00:00:01.315 I/heimdall( 1163): update_proc_tgid:436, put cat(1301) in root
memcg
01-01 00:00:01.315 I/heimdall( 1163): update_proc_tgid:436, put (443) in root memcg
01-01 00:00:01.315 I/heimdall( 1163): update_proc_tgid:436, put (444) in root memcg
01-01 00:00:01.315 I/heimdall( 1163): update_proc_tgid:436, put (445) in root memcg
01-01 00:00:01.315 I/heimdall( 1163): update_proc_tgid:436, put (446) in root memcg
01-01 00:00:01.315 I/heimdall( 1163): update_proc_tgid:436, put (447) in root memcg
01-01 00:00:01.315 I/heimdall( 1163): update_proc_tgid:436, put (448) in root memcg
01-01 00:00:01.316 I/heimdall( 1163): update_proc_tgid:436, put (450) in root memcg
01-01 00:00:01.316 I/heimdall( 1163): update_proc_tgid:436, put (451) in root memcg
01-01 00:00:01.316 I/heimdall( 1163): update_proc_tgid:436, put (452) in root memcg
01-01 00:00:01.316 I/heimdall( 1163): update_proc_tgid:436, put (453) in root memcg
01-01 00:00:01.316 I/heimdall( 1163): update_proc_tgid:436, put (454) in root memcg
01-01 00:00:01.316 I/heimdall( 1163): update_proc_tgid:436, put (455) in root memcg
01-01 00:00:01.316 I/heimdall( 1163): update_proc_tgid:436, put (456) in root memcg
01-01 00:00:01.317 I/heimdall( 1163): update_proc_tgid:436, put (457) in root memcg
01-01 00:00:01.317 I/heimdall( 1163): update_proc_tgid:436, put (458) in root memcg
01-01 00:00:01.317 I/heimdall( 1163): update_proc_tgid:436, put (459) in root memcg
01-01 00:00:01.317 I/heimdall( 1163): update_proc_tgid:436, put (460) in root memcg
01-01 00:00:01.317 I/heimdall( 1163): update_proc_tgid:436, put (461) in root memcg
01-01 00:00:01.317 I/heimdall( 1163): update_proc_tgid:436, put (462) in root memcg
01-01 00:00:01.317 I/heimdall( 1163): update_proc_tgid:436, put (463) in root memcg
01-01 00:00:01.317 I/heimdall( 1163): update_proc_tgid:436, put (464) in root memcg
01-01 00:00:01.317 I/heimdall( 1163): update_proc_tgid:436, put (465) in root memcg
01-01 00:00:01.318 I/heimdall( 1163): update_proc_tgid:436, put (466) in root memcg
01-01 00:00:01.318 I/heimdall( 1163): update_proc_tgid:436, put (467) in root memcg
01-01 00:00:01.318 I/heimdall( 1163): update_proc_tgid:436, put (468) in root memcg
01-01 00:00:01.318 I/heimdall( 1163): update_proc_tgid:436, put (469) in root memcg
01-01 00:00:01.318 I/heimdall( 1163): update_proc_tgid:436, put (470) in root memcg
01-01 00:00:01.318 I/heimdall( 1163): update_proc_tgid:436, put (471) in root memcg
01-01 00:00:01.318 I/heimdall( 1163): update_proc_tgid:436, put (473) in root memcg
01-01 00:00:01.318 I/heimdall( 1163): update_proc_tgid:436, put (474) in root memcg
01-01 00:00:01.319 I/heimdall( 1163): update_proc_tgid:436, put
/system/bin/init(476) in root memcg
01-01 00:00:01.319 I/heimdall( 1163): update_proc_tgid:436, put
/system/bin/ueventd(478) in root memcg
01-01 00:00:01.319 I/heimdall( 1163): update_proc_tgid:436, put (494) in root memcg
01-01 00:00:01.319 I/heimdall( 1163): update_proc_tgid:436, put (495) in root memcg
01-01 00:00:01.320 I/heimdall( 1163): update_proc_tgid:436, put (496) in root memcg
01-01 00:00:01.320 I/heimdall( 1163): update_proc_tgid:436, put (497) in root memcg
01-01 00:00:01.320 I/heimdall( 1163): update_proc_tgid:436, put (498) in root memcg
01-01 00:00:01.321 I/heimdall( 1163): update_proc_tgid:436, put (499) in root memcg
01-01 00:00:01.321 I/sscrpcd ( 768):
vendor/qcom/proprietary/adsprpc/src/apps_std_imp.c:851: Successfully opened file
/sys/devices/soc0/platform_subtype_id
01-01 00:00:01.321 I/heimdall( 1163): update_proc_tgid:436, put (500) in root memcg
01-01 00:00:01.321 I/heimdall( 1163): update_proc_tgid:436, put (501) in root memcg
01-01 00:00:01.321 I/heimdall( 1163): update_proc_tgid:436, put (502) in root memcg
01-01 00:00:01.321 I/heimdall( 1163): update_proc_tgid:436, put (503) in root memcg
01-01 00:00:01.321 I/heimdall( 1163): update_proc_tgid:436, put (506) in root memcg
01-01 00:00:01.321 I/heimdall( 1163): update_proc_tgid:436, put (523) in root memcg
01-01 00:00:01.322 I/heimdall( 1163): update_proc_tgid:436, put (546) in root memcg
01-01 00:00:01.322 I/heimdall( 1163): update_proc_tgid:436, put (547) in root memcg
01-01 00:00:01.322 I/heimdall( 1163): update_proc_tgid:436, put (550) in root memcg
01-01 00:00:01.322 I/heimdall( 1163): update_proc_tgid:436, put (593) in root memcg
01-01 00:00:01.322 I/heimdall( 1163): update_proc_tgid:436, put (619) in root memcg
01-01 00:00:01.322 I/heimdall( 1163): update_proc_tgid:436, put (620) in root memcg
01-01 00:00:01.322 E/KeymasterUtils( 766): SPU available
01-01 00:00:01.322 I/heimdall( 1163): update_proc_tgid:436, put (621) in root memcg
01-01 00:00:01.322 I/heimdall( 1163): update_proc_tgid:436, put (622) in root memcg
01-01 00:00:01.323 I/heimdall( 1163): update_proc_tgid:436, put (623) in root memcg
01-01 00:00:01.323 I/heimdall( 1163): update_proc_tgid:436, put (624) in root memcg
01-01 00:00:01.323 I/heimdall( 1163): update_proc_tgid:436, put (625) in root memcg
01-01 00:00:01.323 I/heimdall( 1163): update_proc_tgid:436, put (626) in root memcg
01-01 00:00:01.323 I/heimdall( 1163): update_proc_tgid:436, put (627) in root memcg
01-01 00:00:01.323 I/sscrpcd ( 768):
vendor/qcom/proprietary/adsprpc/src/apps_std_imp.c:851: Successfully opened file
/sys/devices/soc0/platform_subtype_id
01-01 00:00:01.323 I/heimdall( 1163): update_proc_tgid:436, put (628) in root memcg
01-01 00:00:01.323 I/heimdall( 1163): update_proc_tgid:436, put (629) in root memcg
01-01 00:00:01.323 I/heimdall( 1163): update_proc_tgid:436, put (630) in root memcg
01-01 00:00:01.324 I/heimdall( 1163): update_proc_tgid:436, put (631) in root memcg
01-01 00:00:01.324 I/heimdall( 1163): update_proc_tgid:436, put (632) in root memcg
01-01 00:00:01.324 I/heimdall( 1163): update_proc_tgid:436, put (633) in root memcg
01-01 00:00:01.324 I/heimdall( 1163): update_proc_tgid:436, put (634) in root memcg
01-01 00:00:01.324 I/heimdall( 1163): update_proc_tgid:436, put (635) in root memcg
01-01 00:00:01.324 I/sscrpcd ( 768):
vendor/qcom/proprietary/adsprpc/src/apps_std_imp.c:851: Successfully opened file
/sys/devices/soc0/platform_version
01-01 00:00:01.324 I/heimdall( 1163): update_proc_tgid:436, put (636) in root memcg
01-01 00:00:01.325 I/heimdall( 1163): update_proc_tgid:436, put (637) in root memcg
01-01 00:00:01.325 I/sscrpcd ( 768):
vendor/qcom/proprietary/adsprpc/src/apps_std_imp.c:851: Successfully opened file
/sys/devices/soc0/platform_version
01-01 00:00:01.325 I/libdisplayconfigqti( 1096): Register client name:
SurfaceFlinger01175 device client: 0x7c67bf8bf0
01-01 00:00:01.325 I/heimdall( 1163): update_proc_tgid:436, put (638) in root memcg
01-01 00:00:01.325 I/SurfaceFlinger( 1175): enable_qsync_idle, ret:-22 value:
01-01 00:00:01.325 I/heimdall( 1163): update_proc_tgid:436, put (639) in root memcg
01-01 00:00:01.325 I/heimdall( 1163): update_proc_tgid:436, put (640) in root memcg
01-01 00:00:01.325 I/heimdall( 1163): update_proc_tgid:436, put (641) in root memcg
01-01 00:00:01.325 I/heimdall( 1163): update_proc_tgid:436, put (642) in root memcg
01-01 00:00:01.326 I/heimdall( 1163): update_proc_tgid:436, put (643) in root memcg
01-01 00:00:01.326 I/sscrpcd ( 768):
vendor/qcom/proprietary/adsprpc/src/apps_std_imp.c:851: Successfully opened file
/sys/devices/soc0/soc_id
01-01 00:00:01.326 I/heimdall( 1163): update_proc_tgid:436, put (644) in root memcg
01-01 00:00:01.326 I/sscrpcd ( 768):
vendor/qcom/proprietary/adsprpc/src/apps_std_imp.c:851: Successfully opened file
/sys/devices/soc0/soc_id
01-01 00:00:01.326 I/heimdall( 1163): update_proc_tgid:436, put (645) in root memcg
01-01 00:00:01.326 I/heimdall( 1163): update_proc_tgid:436, put (646) in root memcg
01-01 00:00:01.326 E/SurfaceFlinger( 1175): DisplayConfig AIDL is not present
01-01 00:00:01.327 I/sscrpcd ( 768):
vendor/qcom/proprietary/adsprpc/src/apps_std_imp.c:851: Successfully opened file
/sys/class/sensors/ssc_core/ssc_hw_rev
01-01 00:00:01.327 I/sscrpcd ( 768):
vendor/qcom/proprietary/adsprpc/src/apps_std_imp.c:851: Successfully opened file
/sys/class/sensors/ssc_core/ssc_hw_rev
01-01 00:00:01.328 I/sscrpcd ( 768):
vendor/qcom/proprietary/adsprpc/src/apps_std_imp.c:851: Successfully opened file
/mnt/vendor/persist/sensors/registry/registry
01-01 00:00:01.328 I/heimdall( 1163): update_proc_tgid:436, put (647) in root memcg
01-01 00:00:01.328 I/SurfaceFlinger( 1175): SurfaceFlinger's main thread ready to
run. Initializing graphics H/W...
01-01 00:00:01.328 I/sscrpcd ( 768):
vendor/qcom/proprietary/adsprpc/src/apps_std_imp.c:851: Successfully opened file
/mnt/vendor/persist/sensors/registry/registry/../sns_reg_version
01-01 00:00:01.328 W/surfaceflinger( 1175): ComposerExtnImpl::CreateFrameScheduler:
Frame scheduler extension property is disabled
01-01 00:00:01.328 I/SurfaceFlinger( 1175): Unable to create frame scheduler
extension
01-01 00:00:01.328 I/sscrpcd ( 768):
vendor/qcom/proprietary/adsprpc/src/apps_std_imp.c:851: Successfully opened file
/mnt/vendor/persist/sensors/registry/registry/../sns_reg_version
01-01 00:00:01.329 I/heimdall( 1163): update_proc_tgid:436, put (648) in root memcg
01-01 00:00:01.329 I/heimdall( 1163): update_proc_tgid:436, put (649) in root memcg
01-01 00:00:01.329 I/heimdall( 1163): update_proc_tgid:436, put (650) in root memcg
01-01 00:00:01.329 I/heimdall( 1163): update_proc_tgid:436, put (651) in root memcg
01-01 00:00:01.329 I/heimdall( 1163): update_proc_tgid:436, put (652) in root memcg
01-01 00:00:01.329 I/heimdall( 1163): update_proc_tgid:436, put (653) in root memcg
01-01 00:00:01.329 I/heimdall( 1163): update_proc_tgid:436, put (654) in root memcg
01-01 00:00:01.329 I/heimdall( 1163): update_proc_tgid:436, put (656) in root memcg
01-01 00:00:01.329 I/heimdall( 1163): update_proc_tgid:436, put (657) in root memcg
01-01 00:00:01.329 I/heimdall( 1163): update_proc_tgid:436, put (658) in root memcg
01-01 00:00:01.329 I/heimdall( 1163): update_proc_tgid:436, put (659) in root memcg
01-01 00:00:01.329 I/heimdall( 1163): update_proc_tgid:436, put (661) in root memcg
01-01 00:00:01.329 I/heimdall( 1163): update_proc_tgid:436, put
/system/bin/logd(683) in root memcg
01-01 00:00:01.329 I/heimdall( 1163): update_proc_tgid:436, put
/system/bin/lmkd(684) in root memcg
01-01 00:00:01.329 I/heimdall( 1163): update_proc_tgid:436, put
/system/bin/servicemanager(685) in root memcg
01-01 00:00:01.329 I/heimdall( 1163): update_proc_tgid:436, put
/system/bin/hwservicemanager(686) in root memcg
01-01 00:00:01.329 I/heimdall( 1163): update_proc_tgid:436, put
/vendor/bin/vndservicemanager(687) in root memcg
01-01 00:00:01.330 I/heimdall( 1163): update_proc_tgid:436, put (688) in root memcg
01-01 00:00:01.330 I/heimdall( 1163): update_proc_tgid:436, put
/vendor/bin/hw/[email protected](700) in root
memcg
01-01 00:00:01.330 I/heimdall( 1163): update_proc_tgid:436, put
/vendor/bin/qseecomd(702) in root memcg
01-01 00:00:01.330 I/heimdall( 1163): update_proc_tgid:436, put
/vendor/bin/hw/[email protected](703) in root memcg
01-01 00:00:01.330 I/heimdall( 1163): update_proc_tgid:436, put
/system/bin/vold(714) in root memcg
01-01 00:00:01.330 I/heimdall( 1163): update_proc_tgid:436, put (717) in root memcg
01-01 00:00:01.330 I/heimdall( 1163): update_proc_tgid:436, put (718) in root memcg
01-01 00:00:01.330 I/heimdall( 1163): update_proc_tgid:436, put (720) in root memcg
01-01 00:00:01.330 I/heimdall( 1163): update_proc_tgid:436, put (721) in root memcg
01-01 00:00:01.330 I/heimdall( 1163): update_proc_tgid:436, put (723) in root memcg
01-01 00:00:01.330 I/heimdall( 1163): update_proc_tgid:436, put (724) in root memcg
01-01 00:00:01.330 I/heimdall( 1163): update_proc_tgid:436, put (731) in root memcg
01-01 00:00:01.330 I/heimdall( 1163): update_proc_tgid:436, put (732) in root memcg
01-01 00:00:01.330 I/heimdall( 1163): update_proc_tgid:436, put (733) in root memcg
01-01 00:00:01.330 I/heimdall( 1163): update_proc_tgid:436, put (734) in root memcg
01-01 00:00:01.330 I/heimdall( 1163): update_proc_tgid:436, put (736) in root memcg
01-01 00:00:01.330 I/heimdall( 1163): update_proc_tgid:436, put (737) in root memcg
01-01 00:00:01.330 I/heimdall( 1163): update_proc_tgid:436, put (739) in root memcg
01-01 00:00:01.330 I/heimdall( 1163): update_proc_tgid:436, put (740) in root memcg
01-01 00:00:01.330 I/heimdall( 1163): update_proc_tgid:436, put (742) in root memcg
01-01 00:00:01.330 I/heimdall( 1163): update_proc_tgid:436, put (743) in root memcg
01-01 00:00:01.330 I/heimdall( 1163): update_proc_tgid:436, put (744) in root memcg
01-01 00:00:01.330 I/heimdall( 1163): update_proc_tgid:436, put (746) in root memcg
01-01 00:00:01.330 I/heimdall( 1163): update_proc_tgid:436, put (747) in root memcg
01-01 00:00:01.330 I/heimdall( 1163): update_proc_tgid:436, put
/vendor/bin/iod(749) in root memcg
01-01 00:00:01.330 I/heimdall( 1163): update_proc_tgid:436, put
/vendor/bin/spdaemon(753) in root memcg
01-01 00:00:01.330 I/heimdall( 1163): update_proc_tgid:436, put
/vendor/bin/sec_nvm(754) in root memcg
01-01 00:00:01.331 I/heimdall( 1163): update_proc_tgid:436, put
/system/vendor/bin/ipacm(755) in root memcg
01-01 00:00:01.331 I/heimdall( 1163): update_proc_tgid:436, put
/system/bin/hw/[email protected](756) in root memcg
01-01 00:00:01.331 I/heimdall( 1163): update_proc_tgid:436, put
/system/bin/keystore2(757) in root memcg
01-01 00:00:01.331 I/heimdall( 1163): update_proc_tgid:436, put
/vendor/bin/hw/[email protected](758) in root memcg
01-01 00:00:01.331 I/heimdall( 1163): update_proc_tgid:436, put (765) in root memcg
01-01 00:00:01.331 I/heimdall( 1163): update_proc_tgid:436, put
/vendor/bin/hw/[email protected](766) in root memcg
01-01 00:00:01.331 I/heimdall( 1163): update_proc_tgid:436, put
/vendor/bin/[email protected](767) in root memcg
01-01 00:00:01.331 I/heimdall( 1163): update_proc_tgid:436, put
/vendor/bin/sscrpcd(768) in root memcg
01-01 00:00:01.331 I/heimdall( 1163): update_proc_tgid:436, put (790) in root memcg
01-01 00:00:01.331 I/heimdall( 1163): update_proc_tgid:436, put (793) in root memcg
01-01 00:00:01.331 I/heimdall( 1163): update_proc_tgid:436, put (794) in root memcg
01-01 00:00:01.331 I/heimdall( 1163): update_proc_tgid:436, put (795) in root memcg
01-01 00:00:01.331 I/heimdall( 1163): update_proc_tgid:436, put
/vendor/bin/[email protected](796) in root memcg
01-01 00:00:01.331 I/heimdall( 1163): update_proc_tgid:436, put
/vendor/bin/vaultkeeperd(797) in root memcg
01-01 00:00:01.331 I/heimdall( 1163): update_proc_tgid:436, put
/vendor/bin/[email protected](798) in root
memcg
01-01 00:00:01.332 I/heimdall( 1163): update_proc_tgid:436, put
/vendor/bin/storkd(799) in root memcg
01-01 00:00:01.332 I/heimdall( 1163): update_proc_tgid:436, put
/system/bin/tombstoned(804) in root memcg
01-01 00:00:01.332 I/heimdall( 1163): update_proc_tgid:436, put
/system/bin/apexd(808) in root memcg
01-01 00:00:01.332 I/heimdall( 1163): update_proc_tgid:436, put (813) in root memcg
01-01 00:00:01.332 I/heimdall( 1163): update_proc_tgid:436, put (814) in root memcg
01-01 00:00:01.332 I/heimdall( 1163): update_proc_tgid:436, put (815) in root memcg
01-01 00:00:01.332 I/heimdall( 1163): update_proc_tgid:436, put (816) in root memcg
01-01 00:00:01.332 I/heimdall( 1163): update_proc_tgid:436, put (817) in root memcg
01-01 00:00:01.332 I/heimdall( 1163): update_proc_tgid:436, put (818) in root memcg
01-01 00:00:01.332 I/heimdall( 1163): update_proc_tgid:436, put (819) in root memcg
01-01 00:00:01.332 I/heimdall( 1163): update_proc_tgid:436, put (820) in root memcg
01-01 00:00:01.332 I/heimdall( 1163): update_proc_tgid:436, put (821) in root memcg
01-01 00:00:01.332 I/heimdall( 1163): update_proc_tgid:436, put (822) in root memcg
01-01 00:00:01.332 I/heimdall( 1163): update_proc_tgid:436, put (823) in root memcg
01-01 00:00:01.332 I/heimdall( 1163): update_proc_tgid:436, put (824) in root memcg
01-01 00:00:01.332 I/heimdall( 1163): update_proc_tgid:436, put (825) in root memcg
01-01 00:00:01.332 I/heimdall( 1163): update_proc_tgid:436, put (826) in root memcg
01-01 00:00:01.332 I/heimdall( 1163): update_proc_tgid:436, put (827) in root memcg
01-01 00:00:01.332 I/heimdall( 1163): update_proc_tgid:436, put (828) in root memcg
01-01 00:00:01.332 I/heimdall( 1163): update_proc_tgid:436, put (829) in root memcg
01-01 00:00:01.332 I/heimdall( 1163): update_proc_tgid:436, put (830) in root memcg
01-01 00:00:01.332 I/heimdall( 1163): update_proc_tgid:436, put (831) in root memcg
01-01 00:00:01.332 I/heimdall( 1163): update_proc_tgid:436, put (832) in root memcg
01-01 00:00:01.332 I/heimdall( 1163): update_proc_tgid:436, put (833) in root memcg
01-01 00:00:01.332 I/heimdall( 1163): update_proc_tgid:436, put (834) in root memcg
01-01 00:00:01.332 I/heimdall( 1163): update_proc_tgid:436, put (835) in root memcg
01-01 00:00:01.332 I/heimdall( 1163): update_proc_tgid:436, put (836) in root memcg
01-01 00:00:01.333 I/heimdall( 1163): update_proc_tgid:436, put (837) in root memcg
01-01 00:00:01.333 I/heimdall( 1163): update_proc_tgid:436, put (838) in root memcg
01-01 00:00:01.333 I/heimdall( 1163): update_proc_tgid:436, put (839) in root memcg
01-01 00:00:01.333 I/heimdall( 1163): update_proc_tgid:436, put (840) in root memcg
01-01 00:00:01.333 I/heimdall( 1163): update_proc_tgid:436, put (841) in root memcg
01-01 00:00:01.333 I/heimdall( 1163): update_proc_tgid:436, put (842) in root memcg
01-01 00:00:01.333 I/heimdall( 1163): update_proc_tgid:436, put (843) in root memcg
01-01 00:00:01.333 I/heimdall( 1163): update_proc_tgid:436, put (844) in root memcg
01-01 00:00:01.333 I/heimdall( 1163): update_proc_tgid:436, put (845) in root memcg
01-01 00:00:01.333 I/heimdall( 1163): update_proc_tgid:436, put (846) in root memcg
01-01 00:00:01.333 I/heimdall( 1163): update_proc_tgid:436, put (847) in root memcg
01-01 00:00:01.333 I/heimdall( 1163): update_proc_tgid:436, put (848) in root memcg
01-01 00:00:01.333 I/heimdall( 1163): update_proc_tgid:436, put (849) in root memcg
01-01 00:00:01.333 I/heimdall( 1163): update_proc_tgid:436, put (850) in root memcg
01-01 00:00:01.333 I/heimdall( 1163): update_proc_tgid:436, put (851) in root memcg
01-01 00:00:01.333 I/heimdall( 1163): update_proc_tgid:436, put (852) in root memcg
01-01 00:00:01.333 I/heimdall( 1163): update_proc_tgid:436, put (853) in root memcg
01-01 00:00:01.333 I/heimdall( 1163): update_proc_tgid:436, put (854) in root memcg
01-01 00:00:01.333 I/heimdall( 1163): update_proc_tgid:436, put (855) in root memcg
01-01 00:00:01.333 I/heimdall( 1163): update_proc_tgid:436, put (856) in root memcg
01-01 00:00:01.333 I/heimdall( 1163): update_proc_tgid:436, put (857) in root memcg
01-01 00:00:01.333 I/heimdall( 1163): update_proc_tgid:436, put (858) in root memcg
01-01 00:00:01.333 I/heimdall( 1163): update_proc_tgid:436, put (859) in root memcg
01-01 00:00:01.333 I/heimdall( 1163): update_proc_tgid:436, put (860) in root memcg
01-01 00:00:01.333 I/heimdall( 1163): update_proc_tgid:436, put (861) in root memcg
01-01 00:00:01.333 I/heimdall( 1163): update_proc_tgid:436, put (862) in root memcg
01-01 00:00:01.333 I/heimdall( 1163): update_proc_tgid:436, put (863) in root memcg
01-01 00:00:01.333 I/heimdall( 1163): update_proc_tgid:436, put (864) in root memcg
01-01 00:00:01.333 I/heimdall( 1163): update_proc_tgid:436, put (865) in root memcg
01-01 00:00:01.333 I/heimdall( 1163): update_proc_tgid:436, put (866) in root memcg
01-01 00:00:01.333 I/heimdall( 1163): update_proc_tgid:436, put (867) in root memcg
01-01 00:00:01.333 I/heimdall( 1163): update_proc_tgid:436, put (868) in root memcg
01-01 00:00:01.333 I/heimdall( 1163): update_proc_tgid:436, put (869) in root memcg
01-01 00:00:01.333 I/heimdall( 1163): update_proc_tgid:436, put (870) in root memcg
01-01 00:00:01.333 I/heimdall( 1163): update_proc_tgid:436, put (871) in root memcg
01-01 00:00:01.333 I/heimdall( 1163): update_proc_tgid:436, put (872) in root memcg
01-01 00:00:01.333 I/heimdall( 1163): update_proc_tgid:436, put (873) in root memcg
01-01 00:00:01.333 I/heimdall( 1163): update_proc_tgid:436, put (874) in root memcg
01-01 00:00:01.333 I/heimdall( 1163): update_proc_tgid:436, put (875) in root memcg
01-01 00:00:01.333 I/heimdall( 1163): update_proc_tgid:436, put (876) in root memcg
01-01 00:00:01.333 I/heimdall( 1163): update_proc_tgid:436, put (877) in root memcg
01-01 00:00:01.333 I/heimdall( 1163): update_proc_tgid:436, put (878) in root memcg
01-01 00:00:01.333 I/heimdall( 1163): update_proc_tgid:436, put (879) in root memcg
01-01 00:00:01.333 I/heimdall( 1163): update_proc_tgid:436, put (880) in root memcg
01-01 00:00:01.333 I/heimdall( 1163): update_proc_tgid:436, put (881) in root memcg
01-01 00:00:01.333 I/heimdall( 1163): update_proc_tgid:436, put (882) in root memcg
01-01 00:00:01.333 I/heimdall( 1163): update_proc_tgid:436, put (883) in root memcg
01-01 00:00:01.333 I/heimdall( 1163): update_proc_tgid:436, put (884) in root memcg
01-01 00:00:01.334 I/heimdall( 1163): update_proc_tgid:436, put (885) in root memcg
01-01 00:00:01.334 I/heimdall( 1163): update_proc_tgid:436, put (886) in root memcg
01-01 00:00:01.334 I/heimdall( 1163): update_proc_tgid:436, put (887) in root memcg
01-01 00:00:01.334 I/heimdall( 1163): update_proc_tgid:436, put (888) in root memcg
01-01 00:00:01.334 I/heimdall( 1163): update_proc_tgid:436, put (889) in root memcg
01-01 00:00:01.334 I/heimdall( 1163): update_proc_tgid:436, put (890) in root memcg
01-01 00:00:01.334 I/heimdall( 1163): update_proc_tgid:436, put (891) in root memcg
01-01 00:00:01.334 I/heimdall( 1163): update_proc_tgid:436, put (892) in root memcg
01-01 00:00:01.334 I/heimdall( 1163): update_proc_tgid:436, put (893) in root memcg
01-01 00:00:01.334 I/heimdall( 1163): update_proc_tgid:436, put (894) in root memcg
01-01 00:00:01.334 I/heimdall( 1163): update_proc_tgid:436, put (895) in root memcg
01-01 00:00:01.334 I/heimdall( 1163): update_proc_tgid:436, put (896) in root memcg
01-01 00:00:01.334 I/heimdall( 1163): update_proc_tgid:436, put (897) in root memcg
01-01 00:00:01.334 I/heimdall( 1163): update_proc_tgid:436, put (898) in root memcg
01-01 00:00:01.334 I/heimdall( 1163): update_proc_tgid:436, put (899) in root memcg
01-01 00:00:01.334 I/heimdall( 1163): update_proc_tgid:436, put (900) in root memcg
01-01 00:00:01.334 I/heimdall( 1163): update_proc_tgid:436, put (901) in root memcg
01-01 00:00:01.334 I/heimdall( 1163): update_proc_tgid:436, put (902) in root memcg
01-01 00:00:01.334 I/heimdall( 1163): update_proc_tgid:436, put (903) in root memcg
01-01 00:00:01.334 I/heimdall( 1163): update_proc_tgid:436, put (904) in root memcg
01-01 00:00:01.334 I/heimdall( 1163): update_proc_tgid:436, put
/system/bin/auditd(921) in root memcg
01-01 00:00:01.334 I/heimdall( 1163): update_proc_tgid:436, put
/vendor/bin/cass(924) in root memcg
01-01 00:00:01.334 I/heimdall( 1163): update_proc_tgid:436, put
/vendor/bin/emservice(925) in root memcg
01-01 00:00:01.334 I/heimdall( 1163): update_proc_tgid:436, put
/vendor/bin/time_daemon(927) in root memcg
01-01 00:00:01.334 I/heimdall( 1163): update_proc_tgid:436, put
/apex/com.android.os.statsd/bin/statsd(947) in root memcg
01-01 00:00:01.334 I/heimdall( 1163): update_proc_tgid:436, put
/system/bin/netd(948) in root memcg
01-01 00:00:01.334 I/heimdall( 1163): update_proc_tgid:436, put
/system/bin/iptables-restore(954) in root memcg
01-01 00:00:01.334 I/heimdall( 1163): update_proc_tgid:436, put
/system/bin/ip6tables-restore(955) in root memcg
01-01 00:00:01.335 I/heimdall( 1163): update_proc_tgid:436, put (971) in root memcg
01-01 00:00:01.335 I/heimdall( 1163): update_proc_tgid:436, put (972) in root memcg
01-01 00:00:01.335 I/heimdall( 1163): update_proc_tgid:436, put (973) in root memcg
01-01 00:00:01.335 I/heimdall( 1163): update_proc_tgid:436, put (974) in root memcg
01-01 00:00:01.335 I/heimdall( 1163): update_proc_tgid:436, put (975) in root memcg
01-01 00:00:01.335 I/heimdall( 1163): update_proc_tgid:436, put (976) in root memcg
01-01 00:00:01.335 I/heimdall( 1163): update_proc_tgid:436, put (977) in root memcg
01-01 00:00:01.335 I/heimdall( 1163): update_proc_tgid:436, put (978) in root memcg
01-01 00:00:01.335 I/heimdall( 1163): update_proc_tgid:436, put (979) in root memcg
01-01 00:00:01.335 I/heimdall( 1163): update_proc_tgid:436, put (980) in root memcg
01-01 00:00:01.335 I/heimdall( 1163): update_proc_tgid:436, put (981) in root memcg
01-01 00:00:01.335 I/heimdall( 1163): update_proc_tgid:436, put (982) in root memcg
01-01 00:00:01.335 I/heimdall( 1163): update_proc_tgid:436, put (983) in root memcg
01-01 00:00:01.335 I/heimdall( 1163): update_proc_tgid:436, put (984) in root memcg
01-01 00:00:01.335 I/heimdall( 1163): update_proc_tgid:436, put (985) in root memcg
01-01 00:00:01.335 I/heimdall( 1163): update_proc_tgid:436, put (986) in root memcg
01-01 00:00:01.335 I/heimdall( 1163): update_proc_tgid:436, put (987) in root memcg
01-01 00:00:01.335 I/heimdall( 1163): update_proc_tgid:436, put (988) in root memcg
01-01 00:00:01.335 I/heimdall( 1163): update_proc_tgid:436, put (989) in root memcg
01-01 00:00:01.335 I/heimdall( 1163): update_proc_tgid:436, put (990) in root memcg
01-01 00:00:01.335 I/heimdall( 1163): update_proc_tgid:436, put (991) in root memcg
01-01 00:00:01.335 I/heimdall( 1163): update_proc_tgid:436, put (992) in root memcg
01-01 00:00:01.335 I/heimdall( 1163): update_proc_tgid:436, put (993) in root memcg
01-01 00:00:01.335 I/heimdall( 1163): update_proc_tgid:436, put (994) in root memcg
01-01 00:00:01.335 I/heimdall( 1163): update_proc_tgid:436, put (995) in root memcg
01-01 00:00:01.335 I/heimdall( 1163): update_proc_tgid:436, put (996) in root memcg
01-01 00:00:01.335 I/heimdall( 1163): update_proc_tgid:436, put
/vendor/bin/ssgtzd(1022) in root memcg
01-01 00:00:01.335 I/heimdall( 1163): update_proc_tgid:436, put
/vendor/bin/hw/android.hardware.audio.service(1031) in root memcg
01-01 00:00:01.335 I/heimdall( 1163): update_proc_tgid:436, put
/system/bin/hw/[email protected](1032) in root memcg
01-01 00:00:01.335 I/heimdall( 1163): update_proc_tgid:436, put
/vendor/bin/hw/[email protected](1033) in root memcg
